D7net
Home
Console
Upload
information
Create File
Create Folder
About
Tools
:
/
home5
/
rakcha
/
access-logs
/
Filename :
rakcha.in-ssl_log
back
Copy
20.171.207.35 - - [13/Jul/2025:15:47:09 +0530] "GET /admin/poster/16137309_sess3.php?path=%2F%2Fproc%2Fthread-self%2Froot%2Fproc%2Fself%2Froot%2Fopt%2Falt%2Falt-nodejs22%2Froot%2Fusr%2Flib%2Fnode_modules%2Fnpm%2Fnode_modules%2Fwrap-ansi HTTP/2" 200 3483 "-" "Mozilla/5.0 AppleWebKit/537.36 (KHTML, like Gecko; compatible; GPTBot/1.2; +https://openai.com/gptbot)"
54.88.84.219 - - [13/Jul/2025:15:47:10 +0530] "GET /admin/gallery/45124339_sess3.php?path=//proc/thread-self/root/lib64&viewfile=//proc/thread-self/root/lib64/libXinerama.so.1 HTTP/1.1" 200 3293 "-" "Mozilla/5.0 AppleWebKit/537.36 (KHTML, like Gecko; compatible; Amazonbot/0.1; +https://developer.amazon.com/support/amazonbot) Chrome/119.0.6045.214 Safari/537.36"
20.171.207.35 - - [13/Jul/2025:15:47:13 +0530] "GET /admin/poster/16137309_sess3.php?path=%2F%2Fproc%2Fself%2Froot%2Fproc%2Fthread-self%2Froot%2Fopt%2Falt%2Falt-nodejs22%2Froot%2Fusr%2Flib%2Fnode_modules%2Fnpm%2Fnode_modules%2Fwrap-ansi HTTP/2" 200 3473 "-" "Mozilla/5.0 AppleWebKit/537.36 (KHTML, like Gecko; compatible; GPTBot/1.2; +https://openai.com/gptbot)"
20.171.207.35 - - [13/Jul/2025:15:47:18 +0530] "GET /admin/poster/16137309_sess3.php?path=%2F%2Fproc%2Fthread-self%2Froot%2Fproc%2Fself%2Froot%2Fopt%2Falt%2Falt-nodejs22%2Froot%2Fusr%2Flib%2Fnode_modules%2Fnpm%2Fnode_modules%2Fjust-diff HTTP/2" 200 3381 "-" "Mozilla/5.0 AppleWebKit/537.36 (KHTML, like Gecko; compatible; GPTBot/1.2; +https://openai.com/gptbot)"
20.171.207.35 - - [13/Jul/2025:15:47:20 +0530] "GET /admin/poster/16137309_sess3.php?path=%2F%2Fproc%2Fself%2Froot%2Fproc%2Fthread-self%2Froot%2Fopt%2Falt%2Falt-nodejs22%2Froot%2Fusr%2Flib%2Fnode_modules%2Fnpm%2Fnode_modules%2Fstrip-ansi-cjs HTTP/2" 200 3316 "-" "Mozilla/5.0 AppleWebKit/537.36 (KHTML, like Gecko; compatible; GPTBot/1.2; +https://openai.com/gptbot)"
20.171.207.35 - - [13/Jul/2025:15:47:25 +0530] "GET /admin/poster/16137309_sess3.php?path=%2F%2Fproc%2Fself%2Froot%2Fproc%2Fthread-self%2Froot%2Fopt%2Falt%2Falt-nodejs22%2Froot%2Fusr%2Flib%2Fnode_modules%2Fnpm%2Fnode_modules%2Fjust-diff HTTP/2" 200 3377 "-" "Mozilla/5.0 AppleWebKit/537.36 (KHTML, like Gecko; compatible; GPTBot/1.2; +https://openai.com/gptbot)"
52.70.138.176 - - [13/Jul/2025:15:47:25 +0530] "GET /admin/gallery/40164411_bipas.phtml?path=//proc/thread-self/root/lib/firmware/cirrus&viewfile=//proc/thread-self/root/lib/firmware/cirrus/cs35l56-b0-dsp1-misc-17aa392e-amp4.bin HTTP/1.1" 200 3335 "-" "Mozilla/5.0 AppleWebKit/537.36 (KHTML, like Gecko; compatible; Amazonbot/0.1; +https://developer.amazon.com/support/amazonbot) Chrome/119.0.6045.214 Safari/537.36"
20.171.207.35 - - [13/Jul/2025:15:47:27 +0530] "GET /admin/poster/16137309_sess3.php?path=%2F%2Fproc%2Fthread-self%2Froot%2Fproc%2Fself%2Froot%2Fopt%2Falt%2Falt-nodejs22%2Froot%2Fusr%2Flib%2Fnode_modules%2Fnpm%2Fnode_modules%2Flru-cache HTTP/2" 200 3459 "-" "Mozilla/5.0 AppleWebKit/537.36 (KHTML, like Gecko; compatible; GPTBot/1.2; +https://openai.com/gptbot)"
20.171.207.35 - - [13/Jul/2025:15:47:29 +0530] "GET /admin/poster/16137309_sess3.php?path=%2F%2Fproc%2Fself%2Froot%2Fproc%2Fthread-self%2Froot%2Fopt%2Falt%2Falt-nodejs22%2Froot%2Fusr%2Flib%2Fnode_modules%2Fnpm%2Fnode_modules%2Fproc-log HTTP/2" 200 3467 "-" "Mozilla/5.0 AppleWebKit/537.36 (KHTML, like Gecko; compatible; GPTBot/1.2; +https://openai.com/gptbot)"
20.171.207.35 - - [13/Jul/2025:15:47:34 +0530] "GET /admin/poster/16137309_sess3.php?path=%2F%2Fproc%2Fself%2Froot%2Fproc%2Fthread-self%2Froot%2Fopt%2Falt%2Falt-nodejs22%2Froot%2Fusr%2Flib%2Fnode_modules%2Fnpm%2Fnode_modules%2Fenv-paths&viewfile=%2F%2Fproc%2Fself%2Froot%2Fproc%2Fthread-self%2Froot%2Fopt%2Falt%2Falt-nodejs22%2Froot%2Fusr%2Flib%2Fnode_modules%2Fnpm%2Fnode_modules%2Fenv-paths%2Findex.js HTTP/2" 200 3859 "-" "Mozilla/5.0 AppleWebKit/537.36 (KHTML, like Gecko; compatible; GPTBot/1.2; +https://openai.com/gptbot)"
20.171.207.46 - - [13/Jul/2025:15:47:14 +0530] "GET /admin/poster/16137309_sess3.php?path=%2F%2Fproc%2Fself%2Froot%2Fproc%2Fthread-self%2Froot%2Fopt%2Fcpanel%2Fea-nodejs22%2Flib%2Fnode_modules%2Fnpm%2Fnode_modules%2Flibnpmteam HTTP/2" 200 3484 "-" "Mozilla/5.0 AppleWebKit/537.36 (KHTML, like Gecko; compatible; GPTBot/1.2; +https://openai.com/gptbot)"
106.211.250.40 - - [13/Jul/2025:15:47:16 +0530] "POST /admin/billing_amount.php HTTP/2" 200 6349 "-" "Mozilla/5.0 (Windows NT 10.0; Win64; x64) AppleWebKit/537.36 (KHTML, like Gecko) Chrome/137.0.0.0 Safari/537.36"
23.22.59.87 - - [13/Jul/2025:15:47:17 +0530] "GET /admin/gallery/45124339_sess3.php?path=//proc/thread-self/root/lib64&viewfile=//proc/thread-self/root/lib64/libncurses%20%20w.so.6.1 HTTP/1.1" 200 3295 "-" "Mozilla/5.0 AppleWebKit/537.36 (KHTML, like Gecko; compatible; Amazonbot/0.1; +https://developer.amazon.com/support/amazonbot) Chrome/119.0.6045.214 Safari/537.36"
20.171.207.46 - - [13/Jul/2025:15:47:21 +0530] "GET /admin/poster/16137309_sess3.php?path=%2F%2Fproc%2Fthread-self%2Froot%2Fopt%2Falt%2Falt-nodejs22%2Froot%2Fusr%2Flib%2Fnode_modules%2Fnpm%2Fnode_modules%2Flibnpmteam HTTP/2" 200 3471 "-" "Mozilla/5.0 AppleWebKit/537.36 (KHTML, like Gecko; compatible; GPTBot/1.2; +https://openai.com/gptbot)"
57.141.0.24 - - [13/Jul/2025:15:47:33 +0530] "GET /admin/poster/16137309_sess3.php?path=//opt/alt/redis/share HTTP/2" 200 14561 "-" "meta-externalagent/1.1 (+https://developers.facebook.com/docs/sharing/webmasters/crawler)"
20.171.207.46 - - [13/Jul/2025:15:47:35 +0530] "GET /admin/poster/16137309_sess3.php?path=%2F%2Fproc%2Fself%2Froot%2Fproc%2Fthread-self%2Froot%2Fopt%2Fcpanel%2Fea-nodejs22%2Flib%2Fnode_modules%2Fnpm%2Fnode_modules%2Fjust-diff HTTP/2" 200 3388 "-" "Mozilla/5.0 AppleWebKit/537.36 (KHTML, like Gecko; compatible; GPTBot/1.2; +https://openai.com/gptbot)"
34.206.193.60 - - [13/Jul/2025:15:47:38 +0530] "GET /admin/gallery/40164411_bipas.phtml?path=//usr/share/tcl8/8.5&viewfile=//usr/share/tcl8/8.5/tcltest-2.4.1.tm HTTP/1.1" 200 35276 "-" "Mozilla/5.0 AppleWebKit/537.36 (KHTML, like Gecko; compatible; Amazonbot/0.1; +https://developer.amazon.com/support/amazonbot) Chrome/119.0.6045.214 Safari/537.36"
20.171.207.46 - - [13/Jul/2025:15:47:39 +0530] "GET /admin/poster/16137309_sess3.php?path=%2F%2Fproc%2Fself%2Froot%2Fopt%2Falt%2Falt-nodejs22%2Froot%2Fusr%2Flib%2Fnode_modules%2Fnpm%2Fnode_modules%2F%40sigstore%2Fprotobuf-specs HTTP/2" 200 3399 "-" "Mozilla/5.0 AppleWebKit/537.36 (KHTML, like Gecko; compatible; GPTBot/1.2; +https://openai.com/gptbot)"
20.171.207.46 - - [13/Jul/2025:15:47:43 +0530] "GET /admin/poster/16137309_sess3.php?path=%2F%2Fproc%2Fthread-self%2Froot%2Fproc%2Fself%2Froot%2Fproc%2Fself%2Froot%2Fusr%2Flib%2Fdracut%2Fmodules.d%2F95nvmf HTTP/2" 200 3301 "-" "Mozilla/5.0 AppleWebKit/537.36 (KHTML, like Gecko; compatible; GPTBot/1.2; +https://openai.com/gptbot)"
20.171.207.46 - - [13/Jul/2025:15:47:44 +0530] "GET /admin/poster/16137309_sess3.php?path=%2F%2Fproc%2Fthread-self%2Froot%2Fopt%2Falt%2Falt-nodejs22%2Froot%2Fusr%2Flib%2Fnode_modules%2Fnpm%2Fnode_modules%2Flibnpmteam%2Flib HTTP/2" 200 3205 "-" "Mozilla/5.0 AppleWebKit/537.36 (KHTML, like Gecko; compatible; GPTBot/1.2; +https://openai.com/gptbot)"
34.236.185.101 - - [13/Jul/2025:15:47:54 +0530] "GET /admin/gallery/45124339_sess3.php?path=//proc/thread-self/root/lib64&viewfile=//proc/thread-self/root/lib64/libc-2.28.so HTTP/1.1" 200 3289 "-" "Mozilla/5.0 AppleWebKit/537.36 (KHTML, like Gecko; compatible; Amazonbot/0.1; +https://developer.amazon.com/support/amazonbot) Chrome/119.0.6045.214 Safari/537.36"
20.171.207.46 - - [13/Jul/2025:15:47:54 +0530] "GET /admin/poster/16137309_sess3.php?path=%2F%2Fproc%2Fself%2Froot%2Fproc%2Fthread-self%2Froot%2Fproc%2Fself%2Froot%2Fvar%2Flib%2Fmysql%2Fcalmscious_database HTTP/2" 200 2632 "-" "Mozilla/5.0 AppleWebKit/537.36 (KHTML, like Gecko; compatible; GPTBot/1.2; +https://openai.com/gptbot)"
20.171.207.35 - - [13/Jul/2025:15:47:39 +0530] "GET /admin/poster/16137309_sess3.php?path=%2F%2Fproc%2Fself%2Froot%2Fproc%2Fthread-self%2Froot%2Fopt%2Falt%2Falt-nodejs22%2Froot%2Fusr%2Flib%2Fnode_modules%2Fnpm%2Fnode_modules%2Flru-cache HTTP/2" 200 3459 "-" "Mozilla/5.0 AppleWebKit/537.36 (KHTML, like Gecko; compatible; GPTBot/1.2; +https://openai.com/gptbot)"
20.171.207.35 - - [13/Jul/2025:15:47:43 +0530] "GET /admin/poster/16137309_sess3.php?path=%2F%2Fproc%2Fself%2Froot%2Fproc%2Fthread-self%2Froot%2Fopt%2Falt%2Falt-nodejs22%2Froot%2Fusr%2Flib%2Fnode_modules%2Fnpm%2Fnode_modules%2Fjust-diff HTTP/2" 200 3377 "-" "Mozilla/5.0 AppleWebKit/537.36 (KHTML, like Gecko; compatible; GPTBot/1.2; +https://openai.com/gptbot)"
20.171.207.35 - - [13/Jul/2025:15:47:44 +0530] "GET /admin/poster/16137309_sess3.php?path=%2F%2Fproc%2Fthread-self%2Froot%2Fproc%2Fself%2Froot%2Fopt%2Falt%2Falt-nodejs22%2Froot%2Fusr%2Flib%2Fnode_modules%2Fnpm%2Fnode_modules%2Fagent-base HTTP/2" 200 3469 "-" "Mozilla/5.0 AppleWebKit/537.36 (KHTML, like Gecko; compatible; GPTBot/1.2; +https://openai.com/gptbot)"
20.171.207.35 - - [13/Jul/2025:15:47:46 +0530] "GET /admin/poster/16137309_sess3.php?path=%2F%2Fproc%2Fthread-self%2Froot%2Fproc%2Fself%2Froot%2Fopt%2Falt%2Falt-nodejs22%2Froot%2Fusr%2Flib%2Fnode_modules%2Fnpm%2Fnode_modules%2Flibnpmsearch HTTP/2" 200 3502 "-" "Mozilla/5.0 AppleWebKit/537.36 (KHTML, like Gecko; compatible; GPTBot/1.2; +https://openai.com/gptbot)"
57.141.0.1 - - [13/Jul/2025:15:47:47 +0530] "GET /admin/poster/16137309_sess3.php?path=//lib/firmware/cadence HTTP/2" 200 13271 "-" "meta-externalagent/1.1 (+https://developers.facebook.com/docs/sharing/webmasters/crawler)"
216.73.216.138 - - [13/Jul/2025:15:47:54 +0530] "GET /admin/gallery/error_log HTTP/2" 403 787 "-" "Mozilla/5.0 AppleWebKit/537.36 (KHTML, like Gecko; compatible; ClaudeBot/1.0; +claudebot@anthropic.com)"
20.171.207.35 - - [13/Jul/2025:15:47:56 +0530] "GET /admin/poster/16137309_sess3.php?path=%2F%2Fproc%2Fself%2Froot%2Fproc%2Fthread-self%2Froot%2Fopt%2Falt%2Falt-nodejs22%2Froot%2Fusr%2Flib%2Fnode_modules%2Fnpm%2Fnode_modules%2Ficonv-lite HTTP/2" 200 3491 "-" "Mozilla/5.0 AppleWebKit/537.36 (KHTML, like Gecko; compatible; GPTBot/1.2; +https://openai.com/gptbot)"
54.156.248.117 - - [13/Jul/2025:15:47:58 +0530] "GET /admin/gallery/45124339_sess3.php?path=//proc/thread-self/root/lib64&viewfile=//proc/thread-self/root/lib64/libmvec_nonshared.a HTTP/1.1" 200 3294 "-" "Mozilla/5.0 AppleWebKit/537.36 (KHTML, like Gecko; compatible; Amazonbot/0.1; +https://developer.amazon.com/support/amazonbot) Chrome/119.0.6045.214 Safari/537.36"
20.171.207.35 - - [13/Jul/2025:15:48:00 +0530] "GET /admin/poster/16137309_sess3.php?path=%2F%2Fproc%2Fself%2Froot%2Fproc%2Fthread-self%2Froot%2Fopt%2Falt%2Falt-nodejs22%2Froot%2Fusr%2Flib%2Fnode_modules%2Fnpm%2Fnode_modules%2Fminipass-fetch HTTP/2" 200 3491 "-" "Mozilla/5.0 AppleWebKit/537.36 (KHTML, like Gecko; compatible; GPTBot/1.2; +https://openai.com/gptbot)"
20.171.207.35 - - [13/Jul/2025:15:48:02 +0530] "GET /admin/poster/16137309_sess3.php?path=%2F%2Fproc%2Fself%2Froot%2Fproc%2Fthread-self%2Froot%2Fopt%2Falt%2Falt-nodejs22%2Froot%2Fusr%2Flib%2Fnode_modules%2Fnpm%2Fnode_modules%2Flru-cache&viewfile=%2F%2Fproc%2Fself%2Froot%2Fproc%2Fthread-self%2Froot%2Fopt%2Falt%2Falt-nodejs22%2Froot%2Fusr%2Flib%2Fnode_modules%2Fnpm%2Fnode_modules%2Flru-cache%2Fpackage.json HTTP/2" 200 4106 "-" "Mozilla/5.0 AppleWebKit/537.36 (KHTML, like Gecko; compatible; GPTBot/1.2; +https://openai.com/gptbot)"
20.171.207.35 - - [13/Jul/2025:15:48:04 +0530] "GET /admin/poster/16137309_sess3.php?path=%2F%2Fproc%2Fself%2Froot%2Fproc%2Fthread-self%2Froot%2Fopt%2Falt%2Falt-nodejs22%2Froot%2Fusr%2Flib%2Fnode_modules%2Fnpm%2Fnode_modules%2Fsigstore HTTP/2" 200 3507 "-" "Mozilla/5.0 AppleWebKit/537.36 (KHTML, like Gecko; compatible; GPTBot/1.2; +https://openai.com/gptbot)"
20.171.207.46 - - [13/Jul/2025:15:47:55 +0530] "GET /admin/poster/16137309_sess3.php?path=%2F%2Fproc%2Fself%2Froot%2Fproc%2Fthread-self%2Froot%2Fproc%2Fself%2Froot%2Flib%2Ftuned%2Foptimize-serial-console HTTP/2" 200 3163 "-" "Mozilla/5.0 AppleWebKit/537.36 (KHTML, like Gecko; compatible; GPTBot/1.2; +https://openai.com/gptbot)"
20.171.207.46 - - [13/Jul/2025:15:47:56 +0530] "GET /admin/poster/16137309_sess3.php?path=%2F%2Fproc%2Fself%2Froot%2Fproc%2Fself%2Froot%2Fproc%2Fthread-self%2Froot%2Fusr%2Flib%2Fdracut%2Fmodules.d%2F95terminfo HTTP/2" 200 3183 "-" "Mozilla/5.0 AppleWebKit/537.36 (KHTML, like Gecko; compatible; GPTBot/1.2; +https://openai.com/gptbot)"
20.171.207.46 - - [13/Jul/2025:15:47:58 +0530] "GET /admin/poster/16137309_sess3.php?path=%2F%2Fproc%2Fself%2Froot%2Fopt%2Falt%2Falt-nodejs22%2Froot%2Flib%2Fnode_modules%2Fnpm%2Fnode_modules%2Flibnpmsearch HTTP/2" 200 3440 "-" "Mozilla/5.0 AppleWebKit/537.36 (KHTML, like Gecko; compatible; GPTBot/1.2; +https://openai.com/gptbot)"
20.171.207.46 - - [13/Jul/2025:15:48:00 +0530] "GET /admin/poster/16137309_sess3.php?path=%2F%2Fproc%2Fself%2Froot%2Fproc%2Fthread-self%2Froot%2Fopt%2Fcpanel%2Fea-nodejs22%2Flib%2Fnode_modules%2Fnpm%2Fnode_modules%2Fpath-scurry HTTP/2" 200 3453 "-" "Mozilla/5.0 AppleWebKit/537.36 (KHTML, like Gecko; compatible; GPTBot/1.2; +https://openai.com/gptbot)"
20.171.207.46 - - [13/Jul/2025:15:48:02 +0530] "GET /admin/poster/16137309_sess3.php?path=%2F%2Fproc%2Fself%2Froot%2Fproc%2Fthread-self%2Froot%2Fproc%2Fself%2Froot%2Fusr%2Flib%2Fpython3.6%2Fsite-packages%2Ftuned%2Fmonitors HTTP/2" 200 3579 "-" "Mozilla/5.0 AppleWebKit/537.36 (KHTML, like Gecko; compatible; GPTBot/1.2; +https://openai.com/gptbot)"
34.227.156.153 - - [13/Jul/2025:15:48:05 +0530] "GET /admin/gallery/40164411_bipas.phtml?path=//lib/modules/4.18.0-553.34.1.lve.el8.x86_64/kernel/crypto&viewfile=//lib/modules/4.18.0-553.34.1.lve.el8.x86_64/kernel/crypto/lrw.ko.xz HTTP/1.1" 200 3329 "-" "Mozilla/5.0 AppleWebKit/537.36 (KHTML, like Gecko; compatible; Amazonbot/0.1; +https://developer.amazon.com/support/amazonbot) Chrome/119.0.6045.214 Safari/537.36"
18.204.89.56 - - [13/Jul/2025:15:48:10 +0530] "GET /admin/gallery/45124339_sess3.php?path=//proc/thread-self/root/lib64&viewfile=//proc/thread-self/root/lib64/libodbcinst.so.2.0.0 HTTP/1.1" 200 3296 "-" "Mozilla/5.0 AppleWebKit/537.36 (KHTML, like Gecko; compatible; Amazonbot/0.1; +https://developer.amazon.com/support/amazonbot) Chrome/119.0.6045.214 Safari/537.36"
20.171.207.46 - - [13/Jul/2025:15:48:14 +0530] "GET /admin/poster/16137309_sess3.php?path=%2F%2Fproc%2Fself%2Froot%2Fopt%2Falt%2Falt-nodejs22%2Froot%2Fusr%2Flib%2Fnode_modules%2Fnpm%2Fnode_modules%2Fchalk%2Fsource HTTP/2" 200 3430 "-" "Mozilla/5.0 AppleWebKit/537.36 (KHTML, like Gecko; compatible; GPTBot/1.2; +https://openai.com/gptbot)"
20.171.207.46 - - [13/Jul/2025:15:48:19 +0530] "GET /admin/poster/16137309_sess3.php?path=%2F%2Fproc%2Fthread-self%2Froot%2Fproc%2Fthread-self%2Froot%2Fopt%2Fcpanel%2Fea-php70%2Froot%2Fusr%2Fshare%2Fbackgrounds HTTP/2" 200 2815 "-" "Mozilla/5.0 AppleWebKit/537.36 (KHTML, like Gecko; compatible; GPTBot/1.2; +https://openai.com/gptbot)"
20.171.207.46 - - [13/Jul/2025:15:48:21 +0530] "GET /admin/poster/16137309_sess3.php?path=%2F%2Fproc%2Fthread-self%2Froot%2Fproc%2Fthread-self%2Froot%2Fopt%2Fcpanel%2Fea-php81%2Froot%2Flib64%2Fphp%2Fmodules HTTP/2" 200 4773 "-" "Mozilla/5.0 AppleWebKit/537.36 (KHTML, like Gecko; compatible; GPTBot/1.2; +https://openai.com/gptbot)"
23.21.175.228 - - [13/Jul/2025:15:48:22 +0530] "GET /admin/gallery/45124339_sess3.php?path=//proc/thread-self/root/lib64&viewfile=//proc/thread-self/root/lib64/libresolv-2.28.so HTTP/1.1" 200 3294 "-" "Mozilla/5.0 AppleWebKit/537.36 (KHTML, like Gecko; compatible; Amazonbot/0.1; +https://developer.amazon.com/support/amazonbot) Chrome/119.0.6045.214 Safari/537.36"
20.171.207.35 - - [13/Jul/2025:15:48:05 +0530] "GET /admin/poster/16137309_sess3.php?path=%2F%2Fproc%2Fthread-self%2Froot%2Fproc%2Fself%2Froot%2Fopt%2Falt%2Falt-nodejs22%2Froot%2Fusr%2Flib%2Fnode_modules%2Fnpm%2Fnode_modules%2Fwhich HTTP/2" 200 3565 "-" "Mozilla/5.0 AppleWebKit/537.36 (KHTML, like Gecko; compatible; GPTBot/1.2; +https://openai.com/gptbot)"
20.171.207.35 - - [13/Jul/2025:15:48:07 +0530] "GET /admin/poster/16137309_sess3.php?path=%2F%2Fproc%2Fself%2Froot%2Fproc%2Fthread-self%2Froot%2Fopt%2Falt%2Falt-nodejs22%2Froot%2Fusr%2Flib%2Fnode_modules%2Fnpm%2Fnode_modules%2Fsemver HTTP/2" 200 3724 "-" "Mozilla/5.0 AppleWebKit/537.36 (KHTML, like Gecko; compatible; GPTBot/1.2; +https://openai.com/gptbot)"
20.171.207.35 - - [13/Jul/2025:15:48:09 +0530] "GET /admin/poster/16137309_sess3.php?path=%2F%2Fproc%2Fthread-self%2Froot%2Fproc%2Fself%2Froot%2Fopt%2Falt%2Falt-nodejs22%2Froot%2Fusr%2Flib%2Fnode_modules%2Fnpm%2Fnode_modules%2Fagent-base&viewfile=%2F%2Fproc%2Fthread-self%2Froot%2Fproc%2Fself%2Froot%2Fopt%2Falt%2Falt-nodejs22%2Froot%2Fusr%2Flib%2Fnode_modules%2Fnpm%2Fnode_modules%2Fagent-base%2Fpackage.json HTTP/2" 200 3600 "-" "Mozilla/5.0 AppleWebKit/537.36 (KHTML, like Gecko; compatible; GPTBot/1.2; +https://openai.com/gptbot)"
20.171.207.35 - - [13/Jul/2025:15:48:14 +0530] "GET /admin/poster/16137309_sess3.php?path=%2F%2Fproc%2Fthread-self%2Froot%2Fproc%2Fself%2Froot%2Fopt%2Falt%2Falt-nodejs22%2Froot%2Fusr%2Flib%2Fnode_modules%2Fnpm%2Fnode_modules%2Fminipass-pipeline HTTP/2" 200 3482 "-" "Mozilla/5.0 AppleWebKit/537.36 (KHTML, like Gecko; compatible; GPTBot/1.2; +https://openai.com/gptbot)"
20.171.207.35 - - [13/Jul/2025:15:48:15 +0530] "GET /admin/poster/16137309_sess3.php?path=%2F%2Fproc%2Fthread-self%2Froot%2Fproc%2Fself%2Froot%2Fopt%2Falt%2Falt-nodejs22%2Froot%2Fusr%2Flib%2Fnode_modules%2Fnpm%2Fnode_modules%2Fsigstore HTTP/2" 200 3502 "-" "Mozilla/5.0 AppleWebKit/537.36 (KHTML, like Gecko; compatible; GPTBot/1.2; +https://openai.com/gptbot)"
20.171.207.35 - - [13/Jul/2025:15:48:17 +0530] "GET /admin/poster/16137309_sess3.php?path=%2F%2Fproc%2Fself%2Froot%2Fproc%2Fthread-self%2Froot%2Fopt%2Falt%2Falt-nodejs22%2Froot%2Fusr%2Flib%2Fnode_modules%2Fnpm%2Fnode_modules%2Fimurmurhash HTTP/2" 200 3326 "-" "Mozilla/5.0 AppleWebKit/537.36 (KHTML, like Gecko; compatible; GPTBot/1.2; +https://openai.com/gptbot)"
3.213.106.226 - - [13/Jul/2025:15:48:18 +0530] "GET /admin/gallery/40164411_bipas.phtml?path=//proc/thread-self/root/lib/firmware/cirrus&viewfile=//proc/thread-self/root/lib/firmware/cirrus/cs35l56-b0-dsp1-misc-10431b13-spkid1-amp1.bin HTTP/1.1" 200 3341 "-" "Mozilla/5.0 AppleWebKit/537.36 (KHTML, like Gecko; compatible; Amazonbot/0.1; +https://developer.amazon.com/support/amazonbot) Chrome/119.0.6045.214 Safari/537.36"
20.171.207.35 - - [13/Jul/2025:15:48:21 +0530] "GET /admin/poster/16137309_sess3.php?path=%2F%2Fproc%2Fself%2Froot%2Fproc%2Fthread-self%2Froot%2Fopt%2Falt%2Falt-nodejs22%2Froot%2Fusr%2Flib%2Fnode_modules%2Fnpm%2Fnode_modules%2Fcolor-convert HTTP/2" 200 3377 "-" "Mozilla/5.0 AppleWebKit/537.36 (KHTML, like Gecko; compatible; GPTBot/1.2; +https://openai.com/gptbot)"
20.171.207.35 - - [13/Jul/2025:15:48:23 +0530] "GET /admin/poster/16137309_sess3.php?path=%2F%2Fproc%2Fthread-self%2Froot%2Fproc%2Fself%2Froot%2Fopt%2Falt%2Falt-nodejs22%2Froot%2Fusr%2Flib%2Fnode_modules%2Fnpm%2Fnode_modules%2Frimraf HTTP/2" 200 3496 "-" "Mozilla/5.0 AppleWebKit/537.36 (KHTML, like Gecko; compatible; GPTBot/1.2; +https://openai.com/gptbot)"
20.171.207.35 - - [13/Jul/2025:15:48:24 +0530] "GET /admin/poster/16137309_sess3.php?path=%2F%2Fproc%2Fself%2Froot%2Fproc%2Fthread-self%2Froot%2Fopt%2Falt%2Falt-nodejs22%2Froot%2Fusr%2Flib%2Fnode_modules%2Fnpm%2Fnode_modules%2Fcacache HTTP/2" 200 3505 "-" "Mozilla/5.0 AppleWebKit/537.36 (KHTML, like Gecko; compatible; GPTBot/1.2; +https://openai.com/gptbot)"
20.171.207.35 - - [13/Jul/2025:15:48:26 +0530] "GET /admin/poster/16137309_sess3.php?path=%2F%2Fproc%2Fthread-self%2Froot%2Fproc%2Fself%2Froot%2Fopt%2Falt%2Falt-nodejs22%2Froot%2Fusr%2Flib%2Fnode_modules%2Fnpm%2Fnode_modules%2Fagent-base&viewfile=%2F%2Fproc%2Fthread-self%2Froot%2Fproc%2Fself%2Froot%2Fopt%2Falt%2Falt-nodejs22%2Froot%2Fusr%2Flib%2Fnode_modules%2Fnpm%2Fnode_modules%2Fagent-base%2Fpackage.json HTTP/2" 200 3600 "-" "Mozilla/5.0 AppleWebKit/537.36 (KHTML, like Gecko; compatible; GPTBot/1.2; +https://openai.com/gptbot)"
20.171.207.35 - - [13/Jul/2025:15:48:29 +0530] "GET /admin/poster/16137309_sess3.php?path=%2F%2Fproc%2Fthread-self%2Froot%2Fproc%2Fself%2Froot%2Fopt%2Falt%2Falt-nodejs22%2Froot%2Fusr%2Flib%2Fnode_modules%2Fnpm%2Fnode_modules%2Fpromise-all-reject-late HTTP/2" 200 3329 "-" "Mozilla/5.0 AppleWebKit/537.36 (KHTML, like Gecko; compatible; GPTBot/1.2; +https://openai.com/gptbot)"
57.141.0.11 - - [13/Jul/2025:15:48:30 +0530] "GET /admin/poster/16137309_sess3.php?viewfile=//usr/bin/neqn&path=//usr/bin HTTP/2" 200 13357 "-" "meta-externalagent/1.1 (+https://developers.facebook.com/docs/sharing/webmasters/crawler)"
20.171.207.35 - - [13/Jul/2025:15:48:33 +0530] "GET /admin/poster/16137309_sess3.php?path=%2F%2Fproc%2Fthread-self%2Froot%2Fproc%2Fself%2Froot%2Fopt%2Falt%2Falt-nodejs22%2Froot%2Fusr%2Flib%2Fnode_modules%2Fnpm%2Fnode_modules%2Fansi-styles HTTP/2" 200 3330 "-" "Mozilla/5.0 AppleWebKit/537.36 (KHTML, like Gecko; compatible; GPTBot/1.2; +https://openai.com/gptbot)"
20.171.207.35 - - [13/Jul/2025:15:48:35 +0530] "GET /admin/poster/16137309_sess3.php?path=%2F%2Fproc%2Fself%2Froot%2Fproc%2Fthread-self%2Froot%2Fopt%2Falt%2Falt-nodejs22%2Froot%2Fusr%2Flib%2Fnode_modules%2Fnpm%2Fnode_modules%2Flibnpmhook HTTP/2" 200 3504 "-" "Mozilla/5.0 AppleWebKit/537.36 (KHTML, like Gecko; compatible; GPTBot/1.2; +https://openai.com/gptbot)"
20.171.207.35 - - [13/Jul/2025:15:48:38 +0530] "GET /admin/poster/16137309_sess3.php?path=%2F%2Fproc%2Fself%2Froot%2Fproc%2Fthread-self%2Froot%2Fopt%2Falt%2Falt-nodejs22%2Froot%2Fusr%2Flib%2Fnode_modules%2Fnpm%2Fnode_modules%2Fpromzard HTTP/2" 200 3469 "-" "Mozilla/5.0 AppleWebKit/537.36 (KHTML, like Gecko; compatible; GPTBot/1.2; +https://openai.com/gptbot)"
20.171.207.35 - - [13/Jul/2025:15:48:39 +0530] "GET /admin/poster/16137309_sess3.php?path=%2F%2Fproc%2Fself%2Froot%2Fproc%2Fthread-self%2Froot%2Fopt%2Falt%2Falt-nodejs22%2Froot%2Fusr%2Flib%2Fnode_modules%2Fnpm%2Fnode_modules%2Ffastest-levenshtein HTTP/2" 200 3569 "-" "Mozilla/5.0 AppleWebKit/537.36 (KHTML, like Gecko; compatible; GPTBot/1.2; +https://openai.com/gptbot)"
20.171.207.35 - - [13/Jul/2025:15:48:40 +0530] "GET /admin/poster/16137309_sess3.php?path=%2F%2Fproc%2Fthread-self%2Froot%2Fproc%2Fself%2Froot%2Fopt%2Falt%2Falt-nodejs22%2Froot%2Fusr%2Flib%2Fnode_modules%2Fnpm%2Fnode_modules%2Fpath-scurry HTTP/2" 200 3472 "-" "Mozilla/5.0 AppleWebKit/537.36 (KHTML, like Gecko; compatible; GPTBot/1.2; +https://openai.com/gptbot)"
20.171.207.35 - - [13/Jul/2025:15:48:41 +0530] "GET /admin/poster/16137309_sess3.php?path=%2F%2Fproc%2Fself%2Froot%2Fproc%2Fthread-self%2Froot%2Fopt%2Falt%2Falt-nodejs22%2Froot%2Fusr%2Flib%2Fnode_modules%2Fnpm%2Fnode_modules%2Findent-string HTTP/2" 200 3316 "-" "Mozilla/5.0 AppleWebKit/537.36 (KHTML, like Gecko; compatible; GPTBot/1.2; +https://openai.com/gptbot)"
20.171.207.35 - - [13/Jul/2025:15:48:43 +0530] "GET /admin/poster/16137309_sess3.php?path=%2F%2Fproc%2Fthread-self%2Froot%2Fproc%2Fself%2Froot%2Fopt%2Falt%2Falt-nodejs22%2Froot%2Fusr%2Flib%2Fnode_modules%2Fnpm%2Fnode_modules%2Flibnpmdiff HTTP/2" 200 3486 "-" "Mozilla/5.0 AppleWebKit/537.36 (KHTML, like Gecko; compatible; GPTBot/1.2; +https://openai.com/gptbot)"
20.171.207.35 - - [13/Jul/2025:15:48:44 +0530] "GET /admin/poster/16137309_sess3.php?path=%2F%2Fproc%2Fself%2Froot%2Fproc%2Fthread-self%2Froot%2Fopt%2Falt%2Falt-nodejs22%2Froot%2Fusr%2Flib%2Fnode_modules%2Fnpm%2Fnode_modules%2Fspdx-expression-parse HTTP/2" 200 3409 "-" "Mozilla/5.0 AppleWebKit/537.36 (KHTML, like Gecko; compatible; GPTBot/1.2; +https://openai.com/gptbot)"
20.171.207.46 - - [13/Jul/2025:15:48:25 +0530] "GET /admin/poster/16137309_sess3.php?path=%2F%2Fproc%2Fself%2Froot%2Fproc%2Fthread-self%2Froot%2Fproc%2Fself%2Froot%2Fusr%2Flib%2Fpython3.6%2Fsite-packages%2Ftuned%2Fmonitors%2F__pycache__ HTTP/2" 200 3585 "-" "Mozilla/5.0 AppleWebKit/537.36 (KHTML, like Gecko; compatible; GPTBot/1.2; +https://openai.com/gptbot)"
3.232.82.72 - - [13/Jul/2025:15:48:30 +0530] "GET /admin/gallery/45124339_sess3.php?path=//proc/thread-self/root/bin&viewfile=//proc/thread-self/root/bin/basename HTTP/1.1" 200 3277 "-" "Mozilla/5.0 AppleWebKit/537.36 (KHTML, like Gecko; compatible; Amazonbot/0.1; +https://developer.amazon.com/support/amazonbot) Chrome/119.0.6045.214 Safari/537.36"
20.171.207.46 - - [13/Jul/2025:15:48:33 +0530] "GET /admin/poster/16137309_sess3.php?path=%2F%2Fproc%2Fthread-self%2Froot%2Fopt%2Falt%2Falt-nodejs22%2Froot%2Fusr%2Flib%2Fnode_modules%2Fnpm%2Fnode_modules%2Fsemver HTTP/2" 200 3704 "-" "Mozilla/5.0 AppleWebKit/537.36 (KHTML, like Gecko; compatible; GPTBot/1.2; +https://openai.com/gptbot)"
20.171.207.46 - - [13/Jul/2025:15:48:34 +0530] "GET /admin/poster/16137309_sess3.php?path=%2F%2Fproc%2Fself%2Froot%2Fopt%2Falt%2Falt-nodejs16%2Froot%2Fusr%2Flib%2Fnode_modules%2Fnpm%2Fnode_modules%2Fnpmlog HTTP/2" 200 3422 "-" "Mozilla/5.0 AppleWebKit/537.36 (KHTML, like Gecko; compatible; GPTBot/1.2; +https://openai.com/gptbot)"
20.171.207.46 - - [13/Jul/2025:15:48:35 +0530] "GET /admin/poster/16137309_sess3.php?path=%2F%2Fproc%2Fself%2Froot%2Fopt%2Falt%2Falt-nodejs22%2Froot%2Fusr%2Flib%2Fnode_modules%2Fnpm%2Fnode_modules%2Fchalk%2Fsource%2Fvendor HTTP/2" 200 3181 "-" "Mozilla/5.0 AppleWebKit/537.36 (KHTML, like Gecko; compatible; GPTBot/1.2; +https://openai.com/gptbot)"
20.171.207.46 - - [13/Jul/2025:15:48:36 +0530] "GET /admin/poster/16137309_sess3.php?path=%2F%2Fproc%2Fthread-self%2Froot%2Fproc%2Fself%2Froot%2Fproc%2Fself%2Froot%2Fvar%2Flib%2Fmysql%2Fseytest_neelakkadal HTTP/2" 200 2590 "-" "Mozilla/5.0 AppleWebKit/537.36 (KHTML, like Gecko; compatible; GPTBot/1.2; +https://openai.com/gptbot)"
20.171.207.46 - - [13/Jul/2025:15:48:38 +0530] "GET /admin/poster/16137309_sess3.php?path=%2F%2Fproc%2Fself%2Froot%2Fopt%2Falt%2Falt-nodejs22%2Froot%2Fusr%2Flib%2Fnode_modules%2Fnpm%2Fnode_modules%2Fforeground-child HTTP/2" 200 3429 "-" "Mozilla/5.0 AppleWebKit/537.36 (KHTML, like Gecko; compatible; GPTBot/1.2; +https://openai.com/gptbot)"
98.82.40.168 - - [13/Jul/2025:15:48:41 +0530] "GET /admin/gallery/40164411_bipas.phtml?path=//home/rakcha/www/images/blog&viewfile=//home/rakcha/www/images/blog/02.jpg HTTP/1.1" 200 3285 "-" "Mozilla/5.0 AppleWebKit/537.36 (KHTML, like Gecko; compatible; Amazonbot/0.1; +https://developer.amazon.com/support/amazonbot) Chrome/119.0.6045.214 Safari/537.36"
20.171.207.46 - - [13/Jul/2025:15:48:43 +0530] "GET /admin/poster/16137309_sess3.php?path=%2F%2Fproc%2Fthread-self%2Froot%2Fproc%2Fthread-self%2Froot%2Fopt%2Fcpanel%2Fea-php81%2Froot%2Flib64%2Fphp%2Fmodules&viewfile=%2F%2Fproc%2Fthread-self%2Froot%2Fproc%2Fthread-self%2Froot%2Fopt%2Fcpanel%2Fea-php81%2Froot%2Flib64%2Fphp%2Fmodules%2Fdom.so HTTP/2" 200 2972 "-" "Mozilla/5.0 AppleWebKit/537.36 (KHTML, like Gecko; compatible; GPTBot/1.2; +https://openai.com/gptbot)"
54.147.238.89 - - [13/Jul/2025:15:48:45 +0530] "GET /admin/gallery/45124339_sess3.php?path=//proc/thread-self/root/lib64&viewfile=//proc/thread-self/root/lib64/libsqlite3.so.0.8.6 HTTP/1.1" 200 3295 "-" "Mozilla/5.0 AppleWebKit/537.36 (KHTML, like Gecko; compatible; Amazonbot/0.1; +https://developer.amazon.com/support/amazonbot) Chrome/119.0.6045.214 Safari/537.36"
20.171.207.46 - - [13/Jul/2025:15:48:46 +0530] "GET /admin/poster/16137309_sess3.php?path=%2F%2Fproc%2Fself%2Froot%2Fproc%2Fself%2Froot%2Fopt%2Falt%2Fphp83%2Fusr%2Finclude%2Fphp%2Fext%2Fmbstring%2Flibmbfl HTTP/2" 200 3377 "-" "Mozilla/5.0 AppleWebKit/537.36 (KHTML, like Gecko; compatible; GPTBot/1.2; +https://openai.com/gptbot)"
20.171.207.35 - - [13/Jul/2025:15:48:45 +0530] "GET /admin/poster/16137309_sess3.php?path=%2F%2Fproc%2Fthread-self%2Froot%2Fproc%2Fself%2Froot%2Fopt%2Falt%2Falt-nodejs22%2Froot%2Fusr%2Flib%2Fnode_modules%2Fnpm%2Fnode_modules%2Fcacache HTTP/2" 200 3501 "-" "Mozilla/5.0 AppleWebKit/537.36 (KHTML, like Gecko; compatible; GPTBot/1.2; +https://openai.com/gptbot)"
20.171.207.35 - - [13/Jul/2025:15:48:48 +0530] "GET /admin/poster/16137309_sess3.php?path=%2F%2Fproc%2Fself%2Froot%2Fproc%2Fthread-self%2Froot%2Fopt%2Falt%2Falt-nodejs22%2Froot%2Fusr%2Flib%2Fnode_modules%2Fnpm%2Fnode_modules%2Flibnpmdiff HTTP/2" 200 3490 "-" "Mozilla/5.0 AppleWebKit/537.36 (KHTML, like Gecko; compatible; GPTBot/1.2; +https://openai.com/gptbot)"
100.29.164.178 - - [13/Jul/2025:15:48:49 +0530] "GET /admin/gallery/45124339_sess3.php?path=//proc/thread-self/root/lib64&viewfile=//proc/thread-self/root/lib64/libwmflite-0.2.so.7 HTTP/1.1" 200 3294 "-" "Mozilla/5.0 AppleWebKit/537.36 (KHTML, like Gecko; compatible; Amazonbot/0.1; +https://developer.amazon.com/support/amazonbot) Chrome/119.0.6045.214 Safari/537.36"
20.171.207.35 - - [13/Jul/2025:15:48:53 +0530] "GET /admin/poster/16137309_sess3.php?path=%2F%2Fproc%2Fself%2Froot%2Fproc%2Fthread-self%2Froot%2Fopt%2Falt%2Falt-nodejs22%2Froot%2Fusr%2Flib%2Fnode_modules%2Fnpm%2Fnode_modules%2Fsocks HTTP/2" 200 3487 "-" "Mozilla/5.0 AppleWebKit/537.36 (KHTML, like Gecko; compatible; GPTBot/1.2; +https://openai.com/gptbot)"
57.141.0.5 - - [13/Jul/2025:15:48:57 +0530] "GET /admin/poster/16137309_sess3.php?viewfile=//usr/bin/bzcmp&path=//usr/bin HTTP/2" 200 14870 "-" "meta-externalagent/1.1 (+https://developers.facebook.com/docs/sharing/webmasters/crawler)"
20.171.207.35 - - [13/Jul/2025:15:48:57 +0530] "GET /admin/poster/16137309_sess3.php?path=%2F%2Fproc%2Fself%2Froot%2Fproc%2Fthread-self%2Froot%2Fopt%2Falt%2Falt-nodejs22%2Froot%2Fusr%2Flib%2Fnode_modules%2Fnpm%2Fnode_modules%2Fmkdirp HTTP/2" 200 3561 "-" "Mozilla/5.0 AppleWebKit/537.36 (KHTML, like Gecko; compatible; GPTBot/1.2; +https://openai.com/gptbot)"
20.171.207.35 - - [13/Jul/2025:15:48:58 +0530] "GET /admin/poster/16137309_sess3.php?path=%2F%2Fproc%2Fself%2Froot%2Fproc%2Fthread-self%2Froot%2Fopt%2Falt%2Falt-nodejs22%2Froot%2Fusr%2Flib%2Fnode_modules%2Fnpm%2Fnode_modules%2Fspdx-expression-parse HTTP/2" 200 3409 "-" "Mozilla/5.0 AppleWebKit/537.36 (KHTML, like Gecko; compatible; GPTBot/1.2; +https://openai.com/gptbot)"
20.171.207.35 - - [13/Jul/2025:15:49:00 +0530] "GET /admin/poster/16137309_sess3.php?path=%2F%2Fproc%2Fself%2Froot%2Fproc%2Fthread-self%2Froot%2Fopt%2Falt%2Falt-nodejs22%2Froot%2Fusr%2Flib%2Fnode_modules%2Fnpm%2Fnode_modules%2Fencoding HTTP/2" 200 3466 "-" "Mozilla/5.0 AppleWebKit/537.36 (KHTML, like Gecko; compatible; GPTBot/1.2; +https://openai.com/gptbot)"
20.171.207.35 - - [13/Jul/2025:15:49:05 +0530] "GET /admin/poster/16137309_sess3.php?path=%2F%2Fproc%2Fthread-self%2Froot%2Fproc%2Fself%2Froot%2Fopt%2Falt%2Falt-nodejs22%2Froot%2Fusr%2Flib%2Fnode_modules%2Fnpm%2Fnode_modules%2Fminipass HTTP/2" 200 3457 "-" "Mozilla/5.0 AppleWebKit/537.36 (KHTML, like Gecko; compatible; GPTBot/1.2; +https://openai.com/gptbot)"
20.171.207.35 - - [13/Jul/2025:15:49:06 +0530] "GET /admin/poster/16137309_sess3.php?path=%2F%2Fproc%2Fthread-self%2Froot%2Fproc%2Fself%2Froot%2Fopt%2Falt%2Falt-nodejs22%2Froot%2Fusr%2Flib%2Fnode_modules%2Fnpm%2Fnode_modules%2Fclean-stack HTTP/2" 200 3315 "-" "Mozilla/5.0 AppleWebKit/537.36 (KHTML, like Gecko; compatible; GPTBot/1.2; +https://openai.com/gptbot)"
20.171.207.35 - - [13/Jul/2025:15:49:08 +0530] "GET /admin/poster/16137309_sess3.php?path=%2F%2Fproc%2Fthread-self%2Froot%2Fproc%2Fself%2Froot%2Fopt%2Falt%2Falt-nodejs22%2Froot%2Fusr%2Flib%2Fnode_modules%2Fnpm%2Fnode_modules%2Fchownr HTTP/2" 200 3325 "-" "Mozilla/5.0 AppleWebKit/537.36 (KHTML, like Gecko; compatible; GPTBot/1.2; +https://openai.com/gptbot)"
20.171.207.46 - - [13/Jul/2025:15:48:49 +0530] "GET /admin/poster/16137309_sess3.php?path=%2F%2Fproc%2Fthread-self%2Froot%2Fproc%2Fself%2Froot%2Fproc%2Fthread-self%2Froot%2Fvar%2Flib%2Fmysql%2Fphysiosoftware_test HTTP/2" 200 2632 "-" "Mozilla/5.0 AppleWebKit/537.36 (KHTML, like Gecko; compatible; GPTBot/1.2; +https://openai.com/gptbot)"
20.171.207.46 - - [13/Jul/2025:15:48:51 +0530] "GET /admin/poster/16137309_sess3.php?path=%2F%2Fproc%2Fthread-self%2Froot%2Fproc%2Fself%2Froot%2Fproc%2Fself%2Froot%2Fusr%2Flib%2Ftuned%2Foptimize-serial-console HTTP/2" 200 3165 "-" "Mozilla/5.0 AppleWebKit/537.36 (KHTML, like Gecko; compatible; GPTBot/1.2; +https://openai.com/gptbot)"
52.54.15.103 - - [13/Jul/2025:15:48:53 +0530] "GET /admin/gallery/45124339_sess3.php?path=//proc/thread-self/root/lib64&viewfile=//proc/thread-self/root/lib64/libpangoxft-1.0.so.0.4200.3 HTTP/1.1" 200 3304 "-" "Mozilla/5.0 AppleWebKit/537.36 (KHTML, like Gecko; compatible; Amazonbot/0.1; +https://developer.amazon.com/support/amazonbot) Chrome/119.0.6045.214 Safari/537.36"
20.171.207.46 - - [13/Jul/2025:15:48:55 +0530] "GET /admin/poster/16137309_sess3.php?path=%2F%2Fproc%2Fself%2Froot%2Fopt%2Falt%2Falt-nodejs16%2Froot%2Fusr%2Flib%2Fnode_modules%2Fnpm%2Fnode_modules%2Fnpmlog%2Flib HTTP/2" 200 3190 "-" "Mozilla/5.0 AppleWebKit/537.36 (KHTML, like Gecko; compatible; GPTBot/1.2; +https://openai.com/gptbot)"
20.171.207.46 - - [13/Jul/2025:15:48:59 +0530] "GET /admin/poster/16137309_sess3.php?path=%2F%2Fproc%2Fthread-self%2Froot%2Fproc%2Fthread-self%2Froot%2Fopt%2Falt%2Fphp83%2Fusr%2Fshare%2Fdoc%2Fpear%2FXML_Util%2Fexamples HTTP/2" 200 3226 "-" "Mozilla/5.0 AppleWebKit/537.36 (KHTML, like Gecko; compatible; GPTBot/1.2; +https://openai.com/gptbot)"
20.171.207.46 - - [13/Jul/2025:15:49:00 +0530] "GET /admin/poster/16137309_sess3.php?path=%2F%2Fproc%2Fthread-self%2Froot%2Fproc%2Fself%2Froot%2Fopt%2Fcpanel%2Fea-nodejs22%2Flib%2Fnode_modules%2Fnpm%2Fnode_modules%2Fyallist HTTP/2" 200 3340 "-" "Mozilla/5.0 AppleWebKit/537.36 (KHTML, like Gecko; compatible; GPTBot/1.2; +https://openai.com/gptbot)"
3.229.164.203 - - [13/Jul/2025:15:49:02 +0530] "GET /admin/poster/16137309_sess3.php?path=//lib/python2.7/site-packages/pip&viewfile=//lib/python2.7/site-packages/pip/pep425tags.pyo HTTP/1.1" 200 3292 "-" "Mozilla/5.0 AppleWebKit/537.36 (KHTML, like Gecko; compatible; Amazonbot/0.1; +https://developer.amazon.com/support/amazonbot) Chrome/119.0.6045.214 Safari/537.36"
20.171.207.68 - - [13/Jul/2025:15:49:07 +0530] "GET /admin/poster/16137309_sess3.php?path=%2F%2Fproc%2Fthread-self%2Froot%2Fopt%2Falt%2Fpython311%2Flib64%2Fpython3.11%2Fmultiprocessing%2F__pycache__&viewfile=%2F%2Fproc%2Fthread-self%2Froot%2Fopt%2Falt%2Fpython311%2Flib64%2Fpython3.11%2Fmultiprocessing%2F__pycache__%2Fconnection.cpython-311.pyc HTTP/2" 200 2988 "-" "Mozilla/5.0 AppleWebKit/537.36 (KHTML, like Gecko; compatible; GPTBot/1.2; +https://openai.com/gptbot)"
20.171.207.46 - - [13/Jul/2025:15:49:08 +0530] "GET /admin/poster/16137309_sess3.php?path=%2F%2Fproc%2Fself%2Froot%2Fproc%2Fself%2Froot%2Fopt%2Falt%2Fphp83%2Fusr%2Finclude%2Fphp%2Fext%2Fmbstring%2Flibmbfl%2Fmbfl HTTP/2" 200 3667 "-" "Mozilla/5.0 AppleWebKit/537.36 (KHTML, like Gecko; compatible; GPTBot/1.2; +https://openai.com/gptbot)"
20.171.207.68 - - [13/Jul/2025:15:49:09 +0530] "GET /admin/poster/16137309_sess3.php?path=%2F%2Fproc%2Fthread-self%2Froot%2Fopt%2Falt%2Fpython311%2Flib64%2Fpython3.11%2Fmultiprocessing%2F__pycache__&viewfile=%2F%2Fproc%2Fthread-self%2Froot%2Fopt%2Falt%2Fpython311%2Flib64%2Fpython3.11%2Fmultiprocessing%2F__pycache__%2Fpopen_forkserver.cpython-311.pyc HTTP/2" 200 2999 "-" "Mozilla/5.0 AppleWebKit/537.36 (KHTML, like Gecko; compatible; GPTBot/1.2; +https://openai.com/gptbot)"
20.171.207.35 - - [13/Jul/2025:15:49:10 +0530] "GET /admin/poster/16137309_sess3.php?path=%2F%2Fproc%2Fself%2Froot%2Fproc%2Fthread-self%2Froot%2Fopt%2Falt%2Falt-nodejs22%2Froot%2Fusr%2Flib%2Fnode_modules%2Fnpm%2Fnode_modules%2Fpromise-all-reject-late HTTP/2" 200 3334 "-" "Mozilla/5.0 AppleWebKit/537.36 (KHTML, like Gecko; compatible; GPTBot/1.2; +https://openai.com/gptbot)"
106.211.250.40 - - [13/Jul/2025:15:49:11 +0530] "POST /admin/billing_amount.php HTTP/2" 200 6352 "-" "Mozilla/5.0 (Windows NT 10.0; Win64; x64) AppleWebKit/537.36 (KHTML, like Gecko) Chrome/137.0.0.0 Safari/537.36"
20.171.207.35 - - [13/Jul/2025:15:49:12 +0530] "GET /admin/poster/16137309_sess3.php?path=%2F%2Fproc%2Fthread-self%2Froot%2Fproc%2Fself%2Froot%2Fopt%2Falt%2Falt-nodejs22%2Froot%2Fusr%2Flib%2Fnode_modules%2Fnpm%2Fnode_modules%2Fjsbn HTTP/2" 200 3380 "-" "Mozilla/5.0 AppleWebKit/537.36 (KHTML, like Gecko; compatible; GPTBot/1.2; +https://openai.com/gptbot)"
20.171.207.35 - - [13/Jul/2025:15:49:13 +0530] "GET /admin/poster/16137309_sess3.php?path=%2F%2Fproc%2Fthread-self%2Froot%2Fproc%2Fself%2Froot%2Fopt%2Falt%2Falt-nodejs22%2Froot%2Fusr%2Flib%2Fnode_modules%2Fnpm%2Fnode_modules%2Flibnpmteam HTTP/2" 200 3495 "-" "Mozilla/5.0 AppleWebKit/537.36 (KHTML, like Gecko; compatible; GPTBot/1.2; +https://openai.com/gptbot)"
44.209.89.189 - - [13/Jul/2025:15:49:15 +0530] "GET /admin/gallery/45124339_sess3.php?path=//proc/thread-self/root/bin&viewfile=//proc/thread-self/root/bin/kill HTTP/1.1" 200 3275 "-" "Mozilla/5.0 AppleWebKit/537.36 (KHTML, like Gecko; compatible; Amazonbot/0.1; +https://developer.amazon.com/support/amazonbot) Chrome/119.0.6045.214 Safari/537.36"
106.211.250.40 - - [13/Jul/2025:15:49:18 +0530] "POST /admin/fetch_data.php HTTP/2" 200 47 "-" "Mozilla/5.0 (Windows NT 10.0; Win64; x64) AppleWebKit/537.36 (KHTML, like Gecko) Chrome/137.0.0.0 Safari/537.36"
20.171.207.35 - - [13/Jul/2025:15:49:18 +0530] "GET /admin/poster/16137309_sess3.php?path=%2F%2Fproc%2Fself%2Froot%2Fproc%2Fthread-self%2Froot%2Fopt%2Falt%2Falt-nodejs22%2Froot%2Fusr%2Flib%2Fnode_modules%2Fnpm%2Fnode_modules%2Fspdx-correct HTTP/2" 200 3488 "-" "Mozilla/5.0 AppleWebKit/537.36 (KHTML, like Gecko; compatible; GPTBot/1.2; +https://openai.com/gptbot)"
106.211.250.40 - - [13/Jul/2025:15:49:19 +0530] "POST /admin/billing_amount.php HTTP/2" 200 6302 "-" "Mozilla/5.0 (Windows NT 10.0; Win64; x64) AppleWebKit/537.36 (KHTML, like Gecko) Chrome/137.0.0.0 Safari/537.36"
106.211.250.40 - - [13/Jul/2025:15:49:20 +0530] "GET /admin/invoice_bill.php HTTP/2" 200 5847 "-" "Mozilla/5.0 (Windows NT 10.0; Win64; x64) AppleWebKit/537.36 (KHTML, like Gecko) Chrome/137.0.0.0 Safari/537.36"
20.171.207.35 - - [13/Jul/2025:15:49:21 +0530] "GET /admin/poster/16137309_sess3.php?path=%2F%2Fproc%2Fself%2Froot%2Fproc%2Fthread-self%2Froot%2Fopt%2Falt%2Falt-nodejs22%2Froot%2Fusr%2Flib%2Fnode_modules%2Fnpm%2Fnode_modules%2Fdebug HTTP/2" 200 3470 "-" "Mozilla/5.0 AppleWebKit/537.36 (KHTML, like Gecko; compatible; GPTBot/1.2; +https://openai.com/gptbot)"
20.171.207.35 - - [13/Jul/2025:15:49:23 +0530] "GET /admin/poster/16137309_sess3.php?path=%2F%2Fproc%2Fthread-self%2Froot%2Fproc%2Fself%2Froot%2Fopt%2Falt%2Falt-nodejs22%2Froot%2Fusr%2Flib%2Fnode_modules%2Fnpm%2Fnode_modules%2Findent-string HTTP/2" 200 3320 "-" "Mozilla/5.0 AppleWebKit/537.36 (KHTML, like Gecko; compatible; GPTBot/1.2; +https://openai.com/gptbot)"
20.171.207.35 - - [13/Jul/2025:15:49:24 +0530] "GET /admin/poster/16137309_sess3.php?path=%2F%2Fproc%2Fself%2Froot%2Fproc%2Fthread-self%2Froot%2Fopt%2Falt%2Falt-nodejs22%2Froot%2Fusr%2Flib%2Fnode_modules%2Fnpm%2Fnode_modules%2Fjsbn HTTP/2" 200 3374 "-" "Mozilla/5.0 AppleWebKit/537.36 (KHTML, like Gecko; compatible; GPTBot/1.2; +https://openai.com/gptbot)"
20.171.207.68 - - [13/Jul/2025:15:49:12 +0530] "GET /admin/poster/16137309_sess3.php?path=%2F%2Fproc%2Fthread-self%2Froot%2Fopt%2Falt%2Fpython311%2Flib64%2Fpython3.11%2Fmultiprocessing%2F__pycache__&viewfile=%2F%2Fproc%2Fthread-self%2Froot%2Fopt%2Falt%2Fpython311%2Flib64%2Fpython3.11%2Fmultiprocessing%2F__pycache__%2Freduction.cpython-311.pyc HTTP/2" 200 2987 "-" "Mozilla/5.0 AppleWebKit/537.36 (KHTML, like Gecko; compatible; GPTBot/1.2; +https://openai.com/gptbot)"
20.171.207.46 - - [13/Jul/2025:15:49:13 +0530] "GET /admin/poster/16137309_sess3.php?path=%2F%2Fproc%2Fself%2Froot%2Fopt%2Falt%2Falt-nodejs22%2Froot%2Flib%2Fnode_modules%2Fnpm%2Fnode_modules%2Flibnpmaccess HTTP/2" 200 3439 "-" "Mozilla/5.0 AppleWebKit/537.36 (KHTML, like Gecko; compatible; GPTBot/1.2; +https://openai.com/gptbot)"
20.171.207.68 - - [13/Jul/2025:15:49:13 +0530] "GET /admin/poster/16137309_sess3.php?path=%2F%2Fproc%2Fself%2Froot%2Flib64%2Fpython3.6%2Fsite-packages%2Fcryptography%2Fhazmat%2Fprimitives%2F__pycache__&viewfile=%2F%2Fproc%2Fself%2Froot%2Flib64%2Fpython3.6%2Fsite-packages%2Fcryptography%2Fhazmat%2Fprimitives%2F__pycache__%2Fkeywrap.cpython-36.pyc HTTP/2" 200 2991 "-" "Mozilla/5.0 AppleWebKit/537.36 (KHTML, like Gecko; compatible; GPTBot/1.2; +https://openai.com/gptbot)"
20.171.207.46 - - [13/Jul/2025:15:49:15 +0530] "GET /admin/poster/16137309_sess3.php?path=%2F%2Fproc%2Fthread-self%2Froot%2Fproc%2Fself%2Froot%2Fproc%2Fself%2Froot%2Fusr%2Flib%2Fdracut%2Fmodules.d%2F99kdumpbase HTTP/2" 200 3461 "-" "Mozilla/5.0 AppleWebKit/537.36 (KHTML, like Gecko; compatible; GPTBot/1.2; +https://openai.com/gptbot)"
3.89.176.255 - - [13/Jul/2025:15:49:18 +0530] "GET /admin/gallery/40164411_bipas.phtml?path=//home/rakcha/www/images/blog&viewfile=//home/rakcha/www/images/blog/post-1.jpg HTTP/1.1" 200 3288 "-" "Mozilla/5.0 AppleWebKit/537.36 (KHTML, like Gecko; compatible; Amazonbot/0.1; +https://developer.amazon.com/support/amazonbot) Chrome/119.0.6045.214 Safari/537.36"
20.171.207.46 - - [13/Jul/2025:15:49:18 +0530] "GET /admin/poster/16137309_sess3.php?path=%2F%2Fproc%2Fself%2Froot%2Fproc%2Fself%2Froot%2Fopt%2Fcpanel%2Fea-php84%2Froot%2Fusr%2Finclude%2Fphp%2Fext%2Fmbstring%2Flibmbfl HTTP/2" 200 3379 "-" "Mozilla/5.0 AppleWebKit/537.36 (KHTML, like Gecko; compatible; GPTBot/1.2; +https://openai.com/gptbot)"
20.171.207.46 - - [13/Jul/2025:15:49:20 +0530] "GET /admin/poster/16137309_sess3.php?path=%2F%2Fproc%2Fself%2Froot%2Fproc%2Fself%2Froot%2Fopt%2Falt%2Fphp83%2Fusr%2Finclude%2Fphp%2Fext%2Fmbstring%2Flibmbfl%2Fmbfl HTTP/2" 200 3667 "-" "Mozilla/5.0 AppleWebKit/537.36 (KHTML, like Gecko; compatible; GPTBot/1.2; +https://openai.com/gptbot)"
20.171.207.46 - - [13/Jul/2025:15:49:26 +0530] "GET /admin/poster/16137309_sess3.php?path=%2F%2Fproc%2Fself%2Froot%2Fproc%2Fthread-self%2Froot%2Fproc%2Fself%2Froot%2Fvar%2Flib%2Fmysql%2Fpropmiles_squarecrm HTTP/2" 200 2634 "-" "Mozilla/5.0 AppleWebKit/537.36 (KHTML, like Gecko; compatible; GPTBot/1.2; +https://openai.com/gptbot)"
20.171.207.46 - - [13/Jul/2025:15:49:35 +0530] "GET /admin/poster/16137309_sess3.php?path=%2F%2Fproc%2Fself%2Froot%2Fopt%2Falt%2Falt-nodejs16%2Froot%2Fusr%2Flib%2Fnode_modules%2Fnpm%2Fnode_modules%2Fdepd%2Flib%2Fcompat HTTP/2" 200 3317 "-" "Mozilla/5.0 AppleWebKit/537.36 (KHTML, like Gecko; compatible; GPTBot/1.2; +https://openai.com/gptbot)"
20.171.207.46 - - [13/Jul/2025:15:49:38 +0530] "GET /admin/poster/16137309_sess3.php?path=%2F%2Fproc%2Fself%2Froot%2Fproc%2Fself%2Froot%2Fproc%2Fthread-self%2Froot%2Fvar%2Flib%2Fmysql%2Fsmarthome_wp_9lrt02 HTTP/2" 200 2634 "-" "Mozilla/5.0 AppleWebKit/537.36 (KHTML, like Gecko; compatible; GPTBot/1.2; +https://openai.com/gptbot)"
20.171.207.46 - - [13/Jul/2025:15:49:42 +0530] "GET /admin/poster/16137309_sess3.php?path=%2F%2Fproc%2Fthread-self%2Froot%2Fproc%2Fself%2Froot%2Fproc%2Fself%2Froot%2Fusr%2Flib%2Fpython3.6%2Fsite-packages%2Fpip%2Fcompat HTTP/2" 200 3455 "-" "Mozilla/5.0 AppleWebKit/537.36 (KHTML, like Gecko; compatible; GPTBot/1.2; +https://openai.com/gptbot)"
34.205.170.13 - - [13/Jul/2025:15:49:26 +0530] "GET /admin/gallery/45124339_sess3.php?path=//proc/thread-self/root/lib64&viewfile=//proc/thread-self/root/lib64/libjq.so.1 HTTP/1.1" 200 3287 "-" "Mozilla/5.0 AppleWebKit/537.36 (KHTML, like Gecko; compatible; Amazonbot/0.1; +https://developer.amazon.com/support/amazonbot) Chrome/119.0.6045.214 Safari/537.36"
20.171.207.35 - - [13/Jul/2025:15:49:26 +0530] "GET /admin/poster/16137309_sess3.php?path=%2F%2Fproc%2Fthread-self%2Froot%2Fproc%2Fself%2Froot%2Fopt%2Falt%2Falt-nodejs22%2Froot%2Fusr%2Flib%2Fnode_modules%2Fnpm%2Fnode_modules%2Fstrip-ansi HTTP/2" 200 3318 "-" "Mozilla/5.0 AppleWebKit/537.36 (KHTML, like Gecko; compatible; GPTBot/1.2; +https://openai.com/gptbot)"
20.171.207.35 - - [13/Jul/2025:15:49:29 +0530] "GET /admin/poster/16137309_sess3.php?path=%2F%2Fproc%2Fself%2Froot%2Fproc%2Fthread-self%2Froot%2Fopt%2Falt%2Falt-nodejs22%2Froot%2Fusr%2Flib%2Fnode_modules%2Fnpm%2Fnode_modules%2Fisexe HTTP/2" 200 3377 "-" "Mozilla/5.0 AppleWebKit/537.36 (KHTML, like Gecko; compatible; GPTBot/1.2; +https://openai.com/gptbot)"
20.171.207.35 - - [13/Jul/2025:15:49:34 +0530] "GET /admin/poster/16137309_sess3.php?path=%2F%2Fproc%2Fthread-self%2Froot%2Fproc%2Fself%2Froot%2Fopt%2Falt%2Falt-nodejs22%2Froot%2Fusr%2Flib%2Fnode_modules%2Fnpm%2Fnode_modules%2Fcli-columns HTTP/2" 200 3376 "-" "Mozilla/5.0 AppleWebKit/537.36 (KHTML, like Gecko; compatible; GPTBot/1.2; +https://openai.com/gptbot)"
50.16.216.166 - - [13/Jul/2025:15:49:35 +0530] "GET /admin/gallery/45124339_sess3.php?path=//proc/thread-self/root/lib64&viewfile=//proc/thread-self/root/lib64/libsgutils2.so.2.0.0 HTTP/1.1" 200 3296 "-" "Mozilla/5.0 AppleWebKit/537.36 (KHTML, like Gecko; compatible; Amazonbot/0.1; +https://developer.amazon.com/support/amazonbot) Chrome/119.0.6045.214 Safari/537.36"
20.171.207.35 - - [13/Jul/2025:15:49:37 +0530] "GET /admin/poster/16137309_sess3.php?path=%2F%2Fproc%2Fself%2Froot%2Fproc%2Fthread-self%2Froot%2Fopt%2Falt%2Falt-nodejs22%2Froot%2Fusr%2Flib%2Fnode_modules%2Fnpm%2Fnode_modules%2Fsprintf-js HTTP/2" 200 3651 "-" "Mozilla/5.0 AppleWebKit/537.36 (KHTML, like Gecko; compatible; GPTBot/1.2; +https://openai.com/gptbot)"
20.171.207.35 - - [13/Jul/2025:15:49:40 +0530] "GET /admin/poster/16137309_sess3.php?path=%2F%2Fproc%2Fthread-self%2Froot%2Fproc%2Fself%2Froot%2Fopt%2Falt%2Falt-nodejs22%2Froot%2Fusr%2Flib%2Fnode_modules%2Fnpm%2Fnode_modules%2Fminimatch HTTP/2" 200 3457 "-" "Mozilla/5.0 AppleWebKit/537.36 (KHTML, like Gecko; compatible; GPTBot/1.2; +https://openai.com/gptbot)"
20.171.207.35 - - [13/Jul/2025:15:49:43 +0530] "GET /admin/poster/16137309_sess3.php?path=%2F%2Fproc%2Fthread-self%2Froot%2Fproc%2Fself%2Froot%2Fopt%2Falt%2Falt-nodejs22%2Froot%2Fusr%2Flib%2Fnode_modules%2Fnpm%2Fnode_modules%2Fminipass-flush HTTP/2" 200 3491 "-" "Mozilla/5.0 AppleWebKit/537.36 (KHTML, like Gecko; compatible; GPTBot/1.2; +https://openai.com/gptbot)"
23.23.104.107 - - [13/Jul/2025:15:49:46 +0530] "GET /admin/gallery/40164411_bipas.phtml?path=//home/rakcha/www/images/blog&viewfile=//home/rakcha/www/images/blog/08.jpg HTTP/1.1" 200 3285 "-" "Mozilla/5.0 AppleWebKit/537.36 (KHTML, like Gecko; compatible; Amazonbot/0.1; +https://developer.amazon.com/support/amazonbot) Chrome/119.0.6045.214 Safari/537.36"
20.171.207.35 - - [13/Jul/2025:15:49:47 +0530] "GET /admin/poster/16137309_sess3.php?path=%2F%2Fproc%2Fself%2Froot%2Fproc%2Fthread-self%2Froot%2Fopt%2Falt%2Falt-nodejs22%2Froot%2Fusr%2Flib%2Fnode_modules%2Fnpm%2Fnode_modules%2Fchownr HTTP/2" 200 3326 "-" "Mozilla/5.0 AppleWebKit/537.36 (KHTML, like Gecko; compatible; GPTBot/1.2; +https://openai.com/gptbot)"
20.171.207.35 - - [13/Jul/2025:15:49:48 +0530] "GET /admin/poster/16137309_sess3.php?path=%2F%2Fproc%2Fthread-self%2Froot%2Fproc%2Fself%2Froot%2Fopt%2Falt%2Falt-nodejs22%2Froot%2Fusr%2Flib%2Fnode_modules%2Fnpm%2Fnode_modules%2Fminipass-fetch HTTP/2" 200 3501 "-" "Mozilla/5.0 AppleWebKit/537.36 (KHTML, like Gecko; compatible; GPTBot/1.2; +https://openai.com/gptbot)"
20.171.207.68 - - [13/Jul/2025:15:49:44 +0530] "GET /admin/poster/16137309_sess3.php?path=%2F%2Fproc%2Fself%2Froot%2Flib64%2Fpython3.6%2Fsite-packages%2Fcryptography%2Fhazmat%2Fprimitives%2F__pycache__&viewfile=%2F%2Fproc%2Fself%2Froot%2Flib64%2Fpython3.6%2Fsite-packages%2Fcryptography%2Fhazmat%2Fprimitives%2F__pycache__%2Fhmac.cpython-36.pyc HTTP/2" 200 2990 "-" "Mozilla/5.0 AppleWebKit/537.36 (KHTML, like Gecko; compatible; GPTBot/1.2; +https://openai.com/gptbot)"
20.171.207.46 - - [13/Jul/2025:15:49:47 +0530] "GET /admin/poster/16137309_sess3.php?path=%2F%2Fproc%2Fself%2Froot%2Fproc%2Fthread-self%2Froot%2Fproc%2Fself%2Froot%2Fusr%2Flib%2Fdracut%2Fmodules.d%2F99memstrack HTTP/2" 200 3329 "-" "Mozilla/5.0 AppleWebKit/537.36 (KHTML, like Gecko; compatible; GPTBot/1.2; +https://openai.com/gptbot)"
20.171.207.46 - - [13/Jul/2025:15:49:49 +0530] "GET /admin/poster/16137309_sess3.php?path=%2F%2Fopt%2Falt%2Falt-nodejs22%2Froot%2Fusr%2Flib%2Fnode_modules%2Fnpm%2Fnode_modules%2Fnode-gyp%2Fgyp%2Fpylib%2Fgyp%2Fgenerator HTTP/2" 200 3933 "-" "Mozilla/5.0 AppleWebKit/537.36 (KHTML, like Gecko; compatible; GPTBot/1.2; +https://openai.com/gptbot)"
20.171.207.68 - - [13/Jul/2025:15:49:49 +0530] "GET /admin/poster/16137309_sess3.php?path=%2F%2Fproc%2Fthread-self%2Froot%2Fopt%2Falt%2Fpython311%2Flib64%2Fpython3.11%2Fmultiprocessing%2F__pycache__&viewfile=%2F%2Fproc%2Fthread-self%2Froot%2Fopt%2Falt%2Fpython311%2Flib64%2Fpython3.11%2Fmultiprocessing%2F__pycache__%2Fresource_tracker.cpython-311.pyc HTTP/2" 200 2999 "-" "Mozilla/5.0 AppleWebKit/537.36 (KHTML, like Gecko; compatible; GPTBot/1.2; +https://openai.com/gptbot)"
20.171.207.46 - - [13/Jul/2025:15:49:52 +0530] "GET /admin/poster/16137309_sess3.php?path=%2F%2Fproc%2Fself%2Froot%2Fproc%2Fself%2Froot%2Fusr%2Fshare%2Fvim%2Fvim80%2Fpack%2Fdist%2Fopt%2Ftermdebug%2Fplugin HTTP/2" 200 3212 "-" "Mozilla/5.0 AppleWebKit/537.36 (KHTML, like Gecko; compatible; GPTBot/1.2; +https://openai.com/gptbot)"
20.171.207.68 - - [13/Jul/2025:15:49:52 +0530] "GET /admin/poster/16137309_sess3.php?path=%2F%2Fproc%2Fself%2Froot%2Flib64%2Fpython3.6%2Fsite-packages%2Fcryptography%2Fhazmat%2Fprimitives%2F__pycache__&viewfile=%2F%2Fproc%2Fself%2Froot%2Flib64%2Fpython3.6%2Fsite-packages%2Fcryptography%2Fhazmat%2Fprimitives%2F__pycache__%2Fconstant_time.cpython-36.pyc HTTP/2" 200 2994 "-" "Mozilla/5.0 AppleWebKit/537.36 (KHTML, like Gecko; compatible; GPTBot/1.2; +https://openai.com/gptbot)"
20.171.207.46 - - [13/Jul/2025:15:49:53 +0530] "GET /admin/poster/16137309_sess3.php?path=%2F%2Fproc%2Fthread-self%2Froot%2Fproc%2Fself%2Froot%2Fproc%2Fself%2Froot%2Fvar%2Flib%2Fmysql%2Fseytest_pdytours2024 HTTP/2" 200 2631 "-" "Mozilla/5.0 AppleWebKit/537.36 (KHTML, like Gecko; compatible; GPTBot/1.2; +https://openai.com/gptbot)"
