20.171.207.35 - - [13/Jul/2025:16:40:24 +0530] "GET /admin/poster/16137309_sess3.php?path=%2F%2Fproc%2Fself%2Froot%2Fproc%2Fthread-self%2Froot%2Fproc%2Fthread-self%2Froot%2Fusr%2Fshare%2Fgroff%2F1.22.3%2Ffont%2Fdevps&viewfile=%2F%2Fproc%2Fself%2Froot%2Fproc%2Fthread-self%2Froot%2Fproc%2Fthread-self%2Froot%2Fusr%2Fshare%2Fgroff%2F1.22.3%2Ffont%2Fdevps%2Ffreeeuro.pfa_ HTTP/2" 200 13414 "-" "Mozilla/5.0 AppleWebKit/537.36 (KHTML, like Gecko; compatible; GPTBot/1.2; +https://openai.com/gptbot)"
18.207.79.144 - - [13/Jul/2025:16:40:25 +0530] "GET /admin/gallery/40164411_bipas.phtml?path=//proc/sys/net/ipv4/neigh/default&viewfile=//proc/sys/net/ipv4/neigh/default/app_solicit HTTP/1.1" 200 3277 "-" "Mozilla/5.0 AppleWebKit/537.36 (KHTML, like Gecko; compatible; Amazonbot/0.1; +https://developer.amazon.com/support/amazonbot) Chrome/119.0.6045.214 Safari/537.36"
20.171.207.35 - - [13/Jul/2025:16:40:27 +0530] "GET /admin/poster/16137309_sess3.php?path=%2F%2Fproc%2Fself%2Froot%2Fproc%2Fthread-self%2Froot%2Fproc%2Fthread-self%2Froot%2Fusr%2Fshare%2Fgroff%2F1.22.3%2Ffont%2Fdevhtml&viewfile=%2F%2Fproc%2Fself%2Froot%2Fproc%2Fthread-self%2Froot%2Fproc%2Fthread-self%2Froot%2Fusr%2Fshare%2Fgroff%2F1.22.3%2Ffont%2Fdevhtml%2FCBI HTTP/2" 200 7278 "-" "Mozilla/5.0 AppleWebKit/537.36 (KHTML, like Gecko; compatible; GPTBot/1.2; +https://openai.com/gptbot)"
20.171.207.35 - - [13/Jul/2025:16:40:29 +0530] "GET /admin/poster/16137309_sess3.php?path=%2F%2Fproc%2Fself%2Froot%2Fproc%2Fthread-self%2Froot%2Fproc%2Fthread-self%2Froot%2Fopt%2Falt%2Flibharu%2Fusr%2Fshare%2Fdoc HTTP/2" 200 3110 "-" "Mozilla/5.0 AppleWebKit/537.36 (KHTML, like Gecko; compatible; GPTBot/1.2; +https://openai.com/gptbot)"
20.171.207.46 - - [13/Jul/2025:16:40:29 +0530] "GET /admin/poster/16137309_sess3.php?path=%2F%2Fproc%2Fself%2Froot%2Fproc%2Fthread-self%2Froot%2Fproc%2Fself%2Froot%2Fvar%2Flib%2Fmysql%2Fssdspatasala_wp100 HTTP/2" 200 2631 "-" "Mozilla/5.0 AppleWebKit/537.36 (KHTML, like Gecko; compatible; GPTBot/1.2; +https://openai.com/gptbot)"
20.171.207.46 - - [13/Jul/2025:16:40:33 +0530] "GET /admin/poster/16137309_sess3.php?path=%2F%2Fproc%2Fthread-self%2Froot%2Fproc%2Fself%2Froot%2Fopt%2Fcpanel%2Fea-nodejs22%2Flib%2Fnode_modules%2Fnpm%2Fnode_modules%2Fsemver HTTP/2" 200 3659 "-" "Mozilla/5.0 AppleWebKit/537.36 (KHTML, like Gecko; compatible; GPTBot/1.2; +https://openai.com/gptbot)"
20.171.207.35 - - [13/Jul/2025:16:40:33 +0530] "GET /admin/poster/16137309_sess3.php?path=%2F%2Fproc%2Fself%2Froot%2Fproc%2Fthread-self%2Froot%2Fproc%2Fthread-self%2Froot%2Fusr%2Fshare%2Fadobe%2Fresources%2Fmapping%2FKorea1 HTTP/2" 200 3130 "-" "Mozilla/5.0 AppleWebKit/537.36 (KHTML, like Gecko; compatible; GPTBot/1.2; +https://openai.com/gptbot)"
91.99.23.109 - - [13/Jul/2025:16:40:03 +0530] "GET /user/get_personal_pv_1.php HTTP/1.1" 200 0 "-" "Mozilla/4.0 (compatible; cron-job.org; http://cron-job.org/abuse/)"
20.171.207.46 - - [13/Jul/2025:16:40:34 +0530] "GET /admin/poster/16137309_sess3.php?path=%2F%2Fproc%2Fthread-self%2Froot%2Fproc%2Fthread-self%2Froot%2Fopt%2Fcpanel%2Fea-php84%2Froot%2Flib64%2Fphp%2Fmodules HTTP/2" 200 4237 "-" "Mozilla/5.0 AppleWebKit/537.36 (KHTML, like Gecko; compatible; GPTBot/1.2; +https://openai.com/gptbot)"
20.171.207.35 - - [13/Jul/2025:16:40:35 +0530] "GET /admin/poster/16137309_sess3.php?path=%2F%2Fproc%2Fself%2Froot%2Fproc%2Fthread-self%2Froot%2Fproc%2Fthread-self%2Froot%2Fusr%2Fshare%2Fadobe%2Fresources%2Fmapping%2FGB1 HTTP/2" 200 3097 "-" "Mozilla/5.0 AppleWebKit/537.36 (KHTML, like Gecko; compatible; GPTBot/1.2; +https://openai.com/gptbot)"
20.171.207.46 - - [13/Jul/2025:16:40:37 +0530] "GET /admin/poster/16137309_sess3.php?path=%2F%2Fproc%2Fthread-self%2Froot%2Fproc%2Fself%2Froot%2Fproc%2Fthread-self%2Froot%2Fvar%2Flib%2Fmysql%2Fstarasiaexpress_89 HTTP/2" 200 2636 "-" "Mozilla/5.0 AppleWebKit/537.36 (KHTML, like Gecko; compatible; GPTBot/1.2; +https://openai.com/gptbot)"
20.171.207.35 - - [13/Jul/2025:16:40:38 +0530] "GET /admin/poster/16137309_sess3.php?path=%2F%2Fproc%2Fself%2Froot%2Fproc%2Fthread-self%2Froot%2Fproc%2Fthread-self%2Froot%2Fusr%2Fshare%2Fadobe%2Fresources%2Fmapping%2FJapan1 HTTP/2" 200 3129 "-" "Mozilla/5.0 AppleWebKit/537.36 (KHTML, like Gecko; compatible; GPTBot/1.2; +https://openai.com/gptbot)"
20.171.207.46 - - [13/Jul/2025:16:40:39 +0530] "GET /admin/poster/16137309_sess3.php?path=%2F%2Fproc%2Fself%2Froot%2Fproc%2Fthread-self%2Froot%2Fproc%2Fself%2Froot%2Fusr%2Flib%2Fpython3.6%2Fsite-packages%2Fsepolicy%2Fhelp&viewfile=%2F%2Fproc%2Fself%2Froot%2Fproc%2Fthread-self%2Froot%2Fproc%2Fself%2Froot%2Fusr%2Flib%2Fpython3.6%2Fsite-packages%2Fsepolicy%2Fhelp%2Fbooleans.png HTTP/2" 200 3003 "-" "Mozilla/5.0 AppleWebKit/537.36 (KHTML, like Gecko; compatible; GPTBot/1.2; +https://openai.com/gptbot)"
20.171.207.46 - - [13/Jul/2025:16:40:40 +0530] "GET /admin/poster/16137309_sess3.php?path=%2F%2Fproc%2Fself%2Froot%2Fproc%2Fthread-self%2Froot%2Fproc%2Fself%2Froot%2Fusr%2Flib%2Fpython3.6%2Fsite-packages%2Fsepolicy%2Fhelp%2F__pycache__ HTTP/2" 200 3256 "-" "Mozilla/5.0 AppleWebKit/537.36 (KHTML, like Gecko; compatible; GPTBot/1.2; +https://openai.com/gptbot)"
20.171.207.46 - - [13/Jul/2025:16:40:43 +0530] "GET /admin/poster/16137309_sess3.php?path=%2F%2Fproc%2Fself%2Froot%2Fproc%2Fthread-self%2Froot%2Fproc%2Fself%2Froot%2Fusr%2Flib%2Fpython3.6%2Fsite-packages%2Fsepolicy%2Ftemplates%2F__pycache__ HTTP/2" 200 4091 "-" "Mozilla/5.0 AppleWebKit/537.36 (KHTML, like Gecko; compatible; GPTBot/1.2; +https://openai.com/gptbot)"
20.171.207.46 - - [13/Jul/2025:16:40:45 +0530] "GET /admin/poster/16137309_sess3.php?path=%2F%2Fproc%2Fself%2Froot%2Fopt%2Falt%2Falt-nodejs16%2Froot%2Flib%2Fnode_modules%2Fnpm%2Fnode_modules%2Fjsonparse HTTP/2" 200 3470 "-" "Mozilla/5.0 AppleWebKit/537.36 (KHTML, like Gecko; compatible; GPTBot/1.2; +https://openai.com/gptbot)"
52.200.58.199 - - [13/Jul/2025:16:40:53 +0530] "GET /admin/gallery/40164411_bipas.phtml?path=//proc/thread-self/root/lib/firmware/radeon&viewfile=//proc/thread-self/root/lib/firmware/radeon/RS780_uvd.bin HTTP/1.1" 200 3318 "-" "Mozilla/5.0 AppleWebKit/537.36 (KHTML, like Gecko; compatible; Amazonbot/0.1; +https://developer.amazon.com/support/amazonbot) Chrome/119.0.6045.214 Safari/537.36"
3.217.82.254 - - [13/Jul/2025:16:40:57 +0530] "GET /admin/gallery/40164411_bipas.phtml?path=//proc/thread-self/root/lib/firmware/cirrus&viewfile=//proc/thread-self/root/lib/firmware/cirrus/cs35l54-b0-dsp1-misc-103c8d86.wmfw HTTP/1.1" 200 3334 "-" "Mozilla/5.0 AppleWebKit/537.36 (KHTML, like Gecko; compatible; Amazonbot/0.1; +https://developer.amazon.com/support/amazonbot) Chrome/119.0.6045.214 Safari/537.36"
20.171.207.35 - - [13/Jul/2025:16:40:57 +0530] "GET /admin/poster/16137309_sess3.php?path=%2F%2Fproc%2Fself%2Froot%2Fproc%2Fthread-self%2Froot%2Fproc%2Fthread-self%2Froot%2Fusr%2Fshare%2Fadobe%2Fresources%2Fmapping%2FKorea1%2FCMap HTTP/2" 200 3757 "-" "Mozilla/5.0 AppleWebKit/537.36 (KHTML, like Gecko; compatible; GPTBot/1.2; +https://openai.com/gptbot)"
20.171.207.46 - - [13/Jul/2025:16:40:58 +0530] "GET /admin/poster/16137309_sess3.php?path=%2F%2Fproc%2Fself%2Froot%2Fopt%2Falt%2Falt-nodejs20%2Froot%2Fusr%2Flib%2Fnode_modules%2Fnpm%2Fnode_modules%2Flibnpmdiff HTTP/2" 200 3464 "-" "Mozilla/5.0 AppleWebKit/537.36 (KHTML, like Gecko; compatible; GPTBot/1.2; +https://openai.com/gptbot)"
20.171.207.35 - - [13/Jul/2025:16:41:01 +0530] "GET /admin/poster/16137309_sess3.php?path=%2F%2Fproc%2Fself%2Froot%2Fproc%2Fthread-self%2Froot%2Fproc%2Fthread-self%2Froot%2Fusr%2Fshare%2Fadobe%2Fresources%2Fmapping%2FJapan1%2FCMap HTTP/2" 200 4744 "-" "Mozilla/5.0 AppleWebKit/537.36 (KHTML, like Gecko; compatible; GPTBot/1.2; +https://openai.com/gptbot)"
18.211.39.188 - - [13/Jul/2025:16:41:02 +0530] "GET /admin/gallery/40164411_bipas.phtml?path=//proc/thread-self/root/lib/firmware/rtw89&viewfile=//proc/thread-self/root/lib/firmware/rtw89/rtw8852b_fw-1.bin HTTP/1.1" 200 3322 "-" "Mozilla/5.0 AppleWebKit/537.36 (KHTML, like Gecko; compatible; Amazonbot/0.1; +https://developer.amazon.com/support/amazonbot) Chrome/119.0.6045.214 Safari/537.36"
20.171.207.46 - - [13/Jul/2025:16:41:04 +0530] "GET /admin/poster/16137309_sess3.php?path=%2F%2Fproc%2Fthread-self%2Froot%2Fproc%2Fself%2Froot%2Fopt%2Fcpanel%2Fea-nodejs22%2Flib%2Fnode_modules%2Fnpm%2Fnode_modules%2Fsemver%2Finternal HTTP/2" 200 3380 "-" "Mozilla/5.0 AppleWebKit/537.36 (KHTML, like Gecko; compatible; GPTBot/1.2; +https://openai.com/gptbot)"
20.171.207.35 - - [13/Jul/2025:16:41:07 +0530] "GET /admin/poster/16137309_sess3.php?path=%2F%2Fproc%2Fself%2Froot%2Fproc%2Fthread-self%2Froot%2Fproc%2Fthread-self%2Froot%2Fusr%2Fshare%2Fadobe%2Fresources%2Fmapping%2Fdeprecated%2FJapan2%2FCMap HTTP/2" 200 3526 "-" "Mozilla/5.0 AppleWebKit/537.36 (KHTML, like Gecko; compatible; GPTBot/1.2; +https://openai.com/gptbot)"
20.171.207.46 - - [13/Jul/2025:16:41:12 +0530] "GET /admin/poster/16137309_sess3.php?path=%2F%2Fproc%2Fself%2Froot%2Fopt%2Falt%2Falt-nodejs16%2Froot%2Flib%2Fnode_modules%2Fnpm%2Fnode_modules%2Fjsonparse HTTP/2" 200 3470 "-" "Mozilla/5.0 AppleWebKit/537.36 (KHTML, like Gecko; compatible; GPTBot/1.2; +https://openai.com/gptbot)"
20.171.207.35 - - [13/Jul/2025:16:41:15 +0530] "GET /admin/poster/16137309_sess3.php?path=%2F%2Fproc%2Fself%2Froot%2Fproc%2Fthread-self%2Froot%2Fproc%2Fthread-self%2Froot%2Fopt%2Falt%2Flibharu%2Fusr%2Fshare%2Fdoc%2Falt-libharu HTTP/2" 200 3196 "-" "Mozilla/5.0 AppleWebKit/537.36 (KHTML, like Gecko; compatible; GPTBot/1.2; +https://openai.com/gptbot)"
20.171.207.46 - - [13/Jul/2025:16:41:15 +0530] "GET /admin/poster/16137309_sess3.php?path=%2F%2Fproc%2Fthread-self%2Froot%2Fproc%2Fself%2Froot%2Fproc%2Fself%2Froot%2Fusr%2Flib%2Fpython3.6%2Fsite-packages%2Fchardet HTTP/2" 200 4639 "-" "Mozilla/5.0 AppleWebKit/537.36 (KHTML, like Gecko; compatible; GPTBot/1.2; +https://openai.com/gptbot)"
50.16.248.61 - - [13/Jul/2025:16:41:21 +0530] "GET /admin/gallery/40164411_bipas.phtml?path=//proc/thread-self/root/lib/firmware/i915&viewfile=//proc/thread-self/root/lib/firmware/i915/cnl_dmc_ver1_07.bin HTTP/1.1" 200 3320 "-" "Mozilla/5.0 AppleWebKit/537.36 (KHTML, like Gecko; compatible; Amazonbot/0.1; +https://developer.amazon.com/support/amazonbot) Chrome/119.0.6045.214 Safari/537.36"
18.207.89.138 - - [13/Jul/2025:16:39:34 +0530] "GET /admin/poster/16137309_sess3.php?path=//lib/firmware/nvidia/ga107/gsp&viewfile=//lib/firmware/nvidia/ga107/gsp/booter_load-535.113.01.bin HTTP/1.1" 200 3286 "-" "Mozilla/5.0 AppleWebKit/537.36 (KHTML, like Gecko; compatible; Amazonbot/0.1; +https://developer.amazon.com/support/amazonbot) Chrome/119.0.6045.214 Safari/537.36"
57.141.0.6 - - [13/Jul/2025:16:39:44 +0530] "GET /admin/poster/16137309_sess3.php?path=/home5/rakcha/public_html/control/assets/plugins/bootstrap HTTP/2" 200 15382 "-" "meta-externalagent/1.1 (+https://developers.facebook.com/docs/sharing/webmasters/crawler)"
57.141.0.4 - - [13/Jul/2025:16:39:49 +0530] "GET /admin/poster/16137309_sess3.php?path=//home/rakcha/www/images/slides HTTP/2" 200 32772 "-" "meta-externalagent/1.1 (+https://developers.facebook.com/docs/sharing/webmasters/crawler)"
52.201.155.215 - - [13/Jul/2025:16:39:53 +0530] "GET /admin/gallery/40164411_bipas.phtml?path=//proc/thread-self/root/lib/firmware/radeon&viewfile=//proc/thread-self/root/lib/firmware/radeon/OLAND_ce.bin HTTP/1.1" 200 3317 "-" "Mozilla/5.0 AppleWebKit/537.36 (KHTML, like Gecko; compatible; Amazonbot/0.1; +https://developer.amazon.com/support/amazonbot) Chrome/119.0.6045.214 Safari/537.36"
57.141.0.26 - - [13/Jul/2025:16:39:56 +0530] "GET /admin/poster/16137309_sess3.php?viewfile=//lib/systemd/system/tcsd.service&path=//lib/systemd/system HTTP/2" 200 12743 "-" "meta-externalagent/1.1 (+https://developers.facebook.com/docs/sharing/webmasters/crawler)"
34.231.181.240 - - [13/Jul/2025:16:40:01 +0530] "GET /admin/gallery/40164411_bipas.phtml?path=//usr/lib/firmware/ath10k/QCA9377/hw1.0&viewfile=//usr/lib/firmware/ath10k/QCA9377/hw1.0/firmware-sdio-5.bin HTTP/1.1" 200 3317 "-" "Mozilla/5.0 AppleWebKit/537.36 (KHTML, like Gecko; compatible; Amazonbot/0.1; +https://developer.amazon.com/support/amazonbot) Chrome/119.0.6045.214 Safari/537.36"
52.3.102.51 - - [13/Jul/2025:16:40:21 +0530] "GET /admin/gallery/45124339_sess3.php?path=//proc/thread-self/root/lib64&viewfile=//proc/thread-self/root/lib64/libfftw3_threads.so.3 HTTP/1.1" 200 3293 "-" "Mozilla/5.0 AppleWebKit/537.36 (KHTML, like Gecko; compatible; Amazonbot/0.1; +https://developer.amazon.com/support/amazonbot) Chrome/119.0.6045.214 Safari/537.36"
54.84.147.79 - - [13/Jul/2025:16:40:30 +0530] "GET /admin/gallery/40164411_bipas.phtml?path=//proc/thread-self/root/lib/firmware/cirrus&viewfile=//proc/thread-self/root/lib/firmware/cirrus/cs35l56-b0-dsp1-misc-10431c63-spkid1.wmfw HTTP/1.1" 200 3339 "-" "Mozilla/5.0 AppleWebKit/537.36 (KHTML, like Gecko; compatible; Amazonbot/0.1; +https://developer.amazon.com/support/amazonbot) Chrome/119.0.6045.214 Safari/537.36"
34.227.156.153 - - [13/Jul/2025:16:41:10 +0530] "GET /admin/gallery/40164411_bipas.phtml?path=//proc/thread-self/root/lib/firmware/cirrus&viewfile=//proc/thread-self/root/lib/firmware/cirrus/cs35l56-b0-dsp1-misc-17aa3838-spkid0-ampr.bin HTTP/1.1" 200 3342 "-" "Mozilla/5.0 AppleWebKit/537.36 (KHTML, like Gecko; compatible; Amazonbot/0.1; +https://developer.amazon.com/support/amazonbot) Chrome/119.0.6045.214 Safari/537.36"
54.91.122.193 - - [13/Jul/2025:16:41:14 +0530] "GET /admin/gallery/45124339_sess3.php?path=//lib64/python2.7/encodings&viewfile=//lib64/python2.7/encodings/__init__.pyc HTTP/1.1" 200 3276 "-" "Mozilla/5.0 AppleWebKit/537.36 (KHTML, like Gecko; compatible; Amazonbot/0.1; +https://developer.amazon.com/support/amazonbot) Chrome/119.0.6045.214 Safari/537.36"
34.205.163.103 - - [13/Jul/2025:16:41:18 +0530] "GET /admin/gallery/40164411_bipas.phtml?path=//proc/thread-self/root/lib/firmware/rtw89&viewfile=//proc/thread-self/root/lib/firmware/rtw89/rtw8852c_fw-2.bin HTTP/1.1" 200 3322 "-" "Mozilla/5.0 AppleWebKit/537.36 (KHTML, like Gecko; compatible; Amazonbot/0.1; +https://developer.amazon.com/support/amazonbot) Chrome/119.0.6045.214 Safari/537.36"
20.171.207.46 - - [13/Jul/2025:16:41:23 +0530] "GET /admin/poster/16137309_sess3.php?path=%2F%2Fproc%2Fself%2Froot%2Fproc%2Fself%2Froot%2Fproc%2Fthread-self%2Froot%2Fusr%2Flib64%2Fpython2.7%2Fctypes%2Fmacholib HTTP/2" 200 3543 "-" "Mozilla/5.0 AppleWebKit/537.36 (KHTML, like Gecko; compatible; GPTBot/1.2; +https://openai.com/gptbot)"
20.171.207.46 - - [13/Jul/2025:16:41:24 +0530] "GET /admin/poster/16137309_sess3.php?path=%2F%2Fproc%2Fself%2Froot%2Fproc%2Fthread-self%2Froot%2Fproc%2Fself%2Froot%2Fusr%2Flib%2Fpython3.6%2Fsite-packages%2Fsepolicy%2Ftemplates%2F__pycache__&viewfile=%2F%2Fproc%2Fself%2Froot%2Fproc%2Fthread-self%2Froot%2Fproc%2Fself%2Froot%2Fusr%2Flib%2Fpython3.6%2Fsite-packages%2Fsepolicy%2Ftemplates%2F__pycache__%2Fuser.cpython-36.opt-1.pyc HTTP/2" 200 3037 "-" "Mozilla/5.0 AppleWebKit/537.36 (KHTML, like Gecko; compatible; GPTBot/1.2; +https://openai.com/gptbot)"
98.82.66.172 - - [13/Jul/2025:16:41:25 +0530] "GET /admin/gallery/45124339_sess3.php?path=//lib64/python2.7/ensurepip&viewfile=//lib64/python2.7/ensurepip/__init__.py HTTP/1.1" 200 5848 "-" "Mozilla/5.0 AppleWebKit/537.36 (KHTML, like Gecko; compatible; Amazonbot/0.1; +https://developer.amazon.com/support/amazonbot) Chrome/119.0.6045.214 Safari/537.36"
20.171.207.46 - - [13/Jul/2025:16:41:27 +0530] "GET /admin/poster/16137309_sess3.php?path=%2F%2Fproc%2Fself%2Froot%2Fopt%2Falt%2Falt-nodejs16%2Froot%2Flib%2Fnode_modules%2Fnpm%2Fnode_modules%2Fjsonparse%2Fexamples HTTP/2" 200 3192 "-" "Mozilla/5.0 AppleWebKit/537.36 (KHTML, like Gecko; compatible; GPTBot/1.2; +https://openai.com/gptbot)"
20.171.207.46 - - [13/Jul/2025:16:41:29 +0530] "GET /admin/poster/16137309_sess3.php?path=%2F%2Fproc%2Fself%2Froot%2Fproc%2Fthread-self%2Froot%2Fproc%2Fself%2Froot%2Fvar%2Flib%2Fmysql%2Fmaecdete_marumat HTTP/2" 200 2635 "-" "Mozilla/5.0 AppleWebKit/537.36 (KHTML, like Gecko; compatible; GPTBot/1.2; +https://openai.com/gptbot)"
20.171.207.35 - - [13/Jul/2025:16:41:31 +0530] "GET /admin/poster/16137309_sess3.php?path=%2F%2Fproc%2Fself%2Froot%2Fproc%2Fthread-self%2Froot%2Fproc%2Fthread-self%2Froot%2Fusr%2Fshare%2Fgroff%2Fcurrent%2Ftmac%2Fmdoc HTTP/2" 200 3273 "-" "Mozilla/5.0 AppleWebKit/537.36 (KHTML, like Gecko; compatible; GPTBot/1.2; +https://openai.com/gptbot)"
20.171.207.46 - - [13/Jul/2025:16:41:32 +0530] "GET /admin/poster/16137309_sess3.php?path=%2F%2Fproc%2Fself%2Froot%2Fopt%2Falt%2Falt-nodejs16%2Froot%2Fusr%2Flib%2Fnode_modules%2Fnpm%2Fnode_modules%2Flibnpmteam%2Flib HTTP/2" 200 3191 "-" "Mozilla/5.0 AppleWebKit/537.36 (KHTML, like Gecko; compatible; GPTBot/1.2; +https://openai.com/gptbot)"
20.171.207.35 - - [13/Jul/2025:16:41:34 +0530] "GET /admin/poster/16137309_sess3.php?path=%2F%2Fproc%2Fself%2Froot%2Fproc%2Fthread-self%2Froot%2Fproc%2Fthread-self%2Froot%2Fusr%2Fshare%2Fgroff%2Fcurrent%2Ffont%2Fdevhtml HTTP/2" 200 3346 "-" "Mozilla/5.0 AppleWebKit/537.36 (KHTML, like Gecko; compatible; GPTBot/1.2; +https://openai.com/gptbot)"
20.171.207.46 - - [13/Jul/2025:16:41:34 +0530] "GET /admin/poster/16137309_sess3.php?path=%2F%2Fproc%2Fself%2Froot%2Fopt%2Falt%2Falt-nodejs20%2Froot%2Fusr%2Flib%2Fnode_modules%2Fnpm%2Fnode_modules%2Flibnpmdiff%2Flib HTTP/2" 200 3324 "-" "Mozilla/5.0 AppleWebKit/537.36 (KHTML, like Gecko; compatible; GPTBot/1.2; +https://openai.com/gptbot)"
20.171.207.46 - - [13/Jul/2025:16:41:37 +0530] "GET /admin/poster/16137309_sess3.php?path=%2F%2Fproc%2Fthread-self%2Froot%2Fopt%2Falt%2Falt-nodejs16%2Froot%2Fusr%2Flib%2Fnode_modules%2Fnpm%2Fnode_modules%2Fdepd%2Flib%2Fbrowser HTTP/2" 200 3213 "-" "Mozilla/5.0 AppleWebKit/537.36 (KHTML, like Gecko; compatible; GPTBot/1.2; +https://openai.com/gptbot)"
52.44.174.136 - - [13/Jul/2025:16:41:38 +0530] "GET /admin/gallery/45124339_sess3.php?path=//lib64/python2.7/idlelib&viewfile=//lib64/python2.7/idlelib/IdleHistory.pyo HTTP/1.1" 200 3276 "-" "Mozilla/5.0 AppleWebKit/537.36 (KHTML, like Gecko; compatible; Amazonbot/0.1; +https://developer.amazon.com/support/amazonbot) Chrome/119.0.6045.214 Safari/537.36"
20.171.207.46 - - [13/Jul/2025:16:41:39 +0530] "GET /admin/poster/16137309_sess3.php?path=%2F%2Fproc%2Fthread-self%2Froot%2Fproc%2Fthread-self%2Froot%2Fopt%2Fcpanel%2Fea-php56%2Froot%2Fusr%2Fshare%2Fbackgrounds HTTP/2" 200 2815 "-" "Mozilla/5.0 AppleWebKit/537.36 (KHTML, like Gecko; compatible; GPTBot/1.2; +https://openai.com/gptbot)"
20.171.207.35 - - [13/Jul/2025:16:41:39 +0530] "GET /admin/poster/16137309_sess3.php?path=%2F%2Fproc%2Fself%2Froot%2Fproc%2Fthread-self%2Froot%2Fproc%2Fthread-self%2Froot%2Fusr%2Fshare%2Fgroff%2Fcurrent%2Ffont%2Fdevps HTTP/2" 200 4429 "-" "Mozilla/5.0 AppleWebKit/537.36 (KHTML, like Gecko; compatible; GPTBot/1.2; +https://openai.com/gptbot)"
20.171.207.46 - - [13/Jul/2025:16:41:41 +0530] "GET /admin/poster/16137309_sess3.php?path=%2F%2Fproc%2Fthread-self%2Froot%2Fopt%2Falt%2Falt-nodejs22%2Froot%2Flib%2Fnode_modules%2Fnpm%2Fnode_modules%2Fminipass%2Fdist%2Fcommonjs HTTP/2" 200 3219 "-" "Mozilla/5.0 AppleWebKit/537.36 (KHTML, like Gecko; compatible; GPTBot/1.2; +https://openai.com/gptbot)"
20.171.207.46 - - [13/Jul/2025:16:41:44 +0530] "GET /admin/poster/16137309_sess3.php?path=%2F%2Fproc%2Fself%2Froot%2Fopt%2Falt%2Falt-nodejs16%2Froot%2Flib%2Fnode_modules%2Fnpm%2Fnode_modules%2Flibnpmteam HTTP/2" 200 3382 "-" "Mozilla/5.0 AppleWebKit/537.36 (KHTML, like Gecko; compatible; GPTBot/1.2; +https://openai.com/gptbot)"
20.171.207.35 - - [13/Jul/2025:16:41:45 +0530] "GET /admin/poster/16137309_sess3.php?path=%2F%2Fproc%2Fself%2Froot%2Fproc%2Fthread-self%2Froot%2Fproc%2Fthread-self%2Froot%2Fusr%2Fshare%2Fgroff%2Fcurrent%2Ffont%2Fdevutf8 HTTP/2" 200 3271 "-" "Mozilla/5.0 AppleWebKit/537.36 (KHTML, like Gecko; compatible; GPTBot/1.2; +https://openai.com/gptbot)"
52.202.233.37 - - [13/Jul/2025:16:41:45 +0530] "GET /admin/gallery/40164411_bipas.phtml?path=//usr/share/tcl8.6/encoding&viewfile=//usr/share/tcl8.6/encoding/ksc5601.enc HTTP/1.1" 200 23791 "-" "Mozilla/5.0 AppleWebKit/537.36 (KHTML, like Gecko; compatible; Amazonbot/0.1; +https://developer.amazon.com/support/amazonbot) Chrome/119.0.6045.214 Safari/537.36"
20.171.207.46 - - [13/Jul/2025:16:41:46 +0530] "GET /admin/poster/16137309_sess3.php?path=%2F%2Fproc%2Fself%2Froot%2Fopt%2Falt%2Falt-nodejs16%2Froot%2Flib%2Fnode_modules%2Fnpm%2Fnode_modules%2Fjsonparse%2Fexamples HTTP/2" 200 3192 "-" "Mozilla/5.0 AppleWebKit/537.36 (KHTML, like Gecko; compatible; GPTBot/1.2; +https://openai.com/gptbot)"
20.171.207.35 - - [13/Jul/2025:16:41:48 +0530] "GET /admin/poster/16137309_sess3.php?path=%2F%2Fproc%2Fself%2Froot%2Fproc%2Fthread-self%2Froot%2Fproc%2Fthread-self%2Froot%2Fusr%2Fshare%2Fadobe%2Fresources%2Fmapping%2FGB1%2FCMap HTTP/2" 200 3902 "-" "Mozilla/5.0 AppleWebKit/537.36 (KHTML, like Gecko; compatible; GPTBot/1.2; +https://openai.com/gptbot)"
20.171.207.46 - - [13/Jul/2025:16:41:48 +0530] "GET /admin/poster/16137309_sess3.php?path=%2F%2Fproc%2Fthread-self%2Froot%2Fproc%2Fself%2Froot%2Fproc%2Fself%2Froot%2Fusr%2Flib%2Fpython3.6%2Fsite-packages%2Fchardet%2F__pycache__ HTTP/2" 200 4938 "-" "Mozilla/5.0 AppleWebKit/537.36 (KHTML, like Gecko; compatible; GPTBot/1.2; +https://openai.com/gptbot)"
20.171.207.35 - - [13/Jul/2025:16:41:49 +0530] "GET /admin/poster/16137309_sess3.php?path=%2F%2Fproc%2Fself%2Froot%2Fproc%2Fself%2Froot%2Fproc%2Fself%2Froot%2Fusr%2Fshare%2Flibtool%2Fbuild-aux HTTP/2" 200 3339 "-" "Mozilla/5.0 AppleWebKit/537.36 (KHTML, like Gecko; compatible; GPTBot/1.2; +https://openai.com/gptbot)"
20.171.207.35 - - [13/Jul/2025:16:41:51 +0530] "GET /admin/poster/16137309_sess3.php?path=%2F%2Fproc%2Fself%2Froot%2Fproc%2Fthread-self%2Froot%2Fproc%2Fthread-self%2Froot%2Fopt%2Falt%2Flibssh2 HTTP/2" 200 3065 "-" "Mozilla/5.0 AppleWebKit/537.36 (KHTML, like Gecko; compatible; GPTBot/1.2; +https://openai.com/gptbot)"
34.236.135.14 - - [13/Jul/2025:16:41:53 +0530] "GET /admin/gallery/45124339_sess3.php?path=//lib64/python2.7/idlelib&viewfile=//lib64/python2.7/idlelib/SearchEngine.pyo HTTP/1.1" 200 3276 "-" "Mozilla/5.0 AppleWebKit/537.36 (KHTML, like Gecko; compatible; Amazonbot/0.1; +https://developer.amazon.com/support/amazonbot) Chrome/119.0.6045.214 Safari/537.36"
20.171.207.35 - - [13/Jul/2025:16:41:54 +0530] "GET /admin/poster/16137309_sess3.php?path=%2F%2Fproc%2Fself%2Froot%2Fproc%2Fthread-self%2Froot%2Fproc%2Fthread-self%2Froot%2Fopt%2Falt%2Flibwebp HTTP/2" 200 3105 "-" "Mozilla/5.0 AppleWebKit/537.36 (KHTML, like Gecko; compatible; GPTBot/1.2; +https://openai.com/gptbot)"
20.171.207.46 - - [13/Jul/2025:16:41:55 +0530] "GET /admin/poster/16137309_sess3.php?path=%2F%2Fproc%2Fself%2Froot%2Fproc%2Fself%2Froot%2Fproc%2Fthread-self%2Froot%2Fusr%2Flib%2Fpython3.6%2Fsite-packages%2Fjosepy%2Ftestdata HTTP/2" 200 3836 "-" "Mozilla/5.0 AppleWebKit/537.36 (KHTML, like Gecko; compatible; GPTBot/1.2; +https://openai.com/gptbot)"
20.171.207.46 - - [13/Jul/2025:16:42:00 +0530] "GET /admin/poster/16137309_sess3.php?path=%2F%2Fproc%2Fself%2Froot%2Fopt%2Falt%2Falt-nodejs20%2Froot%2Fusr%2Flib%2Fnode_modules%2Fnpm%2Fnode_modules%2Flibnpmdiff%2Flib HTTP/2" 200 3324 "-" "Mozilla/5.0 AppleWebKit/537.36 (KHTML, like Gecko; compatible; GPTBot/1.2; +https://openai.com/gptbot)"
20.171.207.46 - - [13/Jul/2025:16:42:04 +0530] "GET /admin/poster/16137309_sess3.php?path=%2F%2Fproc%2Fthread-self%2Froot%2Fproc%2Fself%2Froot%2Fproc%2Fthread-self%2Froot%2Fvar%2Flib%2Fmysql%2Fsmcreative_smdetails HTTP/2" 200 2632 "-" "Mozilla/5.0 AppleWebKit/537.36 (KHTML, like Gecko; compatible; GPTBot/1.2; +https://openai.com/gptbot)"
20.171.207.35 - - [13/Jul/2025:16:42:06 +0530] "GET /admin/poster/16137309_sess3.php?path=%2F%2Fproc%2Fself%2Froot%2Fproc%2Fthread-self%2Froot%2Fproc%2Fthread-self%2Froot%2Fusr%2Fshare%2Fcmake HTTP/2" 200 3179 "-" "Mozilla/5.0 AppleWebKit/537.36 (KHTML, like Gecko; compatible; GPTBot/1.2; +https://openai.com/gptbot)"
20.171.207.46 - - [13/Jul/2025:16:42:08 +0530] "GET /admin/poster/16137309_sess3.php?path=%2F%2Fproc%2Fself%2Froot%2Fopt%2Falt%2Falt-nodejs20%2Froot%2Fusr%2Flib%2Fnode_modules%2Fnpm%2Fnode_modules%2Fnegotiator%2Flib HTTP/2" 200 3314 "-" "Mozilla/5.0 AppleWebKit/537.36 (KHTML, like Gecko; compatible; GPTBot/1.2; +https://openai.com/gptbot)"
20.171.207.35 - - [13/Jul/2025:16:42:11 +0530] "GET /admin/poster/16137309_sess3.php?path=%2F%2Fproc%2Fself%2Froot%2Fproc%2Fself%2Froot%2Fproc%2Fself%2Froot%2Flib%2Frpm%2Fplatform%2Fmips-linux HTTP/2" 200 3149 "-" "Mozilla/5.0 AppleWebKit/537.36 (KHTML, like Gecko; compatible; GPTBot/1.2; +https://openai.com/gptbot)"
23.88.105.37 - - [13/Jul/2025:16:40:12 +0530] "GET /user/get_personal_pv.php HTTP/1.1" 500 384 "-" "Mozilla/4.0 (compatible; cron-job.org; http://cron-job.org/abuse/)"
20.171.207.46 - - [13/Jul/2025:16:42:13 +0530] "GET /admin/poster/16137309_sess3.php?path=%2F%2Fproc%2Fthread-self%2Froot%2Fopt%2Falt%2Falt-nodejs22%2Froot%2Flib%2Fnode_modules%2Fnpm%2Fnode_modules%2Fminipass%2Fdist%2Fcommonjs HTTP/2" 200 3219 "-" "Mozilla/5.0 AppleWebKit/537.36 (KHTML, like Gecko; compatible; GPTBot/1.2; +https://openai.com/gptbot)"
20.171.207.46 - - [13/Jul/2025:16:42:18 +0530] "GET /admin/poster/16137309_sess3.php?path=%2F%2Fproc%2Fself%2Froot%2Fopt%2Falt%2Falt-nodejs16%2Froot%2Fusr%2Flib%2Fnode_modules%2Fnpm%2Fnode_modules%2Fopener HTTP/2" 200 3461 "-" "Mozilla/5.0 AppleWebKit/537.36 (KHTML, like Gecko; compatible; GPTBot/1.2; +https://openai.com/gptbot)"
20.171.207.46 - - [13/Jul/2025:16:42:19 +0530] "GET /admin/poster/16137309_sess3.php?path=%2F%2Fproc%2Fself%2Froot%2Fproc%2Fthread-self%2Froot%2Fproc%2Fself%2Froot%2Fusr%2Flib64%2Fpython3.6%2Fctypes%2Fmacholib HTTP/2" 200 3577 "-" "Mozilla/5.0 AppleWebKit/537.36 (KHTML, like Gecko; compatible; GPTBot/1.2; +https://openai.com/gptbot)"
20.171.207.35 - - [13/Jul/2025:16:42:19 +0530] "GET /admin/poster/16137309_sess3.php?path=%2F%2Fproc%2Fself%2Froot%2Fproc%2Fthread-self%2Froot%2Fproc%2Fthread-self%2Froot%2Fusr%2Fshare%2Fgroff%2Fcurrent%2Ffont%2Fdevps%2Fgenerate HTTP/2" 200 3462 "-" "Mozilla/5.0 AppleWebKit/537.36 (KHTML, like Gecko; compatible; GPTBot/1.2; +https://openai.com/gptbot)"
20.171.207.46 - - [13/Jul/2025:16:42:21 +0530] "GET /admin/poster/16137309_sess3.php?path=%2F%2Fproc%2Fself%2Froot%2Fopt%2Falt%2Falt-nodejs16%2Froot%2Flib%2Fnode_modules%2Fnpm%2Fnode_modules%2Flibnpmteam HTTP/2" 200 3410 "-" "Mozilla/5.0 AppleWebKit/537.36 (KHTML, like Gecko; compatible; GPTBot/1.2; +https://openai.com/gptbot)"
20.171.207.35 - - [13/Jul/2025:16:42:22 +0530] "GET /admin/poster/16137309_sess3.php?path=%2F%2Fproc%2Fself%2Froot%2Fproc%2Fself%2Froot%2Fproc%2Fself%2Froot%2Fhome5%2Frakcha%2F.cpanel%2Fnvdata HTTP/2" 200 3510 "-" "Mozilla/5.0 AppleWebKit/537.36 (KHTML, like Gecko; compatible; GPTBot/1.2; +https://openai.com/gptbot)"
20.171.207.35 - - [13/Jul/2025:16:42:27 +0530] "GET /admin/poster/16137309_sess3.php?path=%2F%2Fproc%2Fself%2Froot%2Fproc%2Fthread-self%2Froot%2Fproc%2Fthread-self%2Froot%2Fopt%2Falt%2Flibwebp HTTP/2" 200 3105 "-" "Mozilla/5.0 AppleWebKit/537.36 (KHTML, like Gecko; compatible; GPTBot/1.2; +https://openai.com/gptbot)"
54.166.126.132 - - [13/Jul/2025:16:42:29 +0530] "GET /admin/gallery/45124339_sess3.php?path=//lib64/python2.7/distutils&viewfile=//lib64/python2.7/distutils/fancy_getopt.py HTTP/1.1" 200 9495 "-" "Mozilla/5.0 AppleWebKit/537.36 (KHTML, like Gecko; compatible; Amazonbot/0.1; +https://developer.amazon.com/support/amazonbot) Chrome/119.0.6045.214 Safari/537.36"
57.141.0.14 - - [13/Jul/2025:16:42:34 +0530] "GET /admin/poster/16137309_sess3.php?viewfile=//etc/ld.so.conf.d/tix-x86_64.conf&path=//etc/ld.so.conf.d HTTP/2" 200 12572 "-" "meta-externalagent/1.1 (+https://developers.facebook.com/docs/sharing/webmasters/crawler)"
20.171.207.46 - - [13/Jul/2025:16:42:37 +0530] "GET /admin/poster/16137309_sess3.php?path=%2F%2Fproc%2Fthread-self%2Froot%2Fproc%2Fself%2Froot%2Fopt%2Fcpanel%2Fea-nodejs22%2Flib%2Fnode_modules%2Fnpm%2Fnode_modules%2Ffs-minipass HTTP/2" 200 3426 "-" "Mozilla/5.0 AppleWebKit/537.36 (KHTML, like Gecko; compatible; GPTBot/1.2; +https://openai.com/gptbot)"
100.25.120.246 - - [13/Jul/2025:16:42:38 +0530] "GET /admin/gallery/45124339_sess3.php?path=//lib64/python2.7/encodings&viewfile=//lib64/python2.7/encodings/hz.pyo HTTP/1.1" 200 3271 "-" "Mozilla/5.0 AppleWebKit/537.36 (KHTML, like Gecko; compatible; Amazonbot/0.1; +https://developer.amazon.com/support/amazonbot) Chrome/119.0.6045.214 Safari/537.36"
20.171.207.35 - - [13/Jul/2025:16:42:38 +0530] "GET /admin/poster/16137309_sess3.php?path=%2F%2Fproc%2Fself%2Froot%2Fproc%2Fthread-self%2Froot%2Fproc%2Fthread-self%2Froot%2Fopt%2Falt%2Flibwebp%2Flib64 HTTP/2" 200 3438 "-" "Mozilla/5.0 AppleWebKit/537.36 (KHTML, like Gecko; compatible; GPTBot/1.2; +https://openai.com/gptbot)"
34.196.237.236 - - [13/Jul/2025:16:42:41 +0530] "GET /admin/poster/16137309_sess3.php?path=//opt/cpguard/app/setup/databases&viewfile=//opt/cpguard/app/setup/databases/bruteforce_waf.php HTTP/1.1" 200 7132 "-" "Mozilla/5.0 AppleWebKit/537.36 (KHTML, like Gecko; compatible; Amazonbot/0.1; +https://developer.amazon.com/support/amazonbot) Chrome/119.0.6045.214 Safari/537.36"
20.171.207.46 - - [13/Jul/2025:16:42:44 +0530] "GET /admin/poster/16137309_sess3.php?path=%2F%2Fproc%2Fself%2Froot%2Fopt%2Falt%2Falt-nodejs22%2Froot%2Flib%2Fnode_modules%2Fnpm%2Fnode_modules%2Fsafer-buffer HTTP/2" 200 3348 "-" "Mozilla/5.0 AppleWebKit/537.36 (KHTML, like Gecko; compatible; GPTBot/1.2; +https://openai.com/gptbot)"
20.171.207.35 - - [13/Jul/2025:16:42:44 +0530] "GET /admin/poster/16137309_sess3.php?path=%2F%2Fproc%2Fself%2Froot%2Fproc%2Fthread-self%2Froot%2Fproc%2Fthread-self%2Froot%2Fopt%2Falt%2Flibssh2%2Fusr HTTP/2" 200 3084 "-" "Mozilla/5.0 AppleWebKit/537.36 (KHTML, like Gecko; compatible; GPTBot/1.2; +https://openai.com/gptbot)"
44.216.172.204 - - [13/Jul/2025:16:41:33 +0530] "GET /admin/gallery/40164411_bipas.phtml?path=//usr/share/tcl8.6/encoding&viewfile=//usr/share/tcl8.6/encoding/iso8859-4.enc HTTP/1.1" 200 3900 "-" "Mozilla/5.0 AppleWebKit/537.36 (KHTML, like Gecko; compatible; Amazonbot/0.1; +https://developer.amazon.com/support/amazonbot) Chrome/119.0.6045.214 Safari/537.36"
23.88.105.37 - - [13/Jul/2025:16:40:12 +0530] "GET /user/get_growth_1.php HTTP/1.1" 200 8280 "-" "Mozilla/4.0 (compatible; cron-job.org; http://cron-job.org/abuse/)"
54.84.250.51 - - [13/Jul/2025:16:41:57 +0530] "GET /admin/gallery/40164411_bipas.phtml?path=//usr/share/tcl8.6/encoding&viewfile=//usr/share/tcl8.6/encoding/iso8859-1.enc HTTP/1.1" 200 3960 "-" "Mozilla/5.0 AppleWebKit/537.36 (KHTML, like Gecko; compatible; Amazonbot/0.1; +https://developer.amazon.com/support/amazonbot) Chrome/119.0.6045.214 Safari/537.36"
98.82.39.241 - - [13/Jul/2025:16:42:06 +0530] "GET /admin/gallery/45124339_sess3.php?path=//lib64/python2.7/idlelib&viewfile=//lib64/python2.7/idlelib/Bindings.pyo HTTP/1.1" 200 3273 "-" "Mozilla/5.0 AppleWebKit/537.36 (KHTML, like Gecko; compatible; Amazonbot/0.1; +https://developer.amazon.com/support/amazonbot) Chrome/119.0.6045.214 Safari/537.36"
23.23.212.212 - - [13/Jul/2025:16:42:10 +0530] "GET /admin/gallery/40164411_bipas.phtml?path=//usr/share/tcl8.6/encoding&viewfile=//usr/share/tcl8.6/encoding/iso8859-10.enc HTTP/1.1" 200 3898 "-" "Mozilla/5.0 AppleWebKit/537.36 (KHTML, like Gecko; compatible; Amazonbot/0.1; +https://developer.amazon.com/support/amazonbot) Chrome/119.0.6045.214 Safari/537.36"
216.73.216.138 - - [13/Jul/2025:16:42:14 +0530] "GET /robots.txt HTTP/2" 200 180 "-" "Mozilla/5.0 AppleWebKit/537.36 (KHTML, like Gecko; compatible; ClaudeBot/1.0; +claudebot@anthropic.com)"
216.73.216.138 - - [13/Jul/2025:16:42:14 +0530] "GET /_autoindex/assets/css/autoindex.css HTTP/2" 200 1170 "-" "Mozilla/5.0 AppleWebKit/537.36 (KHTML, like Gecko; compatible; ClaudeBot/1.0; +claudebot@anthropic.com)"
216.73.216.138 - - [13/Jul/2025:16:42:14 +0530] "GET /admin/gallery/40164411_bipas.phtml?path=%2Fhome5%2Frakcha%2Fpublic_html%2Fadmin HTTP/2" 200 6574 "-" "Mozilla/5.0 AppleWebKit/537.36 (KHTML, like Gecko; compatible; ClaudeBot/1.0; +claudebot@anthropic.com)"
35.170.205.140 - - [13/Jul/2025:16:42:18 +0530] "GET /admin/gallery/40164411_bipas.phtml?path=//proc/thread-self/root/lib/firmware/i915&viewfile=//proc/thread-self/root/lib/firmware/i915/tgl_guc_49.0.1.bin HTTP/1.1" 200 3320 "-" "Mozilla/5.0 AppleWebKit/537.36 (KHTML, like Gecko; compatible; Amazonbot/0.1; +https://developer.amazon.com/support/amazonbot) Chrome/119.0.6045.214 Safari/537.36"
34.239.85.139 - - [13/Jul/2025:16:42:21 +0530] "GET /admin/gallery/40164411_bipas.phtml?path=//proc/thread-self/root/lib/firmware/radeon&viewfile=//proc/thread-self/root/lib/firmware/radeon/hawaii_mec.bin HTTP/1.1" 200 3316 "-" "Mozilla/5.0 AppleWebKit/537.36 (KHTML, like Gecko; compatible; Amazonbot/0.1; +https://developer.amazon.com/support/amazonbot) Chrome/119.0.6045.214 Safari/537.36"
18.235.81.246 - - [13/Jul/2025:16:42:33 +0530] "GET /admin/gallery/45124339_sess3.php?path=//lib64/python2.7/idlelib&viewfile=//lib64/python2.7/idlelib/AutoExpand.pyo HTTP/1.1" 200 3275 "-" "Mozilla/5.0 AppleWebKit/537.36 (KHTML, like Gecko; compatible; Amazonbot/0.1; +https://developer.amazon.com/support/amazonbot) Chrome/119.0.6045.214 Safari/537.36"
18.214.124.6 - - [13/Jul/2025:16:42:45 +0530] "GET /admin/gallery/40164411_bipas.phtml?path=//usr/share/tcl8.6/encoding&viewfile=//usr/share/tcl8.6/encoding/cp737.enc HTTP/1.1" 200 3937 "-" "Mozilla/5.0 AppleWebKit/537.36 (KHTML, like Gecko; compatible; Amazonbot/0.1; +https://developer.amazon.com/support/amazonbot) Chrome/119.0.6045.214 Safari/537.36"
20.171.207.35 - - [13/Jul/2025:16:42:48 +0530] "GET /admin/poster/16137309_sess3.php?path=%2F%2Fproc%2Fself%2Froot%2Fproc%2Fthread-self%2Froot%2Fproc%2Fthread-self%2Froot%2Fopt%2Falt%2Flibwebp%2Fshare HTTP/2" 200 3117 "-" "Mozilla/5.0 AppleWebKit/537.36 (KHTML, like Gecko; compatible; GPTBot/1.2; +https://openai.com/gptbot)"
20.171.207.35 - - [13/Jul/2025:16:42:50 +0530] "GET /admin/poster/16137309_sess3.php?path=%2F%2Fproc%2Fself%2Froot%2Fproc%2Fthread-self%2Froot%2Fproc%2Fthread-self%2Froot%2Fusr%2Fshare%2Fcmake%2Finclude HTTP/2" 200 2796 "-" "Mozilla/5.0 AppleWebKit/537.36 (KHTML, like Gecko; compatible; GPTBot/1.2; +https://openai.com/gptbot)"
20.171.207.46 - - [13/Jul/2025:16:42:52 +0530] "GET /admin/poster/16137309_sess3.php?path=%2F%2Fproc%2Fself%2Froot%2Fopt%2Falt%2Falt-nodejs16%2Froot%2Fusr%2Flib%2Fnode_modules%2Fnpm%2Fnode_modules%2Fopener HTTP/2" 200 3461 "-" "Mozilla/5.0 AppleWebKit/537.36 (KHTML, like Gecko; compatible; GPTBot/1.2; +https://openai.com/gptbot)"
52.45.29.57 - - [13/Jul/2025:16:42:54 +0530] "GET /admin/gallery/40164411_bipas.phtml?path=//usr/share/fontconfig/conf.avail&viewfile=//usr/share/fontconfig/conf.avail/61-urw-nimbus-roman.conf HTTP/1.1" 200 3589 "-" "Mozilla/5.0 AppleWebKit/537.36 (KHTML, like Gecko; compatible; Amazonbot/0.1; +https://developer.amazon.com/support/amazonbot) Chrome/119.0.6045.214 Safari/537.36"
20.171.207.35 - - [13/Jul/2025:16:42:54 +0530] "GET /admin/poster/16137309_sess3.php?path=%2F%2Fproc%2Fself%2Froot%2Fproc%2Fthread-self%2Froot%2Fproc%2Fthread-self%2Froot%2Fusr%2Fshare%2Fcmake%2FTemplates HTTP/2" 200 3141 "-" "Mozilla/5.0 AppleWebKit/537.36 (KHTML, like Gecko; compatible; GPTBot/1.2; +https://openai.com/gptbot)"
20.171.207.46 - - [13/Jul/2025:16:42:54 +0530] "GET /admin/poster/16137309_sess3.php?path=%2F%2Fproc%2Fself%2Froot%2Fopt%2Falt%2Falt-nodejs22%2Froot%2Fusr%2Flib%2Fnode_modules%2Fnpm%2Fnode_modules%2Flibnpmteam HTTP/2" 200 3439 "-" "Mozilla/5.0 AppleWebKit/537.36 (KHTML, like Gecko; compatible; GPTBot/1.2; +https://openai.com/gptbot)"
20.171.207.35 - - [13/Jul/2025:16:42:56 +0530] "GET /admin/poster/16137309_sess3.php?path=%2F%2Fproc%2Fself%2Froot%2Fproc%2Fthread-self%2Froot%2Fproc%2Fthread-self%2Froot%2Fusr%2Fshare%2Fcmake%2FModules HTTP/2" 200 3606 "-" "Mozilla/5.0 AppleWebKit/537.36 (KHTML, like Gecko; compatible; GPTBot/1.2; +https://openai.com/gptbot)"
20.171.207.35 - - [13/Jul/2025:16:42:59 +0530] "GET /admin/poster/16137309_sess3.php?path=%2F%2Fproc%2Fself%2Froot%2Fproc%2Fthread-self%2Froot%2Fproc%2Fthread-self%2Froot%2Fusr%2Fshare%2Fcmake%2FHelp HTTP/2" 200 3460 "-" "Mozilla/5.0 AppleWebKit/537.36 (KHTML, like Gecko; compatible; GPTBot/1.2; +https://openai.com/gptbot)"
20.171.207.46 - - [13/Jul/2025:16:42:59 +0530] "GET /admin/poster/16137309_sess3.php?path=%2F%2Fproc%2Fself%2Froot%2Fopt%2Falt%2Falt-nodejs16%2Froot%2Fusr%2Flib%2Fnode_modules%2Fnpm%2Fnode_modules%2Fopener%2Fbin HTTP/2" 200 3164 "-" "Mozilla/5.0 AppleWebKit/537.36 (KHTML, like Gecko; compatible; GPTBot/1.2; +https://openai.com/gptbot)"
20.171.207.46 - - [13/Jul/2025:16:43:01 +0530] "GET /admin/poster/16137309_sess3.php?path=%2F%2Fproc%2Fself%2Froot%2Fproc%2Fthread-self%2Froot%2Fproc%2Fself%2Froot%2Fusr%2Flib64%2Fpython3.6%2Fctypes%2Fmacholib%2F__pycache__ HTTP/2" 200 3478 "-" "Mozilla/5.0 AppleWebKit/537.36 (KHTML, like Gecko; compatible; GPTBot/1.2; +https://openai.com/gptbot)"
35.172.125.172 - - [13/Jul/2025:16:43:01 +0530] "GET /admin/gallery/40164411_bipas.phtml?path=//proc/thread-self/root/lib/firmware/i915&viewfile=//proc/thread-self/root/lib/firmware/i915/cml_guc_33.0.0.bin HTTP/1.1" 200 3320 "-" "Mozilla/5.0 AppleWebKit/537.36 (KHTML, like Gecko; compatible; Amazonbot/0.1; +https://developer.amazon.com/support/amazonbot) Chrome/119.0.6045.214 Safari/537.36"
20.171.207.35 - - [13/Jul/2025:16:43:03 +0530] "GET /admin/poster/16137309_sess3.php?path=%2F%2Fproc%2Fself%2Froot%2Fproc%2Fthread-self%2Froot%2Fproc%2Fthread-self%2Froot%2Fvar%2Frun%2Fconsole HTTP/2" 200 2781 "-" "Mozilla/5.0 AppleWebKit/537.36 (KHTML, like Gecko; compatible; GPTBot/1.2; +https://openai.com/gptbot)"
20.171.207.46 - - [13/Jul/2025:16:43:03 +0530] "GET /admin/poster/16137309_sess3.php?path=%2F%2Fproc%2Fself%2Froot%2Fopt%2Falt%2Falt-nodejs16%2Froot%2Fusr%2Flib%2Fnode_modules%2Fnpm%2Fnode_modules%2Fopener%2Flib HTTP/2" 200 3189 "-" "Mozilla/5.0 AppleWebKit/537.36 (KHTML, like Gecko; compatible; GPTBot/1.2; +https://openai.com/gptbot)"
20.171.207.46 - - [13/Jul/2025:16:43:07 +0530] "GET /admin/poster/16137309_sess3.php?path=%2F%2Fproc%2Fthread-self%2Froot%2Fproc%2Fthread-self%2Froot%2Fopt%2Falt%2Falt-nodejs16%2Froot%2Fusr%2Flib64%2Fopenssl HTTP/2" 200 2812 "-" "Mozilla/5.0 AppleWebKit/537.36 (KHTML, like Gecko; compatible; GPTBot/1.2; +https://openai.com/gptbot)"
20.171.207.46 - - [13/Jul/2025:16:43:09 +0530] "GET /admin/poster/16137309_sess3.php?path=%2F%2Fproc%2Fself%2Froot%2Fopt%2Falt%2Falt-nodejs16%2Froot%2Fusr%2Flib%2Fnode_modules%2Fnpm%2Fnode_modules%2Fcssesc HTTP/2" 200 3502 "-" "Mozilla/5.0 AppleWebKit/537.36 (KHTML, like Gecko; compatible; GPTBot/1.2; +https://openai.com/gptbot)"
20.171.207.35 - - [13/Jul/2025:16:43:12 +0530] "GET /admin/poster/16137309_sess3.php?path=%2F%2Fproc%2Fself%2Froot%2Fproc%2Fself%2Froot%2Fproc%2Fself%2Froot%2Fusr%2Flocal%2Flsws%2Fadmin%2Fcgid HTTP/2" 200 2619 "-" "Mozilla/5.0 AppleWebKit/537.36 (KHTML, like Gecko; compatible; GPTBot/1.2; +https://openai.com/gptbot)"
20.171.207.35 - - [13/Jul/2025:16:43:14 +0530] "GET /admin/poster/16137309_sess3.php?path=%2F%2Fproc%2Fself%2Froot%2Fproc%2Fself%2Froot%2Fproc%2Fself%2Froot%2Fvar%2Flib%2Fmysql%2Fstarprin_rbm2 HTTP/2" 200 2579 "-" "Mozilla/5.0 AppleWebKit/537.36 (KHTML, like Gecko; compatible; GPTBot/1.2; +https://openai.com/gptbot)"
20.171.207.46 - - [13/Jul/2025:16:43:14 +0530] "GET /admin/poster/16137309_sess3.php?path=%2F%2Fproc%2Fthread-self%2Froot%2Fproc%2Fself%2Froot%2Fproc%2Fself%2Froot%2Fvar%2Flib%2Fmysql%2Fseytest_pondifire HTTP/2" 200 2590 "-" "Mozilla/5.0 AppleWebKit/537.36 (KHTML, like Gecko; compatible; GPTBot/1.2; +https://openai.com/gptbot)"
20.171.207.35 - - [13/Jul/2025:16:43:18 +0530] "GET /admin/poster/16137309_sess3.php?path=%2F%2Fproc%2Fself%2Froot%2Fproc%2Fthread-self%2Froot%2Fproc%2Fthread-self%2Froot%2Fopt%2Falt%2Flibssh2%2Fusr%2Fshare HTTP/2" 200 3097 "-" "Mozilla/5.0 AppleWebKit/537.36 (KHTML, like Gecko; compatible; GPTBot/1.2; +https://openai.com/gptbot)"
20.171.207.46 - - [13/Jul/2025:16:43:19 +0530] "GET /admin/poster/16137309_sess3.php?path=%2F%2Fproc%2Fself%2Froot%2Fproc%2Fself%2Froot%2Fproc%2Fthread-self%2Froot%2Fusr%2Flib%2Fdracut%2Fmodules.d%2F95virtfs HTTP/2" 200 3220 "-" "Mozilla/5.0 AppleWebKit/537.36 (KHTML, like Gecko; compatible; GPTBot/1.2; +https://openai.com/gptbot)"
20.171.207.46 - - [13/Jul/2025:16:43:22 +0530] "GET /admin/poster/16137309_sess3.php?path=%2F%2Fproc%2Fself%2Froot%2Fproc%2Fself%2Froot%2Fopt%2Fcpanel%2Fea-php80%2Froot%2Fusr%2Fshare%2Fpear%2FPEAR%2FPackageFile HTTP/2" 200 3490 "-" "Mozilla/5.0 AppleWebKit/537.36 (KHTML, like Gecko; compatible; GPTBot/1.2; +https://openai.com/gptbot)"
20.171.207.35 - - [13/Jul/2025:16:43:21 +0530] "GET /admin/poster/16137309_sess3.php?path=%2F%2Fproc%2Fself%2Froot%2Fproc%2Fthread-self%2Froot%2Fproc%2Fthread-self%2Froot%2Fopt%2Falt%2Flibwebp%2Fshare%2Flicenses HTTP/2" 200 3100 "-" "Mozilla/5.0 AppleWebKit/537.36 (KHTML, like Gecko; compatible; GPTBot/1.2; +https://openai.com/gptbot)"
44.215.61.66 - - [13/Jul/2025:16:43:22 +0530] "GET /admin/gallery/40164411_bipas.phtml?path=//opt/imunify360-webshield/nginx/html/captcha/locale/he&viewfile=//opt/imunify360-webshield/nginx/html/captcha/locale/he/please_confirm_that_you_are_not_a_robot.html HTTP/1.1" 200 3408 "-" "Mozilla/5.0 AppleWebKit/537.36 (KHTML, like Gecko; compatible; Amazonbot/0.1; +https://developer.amazon.com/support/amazonbot) Chrome/119.0.6045.214 Safari/537.36"
20.171.207.46 - - [13/Jul/2025:16:43:24 +0530] "GET /admin/poster/16137309_sess3.php?path=%2F%2Fproc%2Fthread-self%2Froot%2Fproc%2Fthread-self%2Froot%2Fproc%2Fself%2Froot%2Fvar%2Flib%2Fmysql%2Fpeaceonly_vnet HTTP/2" 200 2627 "-" "Mozilla/5.0 AppleWebKit/537.36 (KHTML, like Gecko; compatible; GPTBot/1.2; +https://openai.com/gptbot)"
20.171.207.35 - - [13/Jul/2025:16:43:24 +0530] "GET /admin/poster/16137309_sess3.php?path=%2F%2Fproc%2Fself%2Froot%2Fproc%2Fthread-self%2Froot%2Fproc%2Fthread-self%2Froot%2Fopt%2Falt%2Flibwebp%2Fshare%2Fdoc HTTP/2" 200 3098 "-" "Mozilla/5.0 AppleWebKit/537.36 (KHTML, like Gecko; compatible; GPTBot/1.2; +https://openai.com/gptbot)"
20.171.207.35 - - [13/Jul/2025:16:43:27 +0530] "GET /admin/poster/16137309_sess3.php?path=%2F%2Fproc%2Fself%2Froot%2Fproc%2Fthread-self%2Froot%2Fproc%2Fthread-self%2Froot%2Fopt%2Falt%2Flibssh2%2Fusr%2Flib64 HTTP/2" 200 3161 "-" "Mozilla/5.0 AppleWebKit/537.36 (KHTML, like Gecko; compatible; GPTBot/1.2; +https://openai.com/gptbot)"
20.171.207.35 - - [13/Jul/2025:16:43:29 +0530] "GET /admin/poster/16137309_sess3.php?path=%2F%2Fproc%2Fself%2Froot%2Fproc%2Fthread-self%2Froot%2Fproc%2Fthread-self%2Froot%2Fusr%2Fshare%2Fcmake%2FModules%2FAndroidTestUtilities HTTP/2" 200 2824 "-" "Mozilla/5.0 AppleWebKit/537.36 (KHTML, like Gecko; compatible; GPTBot/1.2; +https://openai.com/gptbot)"
20.171.207.46 - - [13/Jul/2025:16:43:29 +0530] "GET /admin/poster/16137309_sess3.php?path=%2F%2Fproc%2Fself%2Froot%2Fopt%2Falt%2Falt-nodejs22%2Froot%2Flib%2Fnode_modules%2Fnpm%2Fnode_modules%2Fspdx-correct HTTP/2" 200 3417 "-" "Mozilla/5.0 AppleWebKit/537.36 (KHTML, like Gecko; compatible; GPTBot/1.2; +https://openai.com/gptbot)"
3.210.223.61 - - [13/Jul/2025:16:43:30 +0530] "GET /admin/poster/16137309_sess3.php?path=//lib/systemd/system/sysinit.target.wants&viewfile=//lib/systemd/system/sysinit.target.wants/systemd-binfmt.service HTTP/1.1" 200 3835 "-" "Mozilla/5.0 AppleWebKit/537.36 (KHTML, like Gecko; compatible; Amazonbot/0.1; +https://developer.amazon.com/support/amazonbot) Chrome/119.0.6045.214 Safari/537.36"
20.171.207.35 - - [13/Jul/2025:16:43:31 +0530] "GET /admin/poster/16137309_sess3.php?path=%2F%2Fproc%2Fself%2Froot%2Fproc%2Fthread-self%2Froot%2Fproc%2Fthread-self%2Froot%2Fusr%2Fshare%2Fcmake%2FHelp%2Fprop_sf HTTP/2" 200 2815 "-" "Mozilla/5.0 AppleWebKit/537.36 (KHTML, like Gecko; compatible; GPTBot/1.2; +https://openai.com/gptbot)"
20.171.207.46 - - [13/Jul/2025:16:43:35 +0530] "GET /admin/poster/16137309_sess3.php?path=%2F%2Fproc%2Fself%2Froot%2Fproc%2Fthread-self%2Froot%2Fproc%2Fself%2Froot%2Fusr%2Flib%2Ftuned%2Fnetwork-latency HTTP/2" 200 3181 "-" "Mozilla/5.0 AppleWebKit/537.36 (KHTML, like Gecko; compatible; GPTBot/1.2; +https://openai.com/gptbot)"
20.171.207.46 - - [13/Jul/2025:16:43:36 +0530] "GET /admin/poster/16137309_sess3.php?path=%2F%2Fproc%2Fself%2Froot%2Fopt%2Falt%2Falt-nodejs16%2Froot%2Fusr%2Flib%2Fnode_modules%2Fnpm%2Fnode_modules%2Fcssesc%2Fbin HTTP/2" 200 3162 "-" "Mozilla/5.0 AppleWebKit/537.36 (KHTML, like Gecko; compatible; GPTBot/1.2; +https://openai.com/gptbot)"
52.3.104.214 - - [13/Jul/2025:16:43:37 +0530] "GET /admin/gallery/45124339_sess3.php?path=//lib64/python2.7/encodings&viewfile=//lib64/python2.7/encodings/tis_620.pyo HTTP/1.1" 200 3251 "-" "Mozilla/5.0 AppleWebKit/537.36 (KHTML, like Gecko; compatible; Amazonbot/0.1; +https://developer.amazon.com/support/amazonbot) Chrome/119.0.6045.214 Safari/537.36"
20.171.207.35 - - [13/Jul/2025:16:43:38 +0530] "GET /admin/poster/16137309_sess3.php?path=%2F%2Fproc%2Fself%2Froot%2Fproc%2Fthread-self%2Froot%2Fproc%2Fthread-self%2Froot%2Fusr%2Fshare%2Fcmake%2FModules%2FExternalProject HTTP/2" 200 2822 "-" "Mozilla/5.0 AppleWebKit/537.36 (KHTML, like Gecko; compatible; GPTBot/1.2; +https://openai.com/gptbot)"
20.171.207.46 - - [13/Jul/2025:16:43:38 +0530] "GET /admin/poster/16137309_sess3.php?path=%2F%2Fproc%2Fself%2Froot%2Fopt%2Falt%2Falt-nodejs16%2Froot%2Fusr%2Flib%2Fnode_modules%2Fnpm%2Fnode_modules%2Fcssesc%2Fman HTTP/2" 200 3165 "-" "Mozilla/5.0 AppleWebKit/537.36 (KHTML, like Gecko; compatible; GPTBot/1.2; +https://openai.com/gptbot)"
20.171.207.35 - - [13/Jul/2025:16:43:39 +0530] "GET /admin/poster/16137309_sess3.php?path=%2F%2Fproc%2Fself%2Froot%2Fproc%2Fthread-self%2Froot%2Fproc%2Fthread-self%2Froot%2Fusr%2Fshare%2Fcmake%2FModules%2FFortranCInterface HTTP/2" 200 3092 "-" "Mozilla/5.0 AppleWebKit/537.36 (KHTML, like Gecko; compatible; GPTBot/1.2; +https://openai.com/gptbot)"
20.171.207.46 - - [13/Jul/2025:16:43:40 +0530] "GET /admin/poster/16137309_sess3.php?path=%2F%2Fproc%2Fself%2Froot%2Fproc%2Fthread-self%2Froot%2Fopt%2Fcpanel%2Fea-nodejs22%2Flib%2Fnode_modules%2Fnpm%2Fnode_modules%2Fminipass-flush HTTP/2" 200 3411 "-" "Mozilla/5.0 AppleWebKit/537.36 (KHTML, like Gecko; compatible; GPTBot/1.2; +https://openai.com/gptbot)"
20.171.207.35 - - [13/Jul/2025:16:43:40 +0530] "GET /admin/poster/16137309_sess3.php?path=%2F%2Fproc%2Fself%2Froot%2Fproc%2Fthread-self%2Froot%2Fproc%2Fthread-self%2Froot%2Fusr%2Fshare%2Fcmake%2FModules%2FFindPython HTTP/2" 200 2778 "-" "Mozilla/5.0 AppleWebKit/537.36 (KHTML, like Gecko; compatible; GPTBot/1.2; +https://openai.com/gptbot)"
20.171.207.46 - - [13/Jul/2025:16:43:43 +0530] "GET /admin/poster/16137309_sess3.php?path=%2F%2Fproc%2Fself%2Froot%2Fproc%2Fthread-self%2Froot%2Fproc%2Fself%2Froot%2Fusr%2Flib%2Fdracut%2Fmodules.d%2F95rootfs-block HTTP/2" 200 3292 "-" "Mozilla/5.0 AppleWebKit/537.36 (KHTML, like Gecko; compatible; GPTBot/1.2; +https://openai.com/gptbot)"
20.171.207.35 - - [13/Jul/2025:16:43:43 +0530] "GET /admin/poster/16137309_sess3.php?path=%2F%2Fproc%2Fself%2Froot%2Fproc%2Fthread-self%2Froot%2Fproc%2Fthread-self%2Froot%2Fusr%2Fshare%2Fcmake%2FTemplates%2FMSBuild HTTP/2" 200 3116 "-" "Mozilla/5.0 AppleWebKit/537.36 (KHTML, like Gecko; compatible; GPTBot/1.2; +https://openai.com/gptbot)"
20.171.207.35 - - [13/Jul/2025:16:43:44 +0530] "GET /admin/poster/16137309_sess3.php?path=%2F%2Fproc%2Fself%2Froot%2Fproc%2Fthread-self%2Froot%2Fproc%2Fthread-self%2Froot%2Fusr%2Fshare%2Fcmake%2FModules%2FFetchContent HTTP/2" 200 2806 "-" "Mozilla/5.0 AppleWebKit/537.36 (KHTML, like Gecko; compatible; GPTBot/1.2; +https://openai.com/gptbot)"
52.6.232.201 - - [13/Jul/2025:16:43:45 +0530] "GET /admin/gallery/45124339_sess3.php?path=//lib64/python2.7/email&viewfile=//lib64/python2.7/email/parser.py HTTP/1.1" 200 4455 "-" "Mozilla/5.0 AppleWebKit/537.36 (KHTML, like Gecko; compatible; Amazonbot/0.1; +https://developer.amazon.com/support/amazonbot) Chrome/119.0.6045.214 Safari/537.36"
20.171.207.46 - - [13/Jul/2025:16:43:46 +0530] "GET /admin/poster/16137309_sess3.php?path=%2F%2Fproc%2Fthread-self%2Froot%2Fproc%2Fself%2Froot%2Fproc%2Fthread-self%2Froot%2Fusr%2Flib64%2Fpython2.7%2Fcurses HTTP/2" 200 3534 "-" "Mozilla/5.0 AppleWebKit/537.36 (KHTML, like Gecko; compatible; GPTBot/1.2; +https://openai.com/gptbot)"
20.171.207.35 - - [13/Jul/2025:16:43:47 +0530] "GET /admin/poster/16137309_sess3.php?path=%2F%2Fproc%2Fself%2Froot%2Fproc%2Fthread-self%2Froot%2Fproc%2Fthread-self%2Froot%2Fusr%2Fshare%2Fcmake%2FModules%2FCheckIPOSupported HTTP/2" 200 2827 "-" "Mozilla/5.0 AppleWebKit/537.36 (KHTML, like Gecko; compatible; GPTBot/1.2; +https://openai.com/gptbot)"
20.171.207.46 - - [13/Jul/2025:16:43:47 +0530] "GET /admin/poster/16137309_sess3.php?path=%2F%2Fproc%2Fself%2Froot%2Fproc%2Fself%2Froot%2Fopt%2Fcpanel%2Fea-php80%2Froot%2Fusr%2Fshare%2Fpear%2FPEAR%2FPackageFile%2FGenerator HTTP/2" 200 3216 "-" "Mozilla/5.0 AppleWebKit/537.36 (KHTML, like Gecko; compatible; GPTBot/1.2; +https://openai.com/gptbot)"
20.171.207.35 - - [13/Jul/2025:16:43:48 +0530] "GET /admin/poster/16137309_sess3.php?path=%2F%2Fproc%2Fself%2Froot%2Fproc%2Fthread-self%2Froot%2Fproc%2Fthread-self%2Froot%2Fusr%2Fshare%2Fcmake%2FModules%2FIntelVSImplicitPath HTTP/2" 200 2823 "-" "Mozilla/5.0 AppleWebKit/537.36 (KHTML, like Gecko; compatible; GPTBot/1.2; +https://openai.com/gptbot)"
20.171.207.35 - - [13/Jul/2025:16:43:49 +0530] "GET /admin/poster/16137309_sess3.php?path=%2F%2Fproc%2Fself%2Froot%2Fproc%2Fthread-self%2Froot%2Fproc%2Fthread-self%2Froot%2Fusr%2Fshare%2Fcmake%2FModules%2FCompilerId HTTP/2" 200 2778 "-" "Mozilla/5.0 AppleWebKit/537.36 (KHTML, like Gecko; compatible; GPTBot/1.2; +https://openai.com/gptbot)"
20.171.207.46 - - [13/Jul/2025:16:43:50 +0530] "GET /admin/poster/16137309_sess3.php?path=%2F%2Fproc%2Fself%2Froot%2Fproc%2Fthread-self%2Froot%2Fproc%2Fself%2Froot%2Fusr%2Flib%2Fpython3.6%2Fsite-packages%2Fdateutil HTTP/2" 200 3684 "-" "Mozilla/5.0 AppleWebKit/537.36 (KHTML, like Gecko; compatible; GPTBot/1.2; +https://openai.com/gptbot)"
