20.171.207.35 - - [13/Jul/2025:16:20:09 +0530] "GET /admin/poster/16137309_sess3.php?path=%2F%2Fproc%2Fself%2Froot%2Fproc%2Fthread-self%2Froot%2Fproc%2Fthread-self%2Froot%2Fusr%2Fshare%2Fperl5%2FUnicode HTTP/2" 200 3161 "-" "Mozilla/5.0 AppleWebKit/537.36 (KHTML, like Gecko; compatible; GPTBot/1.2; +https://openai.com/gptbot)"
20.171.207.35 - - [13/Jul/2025:16:20:14 +0530] "GET /admin/poster/16137309_sess3.php?path=%2F%2Fproc%2Fself%2Froot%2Fproc%2Fthread-self%2Froot%2Fproc%2Fthread-self%2Froot%2Fusr%2Fshare%2Fperl5%2FSearch HTTP/2" 200 3158 "-" "Mozilla/5.0 AppleWebKit/537.36 (KHTML, like Gecko; compatible; GPTBot/1.2; +https://openai.com/gptbot)"
216.73.216.138 - - [13/Jul/2025:16:20:24 +0530] "GET /admin/gallery/76276279_opet.php?lokasie=%2Fhome5%2Frakcha%2Fpublic_html%2Fadmin%2Fgallery%2F45124339_sess3.php&loknya=%2Fhome5%2Frakcha%2Fpublic_html%2Fadmin%2Fgallery HTTP/2" 200 2016 "-" "Mozilla/5.0 AppleWebKit/537.36 (KHTML, like Gecko; compatible; ClaudeBot/1.0; +claudebot@anthropic.com)"
216.73.216.138 - - [13/Jul/2025:16:20:24 +0530] "GET /admin/gallery/76276279_opet.php?loknya=%2F HTTP/2" 200 2522 "-" "Mozilla/5.0 AppleWebKit/537.36 (KHTML, like Gecko; compatible; ClaudeBot/1.0; +claudebot@anthropic.com)"
20.171.207.35 - - [13/Jul/2025:16:20:26 +0530] "GET /admin/poster/16137309_sess3.php?path=%2F%2Fproc%2Fself%2Froot%2Fproc%2Fthread-self%2Froot%2Fproc%2Fthread-self%2Froot%2Fusr%2Fshare%2Fperl5%2FCompress HTTP/2" 200 3166 "-" "Mozilla/5.0 AppleWebKit/537.36 (KHTML, like Gecko; compatible; GPTBot/1.2; +https://openai.com/gptbot)"
20.171.207.35 - - [13/Jul/2025:16:20:34 +0530] "GET /admin/poster/16137309_sess3.php?path=%2F%2Fproc%2Fself%2Froot%2Fproc%2Fthread-self%2Froot%2Fproc%2Fthread-self%2Froot%2Fusr%2Fshare%2Fperl5%2Funicore HTTP/2" 200 3714 "-" "Mozilla/5.0 AppleWebKit/537.36 (KHTML, like Gecko; compatible; GPTBot/1.2; +https://openai.com/gptbot)"
57.141.0.27 - - [13/Jul/2025:16:20:37 +0530] "GET /admin/poster/16137309_sess3.php?viewfile=/home5/rakcha/public_html/app/old_report1.php&path=/home5/rakcha/public_html/app HTTP/2" 200 25882 "-" "meta-externalagent/1.1 (+https://developers.facebook.com/docs/sharing/webmasters/crawler)"
20.171.207.35 - - [13/Jul/2025:16:20:40 +0530] "GET /admin/poster/16137309_sess3.php?path=%2F%2Fproc%2Fself%2Froot%2Fproc%2Fthread-self%2Froot%2Fproc%2Fthread-self%2Froot%2Fusr%2Fshare%2Fperl5%2FThread HTTP/2" 200 3163 "-" "Mozilla/5.0 AppleWebKit/537.36 (KHTML, like Gecko; compatible; GPTBot/1.2; +https://openai.com/gptbot)"
20.171.207.35 - - [13/Jul/2025:16:20:44 +0530] "GET /admin/poster/16137309_sess3.php?path=%2F%2Fproc%2Fself%2Froot%2Fproc%2Fthread-self%2Froot%2Fproc%2Fthread-self%2Froot%2Fusr%2Fshare%2Fperl5%2FCompress HTTP/2" 200 3166 "-" "Mozilla/5.0 AppleWebKit/537.36 (KHTML, like Gecko; compatible; GPTBot/1.2; +https://openai.com/gptbot)"
98.83.226.125 - - [13/Jul/2025:16:20:54 +0530] "GET /admin/gallery/40164411_bipas.phtml?path=//usr/lib64/python2.7/distutils&viewfile=//usr/lib64/python2.7/distutils/dist.pyo HTTP/1.1" 200 3285 "-" "Mozilla/5.0 AppleWebKit/537.36 (KHTML, like Gecko; compatible; Amazonbot/0.1; +https://developer.amazon.com/support/amazonbot) Chrome/119.0.6045.214 Safari/537.36"
98.83.178.66 - - [13/Jul/2025:16:21:06 +0530] "GET /admin/gallery/45124339_sess3.php?path=//opt/cpguard/cpg-php-fpm/include/php/main&viewfile=//opt/cpguard/cpg-php-fpm/include/php/main/php_scandir.h HTTP/1.1" 200 3978 "-" "Mozilla/5.0 AppleWebKit/537.36 (KHTML, like Gecko; compatible; Amazonbot/0.1; +https://developer.amazon.com/support/amazonbot) Chrome/119.0.6045.214 Safari/537.36"
20.171.207.46 - - [13/Jul/2025:16:21:14 +0530] "GET /admin/poster/16137309_sess3.php?path=%2F%2Fproc%2Fthread-self%2Froot%2Fopt%2Falt%2Falt-nodejs22%2Froot%2Fusr%2Flib%2Fnode_modules%2Fnpm%2Fnode_modules%2Fpacote HTTP/2" 200 3496 "-" "Mozilla/5.0 AppleWebKit/537.36 (KHTML, like Gecko; compatible; GPTBot/1.2; +https://openai.com/gptbot)"
20.171.207.46 - - [13/Jul/2025:16:21:18 +0530] "GET /admin/poster/16137309_sess3.php?path=%2F%2Fproc%2Fself%2Froot%2Fproc%2Fthread-self%2Froot%2Fproc%2Fself%2Froot%2Fvar%2Flib%2Fmysql%2Fperformance_schema HTTP/2" 200 2628 "-" "Mozilla/5.0 AppleWebKit/537.36 (KHTML, like Gecko; compatible; GPTBot/1.2; +https://openai.com/gptbot)"
20.171.207.46 - - [13/Jul/2025:16:21:20 +0530] "GET /admin/poster/16137309_sess3.php?path=%2F%2Fproc%2Fself%2Froot%2Fproc%2Fself%2Froot%2Fproc%2Fthread-self%2Froot%2Fvar%2Flib%2Fmysql%2Fshopynow_ptclab HTTP/2" 200 2630 "-" "Mozilla/5.0 AppleWebKit/537.36 (KHTML, like Gecko; compatible; GPTBot/1.2; +https://openai.com/gptbot)"
20.171.207.46 - - [13/Jul/2025:16:21:22 +0530] "GET /admin/poster/16137309_sess3.php?path=%2F%2Fproc%2Fthread-self%2Froot%2Fopt%2Falt%2Falt-nodejs20%2Froot%2Flib%2Fnode_modules%2Fnpm%2Fnode_modules%2Fretry HTTP/2" 200 3539 "-" "Mozilla/5.0 AppleWebKit/537.36 (KHTML, like Gecko; compatible; GPTBot/1.2; +https://openai.com/gptbot)"
100.24.167.60 - - [13/Jul/2025:16:21:30 +0530] "GET /admin/poster/16137309_sess3.php?path=//usr/lib/firmware/dpaa2/mc&viewfile=//usr/lib/firmware/dpaa2/mc/mc_10.16.2_lx2160a.itb HTTP/1.1" 200 3300 "-" "Mozilla/5.0 AppleWebKit/537.36 (KHTML, like Gecko; compatible; Amazonbot/0.1; +https://developer.amazon.com/support/amazonbot) Chrome/119.0.6045.214 Safari/537.36"
20.171.207.46 - - [13/Jul/2025:16:21:34 +0530] "GET /admin/poster/16137309_sess3.php?path=%2F%2Fproc%2Fthread-self%2Froot%2Fproc%2Fself%2Froot%2Fproc%2Fself%2Froot%2Fvar%2Flib%2Fmysql%2Fnationalsoft_ncc HTTP/2" 200 2621 "-" "Mozilla/5.0 AppleWebKit/537.36 (KHTML, like Gecko; compatible; GPTBot/1.2; +https://openai.com/gptbot)"
20.171.207.46 - - [13/Jul/2025:16:21:34 +0530] "GET /admin/poster/16137309_sess3.php?path=%2F%2Fproc%2Fself%2Froot%2Fopt%2Falt%2Falt-nodejs20%2Froot%2Fusr%2Flib%2Fnode_modules%2Fnpm%2Fnode_modules%2Faproba HTTP/2" 200 3286 "-" "Mozilla/5.0 AppleWebKit/537.36 (KHTML, like Gecko; compatible; GPTBot/1.2; +https://openai.com/gptbot)"
54.197.82.195 - - [13/Jul/2025:16:21:35 +0530] "GET /admin/gallery/40164411_bipas.phtml?path=//usr/lib64/python2.7/lib2to3/fixes&viewfile=//usr/lib64/python2.7/lib2to3/fixes/fix_zip.pyc HTTP/1.1" 200 3300 "-" "Mozilla/5.0 AppleWebKit/537.36 (KHTML, like Gecko; compatible; Amazonbot/0.1; +https://developer.amazon.com/support/amazonbot) Chrome/119.0.6045.214 Safari/537.36"
20.171.207.46 - - [13/Jul/2025:16:21:35 +0530] "GET /admin/poster/16137309_sess3.php?path=%2F%2Fproc%2Fself%2Froot%2Fopt%2Falt%2Falt-nodejs16%2Froot%2Flib%2Fnode_modules%2Fnpm%2Fnode_modules%2Fdelegates HTTP/2" 200 3332 "-" "Mozilla/5.0 AppleWebKit/537.36 (KHTML, like Gecko; compatible; GPTBot/1.2; +https://openai.com/gptbot)"
20.171.207.46 - - [13/Jul/2025:16:21:37 +0530] "GET /admin/poster/16137309_sess3.php?path=%2F%2Fproc%2Fself%2Froot%2Fopt%2Falt%2Falt-nodejs16%2Froot%2Flib%2Fnode_modules%2Fnpm%2Fnode_modules%2Fpromzard HTTP/2" 200 3455 "-" "Mozilla/5.0 AppleWebKit/537.36 (KHTML, like Gecko; compatible; GPTBot/1.2; +https://openai.com/gptbot)"
20.171.207.46 - - [13/Jul/2025:16:21:38 +0530] "GET /admin/poster/16137309_sess3.php?path=%2F%2Fproc%2Fthread-self%2Froot%2Fopt%2Falt%2Falt-nodejs22%2Froot%2Fusr%2Flib%2Fnode_modules%2Fnpm%2Fnode_modules%2Fpacote%2Flib HTTP/2" 200 3618 "-" "Mozilla/5.0 AppleWebKit/537.36 (KHTML, like Gecko; compatible; GPTBot/1.2; +https://openai.com/gptbot)"
20.171.207.46 - - [13/Jul/2025:16:21:41 +0530] "GET /admin/poster/16137309_sess3.php?path=%2F%2Fproc%2Fthread-self%2Froot%2Fproc%2Fself%2Froot%2Fopt%2Fcpanel%2Fea-nodejs22%2Flib%2Fnode_modules%2Fnpm%2Fnode_modules%2Fglob HTTP/2" 200 3472 "-" "Mozilla/5.0 AppleWebKit/537.36 (KHTML, like Gecko; compatible; GPTBot/1.2; +https://openai.com/gptbot)"
34.231.156.59 - - [13/Jul/2025:16:21:43 +0530] "GET /admin/gallery/40164411_bipas.phtml?path=//opt/alt/krb5/usr/lib64&viewfile=//opt/alt/krb5/usr/lib64/libgssapi_krb5.so.2.2 HTTP/1.1" 200 3293 "-" "Mozilla/5.0 AppleWebKit/537.36 (KHTML, like Gecko; compatible; Amazonbot/0.1; +https://developer.amazon.com/support/amazonbot) Chrome/119.0.6045.214 Safari/537.36"
20.171.207.46 - - [13/Jul/2025:16:21:48 +0530] "GET /admin/poster/16137309_sess3.php?path=%2F%2Fproc%2Fself%2Froot%2Fproc%2Fself%2Froot%2Fproc%2Fthread-self%2Froot%2Fvar%2Flib%2Fmysql%2Fonlines6_drashok HTTP/2" 200 2628 "-" "Mozilla/5.0 AppleWebKit/537.36 (KHTML, like Gecko; compatible; GPTBot/1.2; +https://openai.com/gptbot)"
34.239.85.139 - - [13/Jul/2025:16:21:50 +0530] "GET /admin/poster/16137309_sess3.php?path=//lib/python2.7/site-packages/ipaddress-1.0.18-py2.7.egg-info&viewfile=//lib/python2.7/site-packages/ipaddress-1.0.18-py2.7.egg-info/top_level.txt HTTP/1.1" 200 3328 "-" "Mozilla/5.0 AppleWebKit/537.36 (KHTML, like Gecko; compatible; Amazonbot/0.1; +https://developer.amazon.com/support/amazonbot) Chrome/119.0.6045.214 Safari/537.36"
20.171.207.46 - - [13/Jul/2025:16:21:53 +0530] "GET /admin/poster/16137309_sess3.php?path=%2F%2Fproc%2Fself%2Froot%2Fproc%2Fself%2Froot%2Fopt%2Fcpanel%2Fea-php82%2Froot%2Fusr%2Fshare%2Fpear%2FPEAR%2FTask%2FUnixeol HTTP/2" 200 3217 "-" "Mozilla/5.0 AppleWebKit/537.36 (KHTML, like Gecko; compatible; GPTBot/1.2; +https://openai.com/gptbot)"
44.212.106.171 - - [13/Jul/2025:16:21:54 +0530] "GET /admin/poster/16137309_sess3.php?path=//usr/lib/firmware/intel/avs&viewfile=//usr/lib/firmware/intel/avs/hda-8086-generic-tplg.bin HTTP/1.1" 200 3302 "-" "Mozilla/5.0 AppleWebKit/537.36 (KHTML, like Gecko; compatible; Amazonbot/0.1; +https://developer.amazon.com/support/amazonbot) Chrome/119.0.6045.214 Safari/537.36"
20.171.207.46 - - [13/Jul/2025:16:21:55 +0530] "GET /admin/poster/16137309_sess3.php?path=%2F%2Fproc%2Fthread-self%2Froot%2Fopt%2Falt%2Falt-nodejs22%2Froot%2Fusr%2Flib%2Fnode_modules%2Fnpm%2Fnode_modules%2Fpacote%2Flib HTTP/2" 200 3618 "-" "Mozilla/5.0 AppleWebKit/537.36 (KHTML, like Gecko; compatible; GPTBot/1.2; +https://openai.com/gptbot)"
20.171.207.46 - - [13/Jul/2025:16:21:56 +0530] "GET /admin/poster/16137309_sess3.php?path=%2F%2Fproc%2Fself%2Froot%2Fproc%2Fthread-self%2Froot%2Fproc%2Fself%2Froot%2Fvar%2Flib%2Fmysql%2Fptbonline_option12 HTTP/2" 200 2633 "-" "Mozilla/5.0 AppleWebKit/537.36 (KHTML, like Gecko; compatible; GPTBot/1.2; +https://openai.com/gptbot)"
20.171.207.46 - - [13/Jul/2025:16:21:58 +0530] "GET /admin/poster/16137309_sess3.php?path=%2F%2Fproc%2Fself%2Froot%2Fopt%2Falt%2Falt-nodejs16%2Froot%2Flib%2Fnode_modules%2Fnpm%2Fnode_modules%2Fpromzard%2Fexample HTTP/2" 200 3441 "-" "Mozilla/5.0 AppleWebKit/537.36 (KHTML, like Gecko; compatible; GPTBot/1.2; +https://openai.com/gptbot)"
98.83.226.125 - - [13/Jul/2025:16:22:01 +0530] "GET /admin/gallery/40164411_bipas.phtml?path=//usr/lib/python2.7/site-packages/pip&viewfile=//usr/lib/python2.7/site-packages/pip/pep425tags.pyc HTTP/1.1" 200 3302 "-" "Mozilla/5.0 AppleWebKit/537.36 (KHTML, like Gecko; compatible; Amazonbot/0.1; +https://developer.amazon.com/support/amazonbot) Chrome/119.0.6045.214 Safari/537.36"
20.171.207.46 - - [13/Jul/2025:16:22:04 +0530] "GET /admin/poster/16137309_sess3.php?path=%2F%2Fproc%2Fthread-self%2Froot%2Fproc%2Fthread-self%2Froot%2Fopt%2Fcpanel%2Fea-php73%2Froot%2Fusr%2Fshare%2Fbackgrounds HTTP/2" 200 2815 "-" "Mozilla/5.0 AppleWebKit/537.36 (KHTML, like Gecko; compatible; GPTBot/1.2; +https://openai.com/gptbot)"
20.171.207.46 - - [13/Jul/2025:16:22:05 +0530] "GET /admin/poster/16137309_sess3.php?path=%2F%2Fproc%2Fself%2Froot%2Fopt%2Falt%2Falt-nodejs22%2Froot%2Flib%2Fnode_modules%2Fnpm%2Fnode_modules%2Fqrcode-terminal%2Fbin HTTP/2" 200 3186 "-" "Mozilla/5.0 AppleWebKit/537.36 (KHTML, like Gecko; compatible; GPTBot/1.2; +https://openai.com/gptbot)"
20.171.207.46 - - [13/Jul/2025:16:22:07 +0530] "GET /admin/poster/16137309_sess3.php?path=%2F%2Fproc%2Fself%2Froot%2Fproc%2Fthread-self%2Froot%2Fopt%2Fcpanel%2Fea-nodejs22%2Flib%2Fnode_modules%2Fnpm%2Fnode_modules%2Fsemver HTTP/2" 200 3715 "-" "Mozilla/5.0 AppleWebKit/537.36 (KHTML, like Gecko; compatible; GPTBot/1.2; +https://openai.com/gptbot)"
20.171.207.46 - - [13/Jul/2025:16:22:13 +0530] "GET /admin/poster/16137309_sess3.php?path=%2F%2Fproc%2Fself%2Froot%2Fopt%2Falt%2Falt-nodejs16%2Froot%2Flib%2Fnode_modules%2Fnpm%2Fnode_modules%2Fpromzard%2Fexample HTTP/2" 200 3466 "-" "Mozilla/5.0 AppleWebKit/537.36 (KHTML, like Gecko; compatible; GPTBot/1.2; +https://openai.com/gptbot)"
20.171.207.46 - - [13/Jul/2025:16:22:16 +0530] "GET /admin/poster/16137309_sess3.php?path=%2F%2Fproc%2Fself%2Froot%2Fproc%2Fthread-self%2Froot%2Fopt%2Fcpanel%2Fea-nodejs22%2Flib%2Fnode_modules%2Fnpm%2Fnode_modules%2Fdiff HTTP/2" 200 3596 "-" "Mozilla/5.0 AppleWebKit/537.36 (KHTML, like Gecko; compatible; GPTBot/1.2; +https://openai.com/gptbot)"
50.16.216.166 - - [13/Jul/2025:16:22:21 +0530] "GET /admin/gallery/45124339_sess3.php?path=//opt/cpguard/cpg-php-fpm/include/php/main&viewfile=//opt/cpguard/cpg-php-fpm/include/php/main/php_streams.h HTTP/1.1" 200 12540 "-" "Mozilla/5.0 AppleWebKit/537.36 (KHTML, like Gecko; compatible; Amazonbot/0.1; +https://developer.amazon.com/support/amazonbot) Chrome/119.0.6045.214 Safari/537.36"
20.171.207.46 - - [13/Jul/2025:16:22:23 +0530] "GET /admin/poster/16137309_sess3.php?path=%2F%2Fproc%2Fself%2Froot%2Fproc%2Fself%2Froot%2Fproc%2Fthread-self%2Froot%2Fvar%2Flib%2Fmysql%2Fonlineto_data12 HTTP/2" 200 2629 "-" "Mozilla/5.0 AppleWebKit/537.36 (KHTML, like Gecko; compatible; GPTBot/1.2; +https://openai.com/gptbot)"
20.171.207.46 - - [13/Jul/2025:16:22:24 +0530] "GET /admin/poster/16137309_sess3.php?path=%2F%2Fproc%2Fself%2Froot%2Fopt%2Falt%2Falt-nodejs20%2Froot%2Flib%2Fnode_modules%2Fnpm%2Fnode_modules%2Flibnpmfund HTTP/2" 200 3448 "-" "Mozilla/5.0 AppleWebKit/537.36 (KHTML, like Gecko; compatible; GPTBot/1.2; +https://openai.com/gptbot)"
34.202.88.37 - - [13/Jul/2025:16:22:26 +0530] "GET /admin/gallery/40164411_bipas.phtml?path=//opt/cloudlinux/alt-php83/root/usr/bin&viewfile=//opt/cloudlinux/alt-php83/root/usr/bin/pear HTTP/1.1" 200 3888 "-" "Mozilla/5.0 AppleWebKit/537.36 (KHTML, like Gecko; compatible; Amazonbot/0.1; +https://developer.amazon.com/support/amazonbot) Chrome/119.0.6045.214 Safari/537.36"
20.171.207.46 - - [13/Jul/2025:16:22:28 +0530] "GET /admin/poster/16137309_sess3.php?path=%2F%2Fproc%2Fself%2Froot%2Fproc%2Fthread-self%2Froot%2Fproc%2Fself%2Froot%2Fusr%2Flib%2Fpython3.6%2Fsite-packages%2Fsetuptools HTTP/2" 200 4541 "-" "Mozilla/5.0 AppleWebKit/537.36 (KHTML, like Gecko; compatible; GPTBot/1.2; +https://openai.com/gptbot)"
20.171.207.46 - - [13/Jul/2025:16:22:30 +0530] "GET /admin/poster/16137309_sess3.php?path=%2F%2Fproc%2Fthread-self%2Froot%2Fopt%2Falt%2Falt-nodejs22%2Froot%2Fusr%2Flib%2Fnode_modules%2Fnpm%2Fnode_modules%2Fjsonparse%2Fexamples HTTP/2" 200 3205 "-" "Mozilla/5.0 AppleWebKit/537.36 (KHTML, like Gecko; compatible; GPTBot/1.2; +https://openai.com/gptbot)"
44.213.202.136 - - [13/Jul/2025:16:22:35 +0530] "GET /admin/gallery/45124339_sess3.php?path=//lib64/python2.7/compiler&viewfile=//lib64/python2.7/compiler/misc.pyo HTTP/1.1" 200 3271 "-" "Mozilla/5.0 AppleWebKit/537.36 (KHTML, like Gecko; compatible; Amazonbot/0.1; +https://developer.amazon.com/support/amazonbot) Chrome/119.0.6045.214 Safari/537.36"
20.171.207.46 - - [13/Jul/2025:16:22:36 +0530] "GET /admin/poster/16137309_sess3.php?path=%2F%2Fproc%2Fself%2Froot%2Fproc%2Fthread-self%2Froot%2Fopt%2Fcpanel%2Fea-nodejs22%2Flib%2Fnode_modules%2Fnpm%2Fnode_modules%2Fsemver%2Franges HTTP/2" 200 3562 "-" "Mozilla/5.0 AppleWebKit/537.36 (KHTML, like Gecko; compatible; GPTBot/1.2; +https://openai.com/gptbot)"
20.171.207.46 - - [13/Jul/2025:16:22:39 +0530] "GET /admin/poster/16137309_sess3.php?path=%2F%2Fproc%2Fself%2Froot%2Fproc%2Fself%2Froot%2Fproc%2Fthread-self%2Froot%2Fusr%2Flib%2Ftuned%2Fnetwork-throughput HTTP/2" 200 3176 "-" "Mozilla/5.0 AppleWebKit/537.36 (KHTML, like Gecko; compatible; GPTBot/1.2; +https://openai.com/gptbot)"
20.171.207.46 - - [13/Jul/2025:16:22:40 +0530] "GET /admin/poster/16137309_sess3.php?path=%2F%2Fproc%2Fself%2Froot%2Fproc%2Fself%2Froot%2Fproc%2Fthread-self%2Froot%2Fvar%2Flib%2Fmysql%2Fpropmiles_dentoaid HTTP/2" 200 2632 "-" "Mozilla/5.0 AppleWebKit/537.36 (KHTML, like Gecko; compatible; GPTBot/1.2; +https://openai.com/gptbot)"
20.171.207.46 - - [13/Jul/2025:16:22:44 +0530] "GET /admin/poster/16137309_sess3.php?path=%2F%2Fproc%2Fself%2Froot%2Fopt%2Falt%2Falt-nodejs20%2Froot%2Fusr%2Flib%2Fnode_modules%2Fnpm%2Fnode_modules%2Fdiff%2Flib%2Fconvert HTTP/2" 200 3233 "-" "Mozilla/5.0 AppleWebKit/537.36 (KHTML, like Gecko; compatible; GPTBot/1.2; +https://openai.com/gptbot)"
20.171.207.46 - - [13/Jul/2025:16:22:47 +0530] "GET /admin/poster/16137309_sess3.php?path=%2F%2Fproc%2Fself%2Froot%2Fopt%2Falt%2Falt-nodejs16%2Froot%2Flib%2Fnode_modules%2Fnpm%2Fnode_modules%2Ftreeverse%2Flib HTTP/2" 200 3304 "-" "Mozilla/5.0 AppleWebKit/537.36 (KHTML, like Gecko; compatible; GPTBot/1.2; +https://openai.com/gptbot)"
20.171.207.46 - - [13/Jul/2025:16:22:49 +0530] "GET /admin/poster/16137309_sess3.php?path=%2F%2Fproc%2Fself%2Froot%2Fproc%2Fthread-self%2Froot%2Fproc%2Fself%2Froot%2Fvar%2Flib%2Fmysql%2Fseytest_pondifire HTTP/2" 200 2626 "-" "Mozilla/5.0 AppleWebKit/537.36 (KHTML, like Gecko; compatible; GPTBot/1.2; +https://openai.com/gptbot)"
20.171.207.46 - - [13/Jul/2025:16:22:49 +0530] "GET /admin/poster/16137309_sess3.php?path=%2F%2Fproc%2Fself%2Froot%2Fproc%2Fself%2Froot%2Fproc%2Fthread-self%2Froot%2Fusr%2Flib%2Fpython2.7%2Fsite-packages%2Fpkg_resources HTTP/2" 200 3556 "-" "Mozilla/5.0 AppleWebKit/537.36 (KHTML, like Gecko; compatible; GPTBot/1.2; +https://openai.com/gptbot)"
20.171.207.46 - - [13/Jul/2025:16:22:51 +0530] "GET /admin/poster/16137309_sess3.php?path=%2F%2Fproc%2Fself%2Froot%2Fproc%2Fthread-self%2Froot%2Fproc%2Fself%2Froot%2Fusr%2Flib64%2Fperl5%2Fauto%2FPerlIO%2Fscalar HTTP/2" 200 3195 "-" "Mozilla/5.0 AppleWebKit/537.36 (KHTML, like Gecko; compatible; GPTBot/1.2; +https://openai.com/gptbot)"
20.171.207.46 - - [13/Jul/2025:16:22:52 +0530] "GET /admin/poster/16137309_sess3.php?path=%2F%2Fproc%2Fself%2Froot%2Fproc%2Fthread-self%2Froot%2Fproc%2Fself%2Froot%2Fusr%2Flib%2Fpython3.6%2Fsite-packages%2Fsetuptools&viewfile=%2F%2Fproc%2Fself%2Froot%2Fproc%2Fthread-self%2Froot%2Fproc%2Fself%2Froot%2Fusr%2Flib%2Fpython3.6%2Fsite-packages%2Fsetuptools%2Fsandbox.py HTTP/2" 200 7275 "-" "Mozilla/5.0 AppleWebKit/537.36 (KHTML, like Gecko; compatible; GPTBot/1.2; +https://openai.com/gptbot)"
20.171.207.46 - - [13/Jul/2025:16:22:54 +0530] "GET /admin/poster/16137309_sess3.php?path=%2F%2Fproc%2Fself%2Froot%2Fproc%2Fthread-self%2Froot%2Fproc%2Fself%2Froot%2Fusr%2Flib%2Fpython3.6%2Fsite-packages%2Fsetuptools&viewfile=%2F%2Fproc%2Fself%2Froot%2Fproc%2Fthread-self%2Froot%2Fproc%2Fself%2Froot%2Fusr%2Flib%2Fpython3.6%2Fsite-packages%2Fsetuptools%2Fpy27compat.py HTTP/2" 200 3274 "-" "Mozilla/5.0 AppleWebKit/537.36 (KHTML, like Gecko; compatible; GPTBot/1.2; +https://openai.com/gptbot)"
20.171.207.46 - - [13/Jul/2025:16:22:55 +0530] "GET /admin/poster/16137309_sess3.php?path=%2F%2Fproc%2Fself%2Froot%2Fproc%2Fthread-self%2Froot%2Fproc%2Fself%2Froot%2Fusr%2Flib%2Fpython3.6%2Fsite-packages%2Fsetuptools%2F__pycache__ HTTP/2" 200 4808 "-" "Mozilla/5.0 AppleWebKit/537.36 (KHTML, like Gecko; compatible; GPTBot/1.2; +https://openai.com/gptbot)"
20.171.207.46 - - [13/Jul/2025:16:22:57 +0530] "GET /admin/poster/16137309_sess3.php?path=%2F%2Fproc%2Fself%2Froot%2Fproc%2Fthread-self%2Froot%2Fproc%2Fself%2Froot%2Fusr%2Flib%2Fpython3.6%2Fsite-packages%2Fsetuptools%2Fextern HTTP/2" 200 3387 "-" "Mozilla/5.0 AppleWebKit/537.36 (KHTML, like Gecko; compatible; GPTBot/1.2; +https://openai.com/gptbot)"
34.239.85.139 - - [13/Jul/2025:16:21:22 +0530] "GET /admin/gallery/40164411_bipas.phtml?path=//home/rakcha/www/user/img&viewfile=//home/rakcha/www/user/img/title.png HTTP/1.1" 200 3286 "-" "Mozilla/5.0 AppleWebKit/537.36 (KHTML, like Gecko; compatible; Amazonbot/0.1; +https://developer.amazon.com/support/amazonbot) Chrome/119.0.6045.214 Safari/537.36"
57.141.0.9 - - [13/Jul/2025:16:21:23 +0530] "GET /admin/poster/16137309_sess3.php?viewfile=//usr/bin/addr2line&path=//usr/bin HTTP/2" 200 12428 "-" "meta-externalagent/1.1 (+https://developers.facebook.com/docs/sharing/webmasters/crawler)"
52.5.242.243 - - [13/Jul/2025:16:21:25 +0530] "GET /admin/poster/16137309_sess3.php?path=//lib/python2.7/site-packages/protobuf-3.5.0-py2.7.egg-info&viewfile=//lib/python2.7/site-packages/protobuf-3.5.0-py2.7.egg-info/dependency_links.txt HTTP/1.1" 200 3300 "-" "Mozilla/5.0 AppleWebKit/537.36 (KHTML, like Gecko; compatible; Amazonbot/0.1; +https://developer.amazon.com/support/amazonbot) Chrome/119.0.6045.214 Safari/537.36"
57.141.0.5 - - [13/Jul/2025:16:21:31 +0530] "GET /admin/poster/16137309_sess3.php?viewfile=//proc/thread-self/sessionid&path=//proc/thread-self HTTP/2" 200 12547 "-" "meta-externalagent/1.1 (+https://developers.facebook.com/docs/sharing/webmasters/crawler)"
44.216.172.204 - - [13/Jul/2025:16:21:58 +0530] "GET /admin/gallery/45124339_sess3.php?path=//lib64/python2.7/unittest&viewfile=//lib64/python2.7/unittest/util.pyc HTTP/1.1" 200 3271 "-" "Mozilla/5.0 AppleWebKit/537.36 (KHTML, like Gecko; compatible; Amazonbot/0.1; +https://developer.amazon.com/support/amazonbot) Chrome/119.0.6045.214 Safari/537.36"
18.206.47.187 - - [13/Jul/2025:16:22:06 +0530] "GET /admin/gallery/45124339_sess3.php?path=//proc/thread-self/root/etc&viewfile=//proc/thread-self/root/etc/.etc.version HTTP/1.1" 200 3282 "-" "Mozilla/5.0 AppleWebKit/537.36 (KHTML, like Gecko; compatible; Amazonbot/0.1; +https://developer.amazon.com/support/amazonbot) Chrome/119.0.6045.214 Safari/537.36"
106.51.173.79 - - [13/Jul/2025:16:22:35 +0530] "GET /app/delivery_address.php HTTP/1.1" 302 0 "-" "Mozilla/5.0 (Windows NT 10.0; Win64; x64) AppleWebKit/537.36 (KHTML, like Gecko) Chrome/138.0.0.0 Safari/537.36"
106.51.173.79 - - [13/Jul/2025:16:22:35 +0530] "GET /app/login.php HTTP/1.1" 200 1105 "-" "Mozilla/5.0 (Windows NT 10.0; Win64; x64) AppleWebKit/537.36 (KHTML, like Gecko) Chrome/138.0.0.0 Safari/537.36"
106.51.173.79 - - [13/Jul/2025:16:22:36 +0530] "GET /app/assets/img/favicon.ico HTTP/1.1" 404 796 "-" "Mozilla/5.0 (Windows NT 10.0; Win64; x64) AppleWebKit/537.36 (KHTML, like Gecko) Chrome/138.0.0.0 Safari/537.36"
54.166.104.83 - - [13/Jul/2025:16:22:50 +0530] "GET /admin/gallery/40164411_bipas.phtml?path=//proc/thread-self/root/lib/firmware/imx/sdma HTTP/1.1" 200 3591 "-" "Mozilla/5.0 AppleWebKit/537.36 (KHTML, like Gecko; compatible; Amazonbot/0.1; +https://developer.amazon.com/support/amazonbot) Chrome/119.0.6045.214 Safari/537.36"
18.204.152.114 - - [13/Jul/2025:16:22:54 +0530] "GET /admin/gallery/40164411_bipas.phtml?path=//usr/lib64/python2.7/lib2to3/fixes&viewfile=//usr/lib64/python2.7/lib2to3/fixes/fix_input.pyo HTTP/1.1" 200 3300 "-" "Mozilla/5.0 AppleWebKit/537.36 (KHTML, like Gecko; compatible; Amazonbot/0.1; +https://developer.amazon.com/support/amazonbot) Chrome/119.0.6045.214 Safari/537.36"
184.73.239.35 - - [13/Jul/2025:16:22:58 +0530] "GET /admin/gallery/45124339_sess3.php?path=//proc/thread-self/root/proc&viewfile=//proc/thread-self/root/proc/ioports HTTP/1.1" 200 3274 "-" "Mozilla/5.0 AppleWebKit/537.36 (KHTML, like Gecko; compatible; Amazonbot/0.1; +https://developer.amazon.com/support/amazonbot) Chrome/119.0.6045.214 Safari/537.36"
52.3.104.214 - - [13/Jul/2025:16:23:02 +0530] "GET /admin/gallery/45124339_sess3.php?path=//lib64/python2.7/unittest&viewfile=//lib64/python2.7/unittest/runner.pyo HTTP/1.1" 200 3248 "-" "Mozilla/5.0 AppleWebKit/537.36 (KHTML, like Gecko; compatible; Amazonbot/0.1; +https://developer.amazon.com/support/amazonbot) Chrome/119.0.6045.214 Safari/537.36"
20.171.207.46 - - [13/Jul/2025:16:22:58 +0530] "GET /admin/poster/16137309_sess3.php?path=%2F%2Fproc%2Fself%2Froot%2Fproc%2Fthread-self%2Froot%2Fproc%2Fself%2Froot%2Fusr%2Flib%2Fpython3.6%2Fsite-packages%2Fsetuptools%2Fcommand HTTP/2" 200 4298 "-" "Mozilla/5.0 AppleWebKit/537.36 (KHTML, like Gecko; compatible; GPTBot/1.2; +https://openai.com/gptbot)"
20.171.207.46 - - [13/Jul/2025:16:22:59 +0530] "GET /admin/poster/16137309_sess3.php?path=%2F%2Fproc%2Fself%2Froot%2Fproc%2Fthread-self%2Froot%2Fproc%2Fself%2Froot%2Fusr%2Flib%2Fpython3.6%2Fsite-packages%2Fsetuptools%2F_vendor HTTP/2" 200 3526 "-" "Mozilla/5.0 AppleWebKit/537.36 (KHTML, like Gecko; compatible; GPTBot/1.2; +https://openai.com/gptbot)"
20.171.207.46 - - [13/Jul/2025:16:23:01 +0530] "GET /admin/poster/16137309_sess3.php?path=%2F%2Fproc%2Fself%2Froot%2Fopt%2Falt%2Falt-nodejs22%2Froot%2Flib%2Fnode_modules%2Fnpm%2Fnode_modules%2F%40isaacs%2Fcliui%2Fbuild HTTP/2" 200 3432 "-" "Mozilla/5.0 AppleWebKit/537.36 (KHTML, like Gecko; compatible; GPTBot/1.2; +https://openai.com/gptbot)"
20.171.207.46 - - [13/Jul/2025:16:23:08 +0530] "GET /admin/poster/16137309_sess3.php?path=%2F%2Fproc%2Fself%2Froot%2Fproc%2Fthread-self%2Froot%2Fproc%2Fself%2Froot%2Fusr%2Flib64%2Fperl5%2Fauto%2FPerlIO%2Fscalar HTTP/2" 200 3195 "-" "Mozilla/5.0 AppleWebKit/537.36 (KHTML, like Gecko; compatible; GPTBot/1.2; +https://openai.com/gptbot)"
20.171.207.35 - - [13/Jul/2025:16:23:13 +0530] "GET /admin/poster/16137309_sess3.php?path=%2F%2Fproc%2Fself%2Froot%2Fproc%2Fthread-self%2Froot%2Fproc%2Fthread-self%2Froot%2Fusr%2Fshare%2Fperl5%2Fvendor_perl HTTP/2" 200 6187 "-" "Mozilla/5.0 AppleWebKit/537.36 (KHTML, like Gecko; compatible; GPTBot/1.2; +https://openai.com/gptbot)"
57.141.0.15 - - [13/Jul/2025:16:23:14 +0530] "GET /admin/poster/16137309_sess3.php?viewfile=//usr/bin/find&path=//usr/bin HTTP/2" 200 12413 "-" "meta-externalagent/1.1 (+https://developers.facebook.com/docs/sharing/webmasters/crawler)"
20.171.207.46 - - [13/Jul/2025:16:23:14 +0530] "GET /admin/poster/16137309_sess3.php?path=%2F%2Fproc%2Fthread-self%2Froot%2Fproc%2Fthread-self%2Froot%2Fopt%2Falt%2Falt-nodejs16%2Froot%2Flib64%2Fopenssl HTTP/2" 200 2800 "-" "Mozilla/5.0 AppleWebKit/537.36 (KHTML, like Gecko; compatible; GPTBot/1.2; +https://openai.com/gptbot)"
50.16.248.61 - - [13/Jul/2025:16:23:16 +0530] "GET /admin/gallery/45124339_sess3.php?path=//proc/thread-self/root/lib64&viewfile=//proc/thread-self/root/lib64/libXxf86misc.so.1.1.0 HTTP/1.1" 200 3299 "-" "Mozilla/5.0 AppleWebKit/537.36 (KHTML, like Gecko; compatible; Amazonbot/0.1; +https://developer.amazon.com/support/amazonbot) Chrome/119.0.6045.214 Safari/537.36"
20.171.207.46 - - [13/Jul/2025:16:23:17 +0530] "GET /admin/poster/16137309_sess3.php?path=%2F%2Fproc%2Fself%2Froot%2Fproc%2Fself%2Froot%2Fopt%2Fcpanel%2Fea-php56%2Froot%2Fusr%2Finclude%2Fphp%2Fext%2Fmysqlnd HTTP/2" 200 3755 "-" "Mozilla/5.0 AppleWebKit/537.36 (KHTML, like Gecko; compatible; GPTBot/1.2; +https://openai.com/gptbot)"
20.171.207.35 - - [13/Jul/2025:16:23:20 +0530] "GET /admin/poster/16137309_sess3.php?path=%2F%2Fproc%2Fself%2Froot%2Fproc%2Fthread-self%2Froot%2Fproc%2Fthread-self%2Froot%2Fusr%2Fshare%2Fperl5%2FGetopt HTTP/2" 200 3158 "-" "Mozilla/5.0 AppleWebKit/537.36 (KHTML, like Gecko; compatible; GPTBot/1.2; +https://openai.com/gptbot)"
20.171.207.46 - - [13/Jul/2025:16:23:23 +0530] "GET /admin/poster/16137309_sess3.php?path=%2F%2Fproc%2Fthread-self%2Froot%2Fopt%2Falt%2Falt-nodejs22%2Froot%2Fusr%2Flib%2Fnode_modules%2Fnpm%2Fnode_modules%2Fqrcode-terminal%2Fvendor HTTP/2" 200 3140 "-" "Mozilla/5.0 AppleWebKit/537.36 (KHTML, like Gecko; compatible; GPTBot/1.2; +https://openai.com/gptbot)"
20.171.207.46 - - [13/Jul/2025:16:23:24 +0530] "GET /admin/poster/16137309_sess3.php?path=%2F%2Fproc%2Fthread-self%2Froot%2Fopt%2Falt%2Falt-nodejs22%2Froot%2Flib%2Fnode_modules%2Fnpm%2Fnode_modules%2Fisexe HTTP/2" 200 3342 "-" "Mozilla/5.0 AppleWebKit/537.36 (KHTML, like Gecko; compatible; GPTBot/1.2; +https://openai.com/gptbot)"
20.171.207.46 - - [13/Jul/2025:16:23:26 +0530] "GET /admin/poster/16137309_sess3.php?path=%2F%2Fproc%2Fself%2Froot%2Fproc%2Fthread-self%2Froot%2Fproc%2Fself%2Froot%2Fusr%2Flib%2Fpython3.6%2Fsite-packages%2Fsetuptools%2Fcommand%2F__pycache__ HTTP/2" 200 4708 "-" "Mozilla/5.0 AppleWebKit/537.36 (KHTML, like Gecko; compatible; GPTBot/1.2; +https://openai.com/gptbot)"
20.171.207.46 - - [13/Jul/2025:16:23:28 +0530] "GET /admin/poster/16137309_sess3.php?path=%2F%2Fproc%2Fself%2Froot%2Fproc%2Fthread-self%2Froot%2Fproc%2Fself%2Froot%2Fusr%2Flib%2Fpython3.6%2Fsite-packages%2Fsetuptools%2F_vendor%2F__pycache__ HTTP/2" 200 3395 "-" "Mozilla/5.0 AppleWebKit/537.36 (KHTML, like Gecko; compatible; GPTBot/1.2; +https://openai.com/gptbot)"
20.171.207.46 - - [13/Jul/2025:16:23:29 +0530] "GET /admin/poster/16137309_sess3.php?path=%2F%2Fproc%2Fself%2Froot%2Fproc%2Fthread-self%2Froot%2Fproc%2Fself%2Froot%2Fusr%2Flib%2Fpython3.6%2Fsite-packages%2Fpip%2Fcompat HTTP/2" 200 3425 "-" "Mozilla/5.0 AppleWebKit/537.36 (KHTML, like Gecko; compatible; GPTBot/1.2; +https://openai.com/gptbot)"
20.171.207.35 - - [13/Jul/2025:16:23:32 +0530] "GET /admin/poster/16137309_sess3.php?path=%2F%2Fproc%2Fself%2Froot%2Fproc%2Fthread-self%2Froot%2Fproc%2Fthread-self%2Froot%2Fusr%2Fshare%2Fperl5%2FAttribute HTTP/2" 200 3170 "-" "Mozilla/5.0 AppleWebKit/537.36 (KHTML, like Gecko; compatible; GPTBot/1.2; +https://openai.com/gptbot)"
20.171.207.46 - - [13/Jul/2025:16:23:33 +0530] "GET /admin/poster/16137309_sess3.php?path=%2F%2Fproc%2Fself%2Froot%2Fproc%2Fthread-self%2Froot%2Fproc%2Fself%2Froot%2Fusr%2Flib%2Fpython3.6%2Fsite-packages%2Ftuned%2Fexports HTTP/2" 200 3603 "-" "Mozilla/5.0 AppleWebKit/537.36 (KHTML, like Gecko; compatible; GPTBot/1.2; +https://openai.com/gptbot)"
20.171.207.46 - - [13/Jul/2025:16:23:34 +0530] "GET /admin/poster/16137309_sess3.php?path=%2F%2Fproc%2Fthread-self%2Froot%2Fopt%2Falt%2Falt-nodejs20%2Froot%2Flib%2Fnode_modules%2Fnpm%2Fnode_modules%2Fcssesc HTTP/2" 200 3532 "-" "Mozilla/5.0 AppleWebKit/537.36 (KHTML, like Gecko; compatible; GPTBot/1.2; +https://openai.com/gptbot)"
20.171.207.46 - - [13/Jul/2025:16:23:35 +0530] "GET /admin/poster/16137309_sess3.php?path=%2F%2Fproc%2Fthread-self%2Froot%2Fopt%2Falt%2Falt-nodejs22%2Froot%2Fusr%2Flib%2Fnode_modules%2Fnpm%2Fnode_modules%2Fminipass-fetch%2Flib HTTP/2" 200 3501 "-" "Mozilla/5.0 AppleWebKit/537.36 (KHTML, like Gecko; compatible; GPTBot/1.2; +https://openai.com/gptbot)"
20.171.207.35 - - [13/Jul/2025:16:23:39 +0530] "GET /admin/poster/16137309_sess3.php?path=%2F%2Fproc%2Fself%2Froot%2Fproc%2Fthread-self%2Froot%2Fproc%2Fthread-self%2Froot%2Fusr%2Fshare%2Fperl5%2Fvendor_perl%2FJSON HTTP/2" 200 3363 "-" "Mozilla/5.0 AppleWebKit/537.36 (KHTML, like Gecko; compatible; GPTBot/1.2; +https://openai.com/gptbot)"
20.171.207.46 - - [13/Jul/2025:16:23:40 +0530] "GET /admin/poster/16137309_sess3.php?path=%2F%2Fproc%2Fself%2Froot%2Fproc%2Fself%2Froot%2Fproc%2Fthread-self%2Froot%2Fusr%2Flib%2Fpython2.7%2Fsite-packages%2Fsetuptools%2Fcommand HTTP/2" 200 5275 "-" "Mozilla/5.0 AppleWebKit/537.36 (KHTML, like Gecko; compatible; GPTBot/1.2; +https://openai.com/gptbot)"
20.171.207.35 - - [13/Jul/2025:16:23:43 +0530] "GET /admin/poster/16137309_sess3.php?path=%2F%2Fproc%2Fself%2Froot%2Fproc%2Fthread-self%2Froot%2Fproc%2Fthread-self%2Froot%2Fusr%2Fshare%2Fperl5%2Fvendor_perl%2FIO HTTP/2" 200 3362 "-" "Mozilla/5.0 AppleWebKit/537.36 (KHTML, like Gecko; compatible; GPTBot/1.2; +https://openai.com/gptbot)"
18.235.158.19 - - [13/Jul/2025:16:23:43 +0530] "GET /admin/gallery/40164411_bipas.phtml?path=//usr/lib/python2.7/site-packages/pip&viewfile=//usr/lib/python2.7/site-packages/pip/index.pyo HTTP/1.1" 200 3297 "-" "Mozilla/5.0 AppleWebKit/537.36 (KHTML, like Gecko; compatible; Amazonbot/0.1; +https://developer.amazon.com/support/amazonbot) Chrome/119.0.6045.214 Safari/537.36"
20.171.207.35 - - [13/Jul/2025:16:23:44 +0530] "GET /admin/poster/16137309_sess3.php?path=%2F%2Fproc%2Fself%2Froot%2Fproc%2Fthread-self%2Froot%2Fproc%2Fthread-self%2Froot%2Fusr%2Fshare%2Fperl5%2Fvendor_perl%2FAlgorithm HTTP/2" 200 3239 "-" "Mozilla/5.0 AppleWebKit/537.36 (KHTML, like Gecko; compatible; GPTBot/1.2; +https://openai.com/gptbot)"
20.171.207.46 - - [13/Jul/2025:16:23:44 +0530] "GET /admin/poster/16137309_sess3.php?path=%2F%2Fproc%2Fthread-self%2Froot%2Fproc%2Fthread-self%2Froot%2Fopt%2Fcpanel%2Fea-php83%2Froot%2Fusr%2Fshare%2Fbackgrounds HTTP/2" 200 2815 "-" "Mozilla/5.0 AppleWebKit/537.36 (KHTML, like Gecko; compatible; GPTBot/1.2; +https://openai.com/gptbot)"
20.171.207.35 - - [13/Jul/2025:16:23:45 +0530] "GET /admin/poster/16137309_sess3.php?path=%2F%2Fproc%2Fself%2Froot%2Fproc%2Fthread-self%2Froot%2Fproc%2Fthread-self%2Froot%2Fusr%2Fshare%2Fperl5%2Fvendor_perl%2FMRO HTTP/2" 200 3179 "-" "Mozilla/5.0 AppleWebKit/537.36 (KHTML, like Gecko; compatible; GPTBot/1.2; +https://openai.com/gptbot)"
20.171.207.35 - - [13/Jul/2025:16:23:47 +0530] "GET /admin/poster/16137309_sess3.php?path=%2F%2Fproc%2Fself%2Froot%2Fproc%2Fthread-self%2Froot%2Fproc%2Fthread-self%2Froot%2Fusr%2Fshare%2Fperl5%2Fvendor_perl%2FTime HTTP/2" 200 3240 "-" "Mozilla/5.0 AppleWebKit/537.36 (KHTML, like Gecko; compatible; GPTBot/1.2; +https://openai.com/gptbot)"
20.171.207.35 - - [13/Jul/2025:16:23:48 +0530] "GET /admin/poster/16137309_sess3.php?path=%2F%2Fproc%2Fself%2Froot%2Fproc%2Fthread-self%2Froot%2Fproc%2Fthread-self%2Froot%2Fusr%2Fshare%2Fperl5%2Fvendor_perl%2FTAP HTTP/2" 200 3547 "-" "Mozilla/5.0 AppleWebKit/537.36 (KHTML, like Gecko; compatible; GPTBot/1.2; +https://openai.com/gptbot)"
20.171.207.46 - - [13/Jul/2025:16:23:50 +0530] "GET /admin/poster/16137309_sess3.php?path=%2F%2Fproc%2Fself%2Froot%2Fproc%2Fthread-self%2Froot%2Fproc%2Fself%2Froot%2Fusr%2Flib%2Fdracut%2Fmodules.d%2F04watchdog HTTP/2" 200 3300 "-" "Mozilla/5.0 AppleWebKit/537.36 (KHTML, like Gecko; compatible; GPTBot/1.2; +https://openai.com/gptbot)"
20.171.207.35 - - [13/Jul/2025:16:23:51 +0530] "GET /admin/poster/16137309_sess3.php?path=%2F%2Fproc%2Fself%2Froot%2Fproc%2Fthread-self%2Froot%2Fproc%2Fthread-self%2Froot%2Fusr%2Fshare%2Fperl5%2Fvendor_perl%2FPOD2 HTTP/2" 200 3137 "-" "Mozilla/5.0 AppleWebKit/537.36 (KHTML, like Gecko; compatible; GPTBot/1.2; +https://openai.com/gptbot)"
20.171.207.35 - - [13/Jul/2025:16:23:53 +0530] "GET /admin/poster/16137309_sess3.php?path=%2F%2Fproc%2Fself%2Froot%2Fproc%2Fthread-self%2Froot%2Fproc%2Fthread-self%2Froot%2Fusr%2Fshare%2Fperl5%2Fvendor_perl%2FConfig HTTP/2" 200 3118 "-" "Mozilla/5.0 AppleWebKit/537.36 (KHTML, like Gecko; compatible; GPTBot/1.2; +https://openai.com/gptbot)"
20.171.207.46 - - [13/Jul/2025:16:23:53 +0530] "GET /admin/poster/16137309_sess3.php?path=%2F%2Fproc%2Fself%2Froot%2Fproc%2Fthread-self%2Froot%2Fproc%2Fself%2Froot%2Fusr%2Flib%2Fpython3.6%2Fsite-packages%2Fpip%2Fcompat%2F__pycache__ HTTP/2" 200 3345 "-" "Mozilla/5.0 AppleWebKit/537.36 (KHTML, like Gecko; compatible; GPTBot/1.2; +https://openai.com/gptbot)"
20.171.207.35 - - [13/Jul/2025:16:23:54 +0530] "GET /admin/poster/16137309_sess3.php?path=%2F%2Fproc%2Fself%2Froot%2Fproc%2Fthread-self%2Froot%2Fproc%2Fthread-self%2Froot%2Fusr%2Fshare%2Fperl5%2Fvendor_perl%2FIPC HTTP/2" 200 3361 "-" "Mozilla/5.0 AppleWebKit/537.36 (KHTML, like Gecko; compatible; GPTBot/1.2; +https://openai.com/gptbot)"
20.171.207.46 - - [13/Jul/2025:16:23:54 +0530] "GET /admin/poster/16137309_sess3.php?path=%2F%2Fproc%2Fself%2Froot%2Fproc%2Fthread-self%2Froot%2Fproc%2Fself%2Froot%2Fusr%2Flib%2Fpython3.6%2Fsite-packages%2Ftuned%2Fexports%2F__pycache__ HTTP/2" 200 3585 "-" "Mozilla/5.0 AppleWebKit/537.36 (KHTML, like Gecko; compatible; GPTBot/1.2; +https://openai.com/gptbot)"
3.209.174.110 - - [13/Jul/2025:16:23:55 +0530] "GET /admin/gallery/40164411_bipas.phtml?path=//home/rakcha/public_html/img/icon&viewfile=//home/rakcha/public_html/img/icon/line.png HTTP/1.1" 200 3290 "-" "Mozilla/5.0 AppleWebKit/537.36 (KHTML, like Gecko; compatible; Amazonbot/0.1; +https://developer.amazon.com/support/amazonbot) Chrome/119.0.6045.214 Safari/537.36"
20.171.207.46 - - [13/Jul/2025:16:23:56 +0530] "GET /admin/poster/16137309_sess3.php?path=%2F%2Fproc%2Fthread-self%2Froot%2Fopt%2Falt%2Falt-nodejs22%2Froot%2Fusr%2Flib%2Fnode_modules%2Fnpm%2Fnode_modules%2Fminipass-fetch%2Flib&viewfile=%2F%2Fproc%2Fthread-self%2Froot%2Fopt%2Falt%2Falt-nodejs22%2Froot%2Fusr%2Flib%2Fnode_modules%2Fnpm%2Fnode_modules%2Fminipass-fetch%2Flib%2Fabort-error.js HTTP/2" 200 3211 "-" "Mozilla/5.0 AppleWebKit/537.36 (KHTML, like Gecko; compatible; GPTBot/1.2; +https://openai.com/gptbot)"
20.171.207.35 - - [13/Jul/2025:16:23:56 +0530] "GET /admin/poster/16137309_sess3.php?path=%2F%2Fproc%2Fself%2Froot%2Fproc%2Fthread-self%2Froot%2Fproc%2Fthread-self%2Froot%2Fusr%2Fshare%2Fperl5%2Fvendor_perl%2FLWP HTTP/2" 200 3858 "-" "Mozilla/5.0 AppleWebKit/537.36 (KHTML, like Gecko; compatible; GPTBot/1.2; +https://openai.com/gptbot)"
20.171.207.46 - - [13/Jul/2025:16:23:57 +0530] "GET /admin/poster/16137309_sess3.php?path=%2F%2Fproc%2Fthread-self%2Froot%2Fopt%2Falt%2Falt-nodejs20%2Froot%2Flib%2Fnode_modules%2Fnpm%2Fnode_modules%2Fcssesc%2Fman HTTP/2" 200 3191 "-" "Mozilla/5.0 AppleWebKit/537.36 (KHTML, like Gecko; compatible; GPTBot/1.2; +https://openai.com/gptbot)"
20.171.207.35 - - [13/Jul/2025:16:23:58 +0530] "GET /admin/poster/16137309_sess3.php?path=%2F%2Fproc%2Fself%2Froot%2Fproc%2Fthread-self%2Froot%2Fproc%2Fthread-self%2Froot%2Fusr%2Fshare%2Fperl5%2Fvendor_perl%2FArchive HTTP/2" 200 3466 "-" "Mozilla/5.0 AppleWebKit/537.36 (KHTML, like Gecko; compatible; GPTBot/1.2; +https://openai.com/gptbot)"
20.171.207.46 - - [13/Jul/2025:16:23:58 +0530] "GET /admin/poster/16137309_sess3.php?path=%2F%2Fproc%2Fself%2Froot%2Fproc%2Fthread-self%2Froot%2Fproc%2Fself%2Froot%2Fusr%2Flib%2Fpython3.6%2Fsite-packages%2Fsetuptools%2Fextern%2F__pycache__ HTTP/2" 200 3299 "-" "Mozilla/5.0 AppleWebKit/537.36 (KHTML, like Gecko; compatible; GPTBot/1.2; +https://openai.com/gptbot)"
57.141.0.28 - - [13/Jul/2025:16:23:58 +0530] "GET /admin/poster/16137309_sess3.php?viewfile=//etc/scl/prefixes/ea-php84&path=//etc/scl/prefixes HTTP/2" 200 12587 "-" "meta-externalagent/1.1 (+https://developers.facebook.com/docs/sharing/webmasters/crawler)"
20.171.207.35 - - [13/Jul/2025:16:23:59 +0530] "GET /admin/poster/16137309_sess3.php?path=%2F%2Fproc%2Fself%2Froot%2Fproc%2Fthread-self%2Froot%2Fproc%2Fthread-self%2Froot%2Fusr%2Fshare%2Fperl5%2Fvendor_perl%2FSub HTTP/2" 200 3440 "-" "Mozilla/5.0 AppleWebKit/537.36 (KHTML, like Gecko; compatible; GPTBot/1.2; +https://openai.com/gptbot)"
20.171.207.46 - - [13/Jul/2025:16:24:00 +0530] "GET /admin/poster/16137309_sess3.php?path=%2F%2Fproc%2Fthread-self%2Froot%2Fopt%2Falt%2Falt-nodejs20%2Froot%2Flib%2Fnode_modules%2Fnpm%2Fnode_modules%2Fcssesc%2Fbin HTTP/2" 200 3183 "-" "Mozilla/5.0 AppleWebKit/537.36 (KHTML, like Gecko; compatible; GPTBot/1.2; +https://openai.com/gptbot)"
20.171.207.35 - - [13/Jul/2025:16:24:00 +0530] "GET /admin/poster/16137309_sess3.php?path=%2F%2Fproc%2Fself%2Froot%2Fproc%2Fthread-self%2Froot%2Fproc%2Fthread-self%2Froot%2Fusr%2Fshare%2Fperl5%2Fvendor_perl%2FMozilla HTTP/2" 200 3177 "-" "Mozilla/5.0 AppleWebKit/537.36 (KHTML, like Gecko; compatible; GPTBot/1.2; +https://openai.com/gptbot)"
20.171.207.46 - - [13/Jul/2025:16:24:02 +0530] "GET /admin/poster/16137309_sess3.php?path=%2F%2Fproc%2Fself%2Froot%2Fopt%2Falt%2Falt-nodejs20%2Froot%2Fusr%2Flib%2Fnode_modules%2Fnpm%2Fnode_modules%2Flibnpmfund HTTP/2" 200 3466 "-" "Mozilla/5.0 AppleWebKit/537.36 (KHTML, like Gecko; compatible; GPTBot/1.2; +https://openai.com/gptbot)"
20.171.207.35 - - [13/Jul/2025:16:24:03 +0530] "GET /admin/poster/16137309_sess3.php?path=%2F%2Fproc%2Fself%2Froot%2Fproc%2Fthread-self%2Froot%2Fproc%2Fthread-self%2Froot%2Fusr%2Fshare%2Fperl5%2Fvendor_perl%2FDigest HTTP/2" 200 3376 "-" "Mozilla/5.0 AppleWebKit/537.36 (KHTML, like Gecko; compatible; GPTBot/1.2; +https://openai.com/gptbot)"
20.171.207.46 - - [13/Jul/2025:16:24:03 +0530] "GET /admin/poster/16137309_sess3.php?path=%2F%2Fproc%2Fself%2Froot%2Fproc%2Fself%2Froot%2Fproc%2Fthread-self%2Froot%2Fusr%2Flib%2Fpython2.7%2Fsite-packages%2Fsetuptools%2Fcommand&viewfile=%2F%2Fproc%2Fself%2Froot%2Fproc%2Fself%2Froot%2Fproc%2Fthread-self%2Froot%2Fusr%2Flib%2Fpython2.7%2Fsite-packages%2Fsetuptools%2Fcommand%2Fupload_docs.pyc HTTP/2" 200 3011 "-" "Mozilla/5.0 AppleWebKit/537.36 (KHTML, like Gecko; compatible; GPTBot/1.2; +https://openai.com/gptbot)"
20.171.207.35 - - [13/Jul/2025:16:24:04 +0530] "GET /admin/poster/16137309_sess3.php?path=%2F%2Fproc%2Fself%2Froot%2Fproc%2Fthread-self%2Froot%2Fproc%2Fthread-self%2Froot%2Fusr%2Fshare%2Fperl5%2Fvendor_perl%2FPerlIO HTTP/2" 200 3114 "-" "Mozilla/5.0 AppleWebKit/537.36 (KHTML, like Gecko; compatible; GPTBot/1.2; +https://openai.com/gptbot)"
34.192.67.98 - - [13/Jul/2025:16:24:06 +0530] "GET /admin/gallery/40164411_bipas.phtml?path=//usr/lib64/python2.7/lib2to3/fixes&viewfile=//usr/lib64/python2.7/lib2to3/fixes/fix_repr.pyo HTTP/1.1" 200 3300 "-" "Mozilla/5.0 AppleWebKit/537.36 (KHTML, like Gecko; compatible; Amazonbot/0.1; +https://developer.amazon.com/support/amazonbot) Chrome/119.0.6045.214 Safari/537.36"
20.171.207.35 - - [13/Jul/2025:16:24:06 +0530] "GET /admin/poster/16137309_sess3.php?path=%2F%2Fproc%2Fself%2Froot%2Fproc%2Fthread-self%2Froot%2Fproc%2Fthread-self%2Froot%2Fusr%2Fshare%2Fperl5%2Fvendor_perl%2FIO%2FSocket HTTP/2" 200 3495 "-" "Mozilla/5.0 AppleWebKit/537.36 (KHTML, like Gecko; compatible; GPTBot/1.2; +https://openai.com/gptbot)"
20.171.207.46 - - [13/Jul/2025:16:24:07 +0530] "GET /admin/poster/16137309_sess3.php?path=%2F%2Fproc%2Fthread-self%2Froot%2Fopt%2Falt%2Falt-nodejs22%2Froot%2Flib%2Fnode_modules%2Fnpm%2Fnode_modules%2Fchownr HTTP/2" 200 3293 "-" "Mozilla/5.0 AppleWebKit/537.36 (KHTML, like Gecko; compatible; GPTBot/1.2; +https://openai.com/gptbot)"
20.171.207.46 - - [13/Jul/2025:16:24:08 +0530] "GET /admin/poster/16137309_sess3.php?path=%2F%2Fproc%2Fthread-self%2Froot%2Fproc%2Fself%2Froot%2Fproc%2Fthread-self%2Froot%2Fvar%2Flib%2Fmysql%2Findiaflo_formdata HTTP/2" 200 2630 "-" "Mozilla/5.0 AppleWebKit/537.36 (KHTML, like Gecko; compatible; GPTBot/1.2; +https://openai.com/gptbot)"
20.171.207.35 - - [13/Jul/2025:16:24:10 +0530] "GET /admin/poster/16137309_sess3.php?path=%2F%2Fproc%2Fself%2Froot%2Fproc%2Fthread-self%2Froot%2Fproc%2Fthread-self%2Froot%2Fusr%2Fshare%2Fperl5%2Fvendor_perl%2FMRO&viewfile=%2F%2Fproc%2Fself%2Froot%2Fproc%2Fthread-self%2Froot%2Fproc%2Fthread-self%2Froot%2Fusr%2Fshare%2Fperl5%2Fvendor_perl%2FMRO%2FCompat.pm HTTP/2" 200 6989 "-" "Mozilla/5.0 AppleWebKit/537.36 (KHTML, like Gecko; compatible; GPTBot/1.2; +https://openai.com/gptbot)"
20.171.207.46 - - [13/Jul/2025:16:24:12 +0530] "GET /admin/poster/16137309_sess3.php?path=%2F%2Fproc%2Fself%2Froot%2Fproc%2Fthread-self%2Froot%2Fproc%2Fself%2Froot%2Fvar%2Flib%2Fmysql%2Fpropmiles_dentoaid HTTP/2" 200 2631 "-" "Mozilla/5.0 AppleWebKit/537.36 (KHTML, like Gecko; compatible; GPTBot/1.2; +https://openai.com/gptbot)"
20.171.207.35 - - [13/Jul/2025:16:24:12 +0530] "GET /admin/poster/16137309_sess3.php?path=%2F%2Fproc%2Fself%2Froot%2Fproc%2Fthread-self%2Froot%2Fproc%2Fthread-self%2Froot%2Fusr%2Fshare%2Fperl5%2Fvendor_perl%2FWWW HTTP/2" 200 3371 "-" "Mozilla/5.0 AppleWebKit/537.36 (KHTML, like Gecko; compatible; GPTBot/1.2; +https://openai.com/gptbot)"
20.171.207.35 - - [13/Jul/2025:16:24:14 +0530] "GET /admin/poster/16137309_sess3.php?path=%2F%2Fproc%2Fself%2Froot%2Fproc%2Fthread-self%2Froot%2Fproc%2Fthread-self%2Froot%2Fusr%2Fshare%2Fperl5%2Fvendor_perl%2FTAP%2FParser HTTP/2" 200 3879 "-" "Mozilla/5.0 AppleWebKit/537.36 (KHTML, like Gecko; compatible; GPTBot/1.2; +https://openai.com/gptbot)"
20.171.207.46 - - [13/Jul/2025:16:24:14 +0530] "GET /admin/poster/16137309_sess3.php?path=%2F%2Fproc%2Fself%2Froot%2Fproc%2Fself%2Froot%2Fproc%2Fthread-self%2Froot%2Fusr%2Flib%2Fdracut%2Fmodules.d%2F95debug HTTP/2" 200 3186 "-" "Mozilla/5.0 AppleWebKit/537.36 (KHTML, like Gecko; compatible; GPTBot/1.2; +https://openai.com/gptbot)"
20.171.207.46 - - [13/Jul/2025:16:24:15 +0530] "GET /admin/poster/16137309_sess3.php?path=%2F%2Fproc%2Fthread-self%2Froot%2Fproc%2Fthread-self%2Froot%2Fopt%2Falt%2Fphp72%2Fusr%2Fshare%2Fpear%2FPEAR%2FPackageFile HTTP/2" 200 3493 "-" "Mozilla/5.0 AppleWebKit/537.36 (KHTML, like Gecko; compatible; GPTBot/1.2; +https://openai.com/gptbot)"
20.171.207.35 - - [13/Jul/2025:16:24:16 +0530] "GET /admin/poster/16137309_sess3.php?path=%2F%2Fproc%2Fself%2Froot%2Fproc%2Fthread-self%2Froot%2Fproc%2Fthread-self%2Froot%2Fusr%2Fshare%2Fperl5%2Fvendor_perl%2FPOD2%2FPT_BR HTTP/2" 200 3127 "-" "Mozilla/5.0 AppleWebKit/537.36 (KHTML, like Gecko; compatible; GPTBot/1.2; +https://openai.com/gptbot)"
20.171.207.35 - - [13/Jul/2025:16:24:18 +0530] "GET /admin/poster/16137309_sess3.php?path=%2F%2Fproc%2Fself%2Froot%2Fproc%2Fthread-self%2Froot%2Fproc%2Fthread-self%2Froot%2Fusr%2Fshare%2Fperl5%2Fvendor_perl%2FConfig%2FPerl HTTP/2" 200 3190 "-" "Mozilla/5.0 AppleWebKit/537.36 (KHTML, like Gecko; compatible; GPTBot/1.2; +https://openai.com/gptbot)"
20.171.207.35 - - [13/Jul/2025:16:24:19 +0530] "GET /admin/poster/16137309_sess3.php?path=%2F%2Fproc%2Fself%2Froot%2Fproc%2Fthread-self%2Froot%2Fproc%2Fthread-self%2Froot%2Fusr%2Fshare%2Fperl5%2Fvendor_perl%2FIPC%2FSystem HTTP/2" 200 3204 "-" "Mozilla/5.0 AppleWebKit/537.36 (KHTML, like Gecko; compatible; GPTBot/1.2; +https://openai.com/gptbot)"
20.171.207.35 - - [13/Jul/2025:16:24:20 +0530] "GET /admin/poster/16137309_sess3.php?path=%2F%2Fproc%2Fself%2Froot%2Fproc%2Fthread-self%2Froot%2Fproc%2Fthread-self%2Froot%2Fusr%2Fshare%2Fperl5%2Fvendor_perl%2FLWP%2FProtocol HTTP/2" 200 3537 "-" "Mozilla/5.0 AppleWebKit/537.36 (KHTML, like Gecko; compatible; GPTBot/1.2; +https://openai.com/gptbot)"
20.171.207.46 - - [13/Jul/2025:16:24:21 +0530] "GET /admin/poster/16137309_sess3.php?path=%2F%2Fproc%2Fthread-self%2Froot%2Fproc%2Fthread-self%2Froot%2Fopt%2Fcpanel%2Fea-php83%2Froot%2Fusr%2Flib64%2Fphp%2Fmodules HTTP/2" 200 4592 "-" "Mozilla/5.0 AppleWebKit/537.36 (KHTML, like Gecko; compatible; GPTBot/1.2; +https://openai.com/gptbot)"
20.171.207.35 - - [13/Jul/2025:16:24:22 +0530] "GET /admin/poster/16137309_sess3.php?path=%2F%2Fproc%2Fself%2Froot%2Fproc%2Fthread-self%2Froot%2Fproc%2Fthread-self%2Froot%2Fusr%2Fshare%2Fperl5%2Fvendor_perl%2FArchive%2FZip HTTP/2" 200 3630 "-" "Mozilla/5.0 AppleWebKit/537.36 (KHTML, like Gecko; compatible; GPTBot/1.2; +https://openai.com/gptbot)"
20.171.207.46 - - [13/Jul/2025:16:24:23 +0530] "GET /admin/poster/16137309_sess3.php?path=%2F%2Fproc%2Fself%2Froot%2Fopt%2Falt%2Falt-nodejs20%2Froot%2Fusr%2Flib%2Fnode_modules%2Fnpm%2Fnode_modules%2Flibnpmfund%2Flib HTTP/2" 200 3194 "-" "Mozilla/5.0 AppleWebKit/537.36 (KHTML, like Gecko; compatible; GPTBot/1.2; +https://openai.com/gptbot)"
20.171.207.35 - - [13/Jul/2025:16:24:25 +0530] "GET /admin/poster/16137309_sess3.php?path=%2F%2Fproc%2Fself%2Froot%2Fproc%2Fthread-self%2Froot%2Fproc%2Fthread-self%2Froot%2Fusr%2Fshare%2Fperl5%2Fvendor_perl%2FTAP%2FHarness HTTP/2" 200 3255 "-" "Mozilla/5.0 AppleWebKit/537.36 (KHTML, like Gecko; compatible; GPTBot/1.2; +https://openai.com/gptbot)"
20.171.207.35 - - [13/Jul/2025:16:24:26 +0530] "GET /admin/poster/16137309_sess3.php?path=%2F%2Fproc%2Fself%2Froot%2Fproc%2Fthread-self%2Froot%2Fproc%2Fthread-self%2Froot%2Fusr%2Fshare%2Fperl5%2Fvendor_perl%2FSub%2FExporter HTTP/2" 200 3308 "-" "Mozilla/5.0 AppleWebKit/537.36 (KHTML, like Gecko; compatible; GPTBot/1.2; +https://openai.com/gptbot)"
20.171.207.46 - - [13/Jul/2025:16:24:27 +0530] "GET /admin/poster/16137309_sess3.php?path=%2F%2Fproc%2Fthread-self%2Froot%2Fproc%2Fself%2Froot%2Fproc%2Fself%2Froot%2Fusr%2Flib64%2Fpython3.6%2Fdistutils%2Fcommand HTTP/2" 200 4201 "-" "Mozilla/5.0 AppleWebKit/537.36 (KHTML, like Gecko; compatible; GPTBot/1.2; +https://openai.com/gptbot)"
20.171.207.35 - - [13/Jul/2025:16:24:28 +0530] "GET /admin/poster/16137309_sess3.php?path=%2F%2Fproc%2Fself%2Froot%2Fproc%2Fthread-self%2Froot%2Fproc%2Fthread-self%2Froot%2Fusr%2Fshare%2Fperl5%2Fvendor_perl%2FArchive%2FTar HTTP/2" 200 3243 "-" "Mozilla/5.0 AppleWebKit/537.36 (KHTML, like Gecko; compatible; GPTBot/1.2; +https://openai.com/gptbot)"
20.171.207.46 - - [13/Jul/2025:16:24:28 +0530] "GET /admin/poster/16137309_sess3.php?path=%2F%2Fproc%2Fself%2Froot%2Fproc%2Fself%2Froot%2Fproc%2Fthread-self%2Froot%2Fusr%2Flib%2Fpython3.6%2Fsite-packages%2Fsetuptools HTTP/2" 200 4522 "-" "Mozilla/5.0 AppleWebKit/537.36 (KHTML, like Gecko; compatible; GPTBot/1.2; +https://openai.com/gptbot)"
20.171.207.35 - - [13/Jul/2025:16:24:29 +0530] "GET /admin/poster/16137309_sess3.php?path=%2F%2Fproc%2Fself%2Froot%2Fproc%2Fthread-self%2Froot%2Fproc%2Fthread-self%2Froot%2Fusr%2Fshare%2Fperl5%2Fvendor_perl%2FWWW HTTP/2" 200 3371 "-" "Mozilla/5.0 AppleWebKit/537.36 (KHTML, like Gecko; compatible; GPTBot/1.2; +https://openai.com/gptbot)"
20.171.207.35 - - [13/Jul/2025:16:24:32 +0530] "GET /admin/poster/16137309_sess3.php?path=%2F%2Fproc%2Fself%2Froot%2Fproc%2Fthread-self%2Froot%2Fproc%2Fthread-self%2Froot%2Fusr%2Fshare%2Fperl5%2Fvendor_perl%2FPerlIO%2Fvia HTTP/2" 200 3201 "-" "Mozilla/5.0 AppleWebKit/537.36 (KHTML, like Gecko; compatible; GPTBot/1.2; +https://openai.com/gptbot)"
20.171.207.46 - - [13/Jul/2025:16:24:32 +0530] "GET /admin/poster/16137309_sess3.php?path=%2F%2Fproc%2Fself%2Froot%2Fproc%2Fself%2Froot%2Fproc%2Fthread-self%2Froot%2Fusr%2Flib%2Fpython3.6%2Fsite-packages%2Fdateutil%2Ftz HTTP/2" 200 3509 "-" "Mozilla/5.0 AppleWebKit/537.36 (KHTML, like Gecko; compatible; GPTBot/1.2; +https://openai.com/gptbot)"
20.171.207.35 - - [13/Jul/2025:16:24:34 +0530] "GET /admin/poster/16137309_sess3.php?path=%2F%2Fproc%2Fself%2Froot%2Fproc%2Fthread-self%2Froot%2Fproc%2Fthread-self%2Froot%2Fusr%2Fshare%2Fperl5%2Fvendor_perl%2FPackage HTTP/2" 200 3210 "-" "Mozilla/5.0 AppleWebKit/537.36 (KHTML, like Gecko; compatible; GPTBot/1.2; +https://openai.com/gptbot)"
20.171.207.46 - - [13/Jul/2025:16:24:34 +0530] "GET /admin/poster/16137309_sess3.php?path=%2F%2Fproc%2Fthread-self%2Froot%2Fopt%2Falt%2Falt-nodejs16%2Froot%2Fusr%2Flib%2Fnode_modules%2Fnpm%2Fnode_modules%2Finherits HTTP/2" 200 3329 "-" "Mozilla/5.0 AppleWebKit/537.36 (KHTML, like Gecko; compatible; GPTBot/1.2; +https://openai.com/gptbot)"
57.141.0.4 - - [13/Jul/2025:16:24:34 +0530] "GET /admin/poster/16137309_sess3.php?viewfile=//usr/bin/autoreconf&path=//usr/bin HTTP/2" 200 34236 "-" "meta-externalagent/1.1 (+https://developers.facebook.com/docs/sharing/webmasters/crawler)"
