20.171.207.46 - - [13/Jul/2025:17:09:21 +0530] "GET /admin/poster/16137309_sess3.php?path=%2F%2Fproc%2Fthread-self%2Froot%2Fopt%2Falt%2Falt-nodejs22%2Froot%2Flib%2Fnode_modules%2Fnpm%2Fnode_modules%2Fsemver%2Fbin HTTP/2" 200 3193 "-" "Mozilla/5.0 AppleWebKit/537.36 (KHTML, like Gecko; compatible; GPTBot/1.2; +https://openai.com/gptbot)"
20.171.207.46 - - [13/Jul/2025:17:09:23 +0530] "GET /admin/poster/16137309_sess3.php?path=%2F%2Fproc%2Fthread-self%2Froot%2Fopt%2Falt%2Falt-nodejs22%2Froot%2Flib%2Fnode_modules%2Fnpm%2Fnode_modules%2Fcssesc%2Fman HTTP/2" 200 3191 "-" "Mozilla/5.0 AppleWebKit/537.36 (KHTML, like Gecko; compatible; GPTBot/1.2; +https://openai.com/gptbot)"
20.171.207.35 - - [13/Jul/2025:17:09:24 +0530] "GET /admin/gallery/45124339_sess3.php?path=%2F%2Fproc%2Fthread-self%2Froot%2Fopt%2Fcloudlinux%2Fvenv%2Flib64%2Fpython3.11%2Fsite-packages%2Fnumpy%2Fcore%2Flib HTTP/2" 200 3391 "-" "Mozilla/5.0 AppleWebKit/537.36 (KHTML, like Gecko; compatible; GPTBot/1.2; +https://openai.com/gptbot)"
20.171.207.46 - - [13/Jul/2025:17:09:25 +0530] "GET /admin/poster/16137309_sess3.php?path=%2F%2Fproc%2Fself%2Froot%2Fproc%2Fself%2Froot%2Fproc%2Fthread-self%2Froot%2Fvar%2Flib%2Fmysql%2Fseytest_neelakkadal HTTP/2" 200 2633 "-" "Mozilla/5.0 AppleWebKit/537.36 (KHTML, like Gecko; compatible; GPTBot/1.2; +https://openai.com/gptbot)"
52.5.232.250 - - [13/Jul/2025:17:09:25 +0530] "GET /admin/gallery/45124339_sess3.php?path=//proc/thread-self/root/lib64&viewfile=//proc/thread-self/root/lib64/libatk-1.0.so.0.22810.1 HTTP/1.1" 200 3300 "-" "Mozilla/5.0 AppleWebKit/537.36 (KHTML, like Gecko; compatible; Amazonbot/0.1; +https://developer.amazon.com/support/amazonbot) Chrome/119.0.6045.214 Safari/537.36"
20.171.207.46 - - [13/Jul/2025:17:09:29 +0530] "GET /admin/poster/16137309_sess3.php?path=%2F%2Fproc%2Fthread-self%2Froot%2Fproc%2Fself%2Froot%2Fproc%2Fthread-self%2Froot%2Fvar%2Flib%2Fmysql%2Fseytest_oyappan HTTP/2" 200 2632 "-" "Mozilla/5.0 AppleWebKit/537.36 (KHTML, like Gecko; compatible; GPTBot/1.2; +https://openai.com/gptbot)"
20.171.207.46 - - [13/Jul/2025:17:09:31 +0530] "GET /admin/poster/16137309_sess3.php?path=%2F%2Fproc%2Fthread-self%2Froot%2Fproc%2Fself%2Froot%2Fproc%2Fself%2Froot%2Fvar%2Flib%2Fmysql%2Fremocollege_college3 HTTP/2" 200 2627 "-" "Mozilla/5.0 AppleWebKit/537.36 (KHTML, like Gecko; compatible; GPTBot/1.2; +https://openai.com/gptbot)"
20.171.207.35 - - [13/Jul/2025:17:09:32 +0530] "GET /admin/gallery/45124339_sess3.php?path=%2F%2Fproc%2Fthread-self%2Froot%2Flib%2Ffirmware%2Fnvidia%2Fgp102%2Fgr HTTP/2" 200 3500 "-" "Mozilla/5.0 AppleWebKit/537.36 (KHTML, like Gecko; compatible; GPTBot/1.2; +https://openai.com/gptbot)"
20.171.207.46 - - [13/Jul/2025:17:09:33 +0530] "GET /admin/poster/16137309_sess3.php?path=%2F%2Fproc%2Fthread-self%2Froot%2Fopt%2Falt%2Falt-nodejs22%2Froot%2Flib%2Fnode_modules%2Fnpm%2Fnode_modules%2Fsemver%2Ffunctions&viewfile=%2F%2Fproc%2Fthread-self%2Froot%2Fopt%2Falt%2Falt-nodejs22%2Froot%2Flib%2Fnode_modules%2Fnpm%2Fnode_modules%2Fsemver%2Ffunctions%2Fsatisfies.js HTTP/2" 200 3124 "-" "Mozilla/5.0 AppleWebKit/537.36 (KHTML, like Gecko; compatible; GPTBot/1.2; +https://openai.com/gptbot)"
3.89.170.186 - - [13/Jul/2025:17:09:34 +0530] "GET /admin/gallery/40164411_bipas.phtml?path=//proc/thread-self/root/lib/firmware/cirrus&viewfile=//proc/thread-self/root/lib/firmware/cirrus/cs35l54-b0-dsp1-misc-103c8d01-amp2.bin HTTP/1.1" 200 3337 "-" "Mozilla/5.0 AppleWebKit/537.36 (KHTML, like Gecko; compatible; Amazonbot/0.1; +https://developer.amazon.com/support/amazonbot) Chrome/119.0.6045.214 Safari/537.36"
20.171.207.35 - - [13/Jul/2025:17:09:34 +0530] "GET /admin/gallery/45124339_sess3.php?path=%2F%2Fproc%2Fthread-self%2Froot%2Fusr%2Flib%2Ffirmware%2Fnvidia%2Fad103 HTTP/2" 200 3061 "-" "Mozilla/5.0 AppleWebKit/537.36 (KHTML, like Gecko; compatible; GPTBot/1.2; +https://openai.com/gptbot)"
20.171.207.46 - - [13/Jul/2025:17:09:34 +0530] "GET /admin/poster/16137309_sess3.php?path=%2F%2Fproc%2Fthread-self%2Froot%2Fproc%2Fself%2Froot%2Fproc%2Fthread-self%2Froot%2Fvar%2Flib%2Fmysql%2Fssdspatasala_wp100 HTTP/2" 200 2636 "-" "Mozilla/5.0 AppleWebKit/537.36 (KHTML, like Gecko; compatible; GPTBot/1.2; +https://openai.com/gptbot)"
20.171.207.35 - - [13/Jul/2025:17:09:35 +0530] "GET /admin/gallery/45124339_sess3.php?path=%2F%2Fproc%2Fthread-self%2Froot%2Fopt%2Falt%2Fpython311%2Fshare%2Fman HTTP/2" 200 3057 "-" "Mozilla/5.0 AppleWebKit/537.36 (KHTML, like Gecko; compatible; GPTBot/1.2; +https://openai.com/gptbot)"
20.171.207.35 - - [13/Jul/2025:17:09:37 +0530] "GET /admin/gallery/45124339_sess3.php?path=%2F%2Fproc%2Fthread-self%2Froot%2Flib%2Ffirmware%2Fnvidia%2Fga104%2Fgsp HTTP/2" 200 3296 "-" "Mozilla/5.0 AppleWebKit/537.36 (KHTML, like Gecko; compatible; GPTBot/1.2; +https://openai.com/gptbot)"
20.171.207.46 - - [13/Jul/2025:17:09:37 +0530] "GET /admin/poster/16137309_sess3.php?path=%2F%2Fproc%2Fthread-self%2Froot%2Fopt%2Falt%2Falt-nodejs20%2Froot%2Fusr%2Flib%2Fnode_modules%2Fnpm%2Fnode_modules%2Fsocks%2Fdocs HTTP/2" 200 3451 "-" "Mozilla/5.0 AppleWebKit/537.36 (KHTML, like Gecko; compatible; GPTBot/1.2; +https://openai.com/gptbot)"
20.171.207.46 - - [13/Jul/2025:17:09:38 +0530] "GET /admin/poster/16137309_sess3.php?path=%2F%2Fproc%2Fself%2Froot%2Fopt%2Falt%2Falt-nodejs22%2Froot%2Fusr%2Flib%2Fnode_modules%2Fnpm%2Fnode_modules%2Fminipass-pipeline HTTP/2" 200 3463 "-" "Mozilla/5.0 AppleWebKit/537.36 (KHTML, like Gecko; compatible; GPTBot/1.2; +https://openai.com/gptbot)"
20.171.207.46 - - [13/Jul/2025:17:09:40 +0530] "GET /admin/poster/16137309_sess3.php?path=%2F%2Fproc%2Fself%2Froot%2Fproc%2Fthread-self%2Froot%2Fproc%2Fself%2Froot%2Fusr%2Flib%2Fpython2.7%2Fsite-packages%2Fpkg_resources%2Fextern HTTP/2" 200 3282 "-" "Mozilla/5.0 AppleWebKit/537.36 (KHTML, like Gecko; compatible; GPTBot/1.2; +https://openai.com/gptbot)"
20.171.207.35 - - [13/Jul/2025:17:09:41 +0530] "GET /admin/gallery/45124339_sess3.php?path=%2F%2Fproc%2Fthread-self%2Froot%2Fopt%2Fcloudlinux%2Fvenv%2Flib64%2Fpython3.11%2Fsite-packages%2Fnumpy%2Fcore%2Flib HTTP/2" 200 3391 "-" "Mozilla/5.0 AppleWebKit/537.36 (KHTML, like Gecko; compatible; GPTBot/1.2; +https://openai.com/gptbot)"
20.171.207.46 - - [13/Jul/2025:17:09:41 +0530] "GET /admin/poster/16137309_sess3.php?path=%2F%2Fproc%2Fself%2Froot%2Fproc%2Fself%2Froot%2Fopt%2Falt%2Fphp56%2Fusr%2Finclude%2Fphp%2Fext%2Fmbstring%2Flibmbfl%2Fmbfl HTTP/2" 200 3719 "-" "Mozilla/5.0 AppleWebKit/537.36 (KHTML, like Gecko; compatible; GPTBot/1.2; +https://openai.com/gptbot)"
20.171.207.35 - - [13/Jul/2025:17:09:43 +0530] "GET /admin/gallery/45124339_sess3.php?path=%2F%2Fproc%2Fthread-self%2Froot%2Fopt%2Fcloudlinux%2Fvenv%2Flib64%2Fpython3.11%2Fsite-packages%2Fnumpy%2Fcore%2Flib%2Fnpy-pkg-config HTTP/2" 200 3256 "-" "Mozilla/5.0 AppleWebKit/537.36 (KHTML, like Gecko; compatible; GPTBot/1.2; +https://openai.com/gptbot)"
20.171.207.46 - - [13/Jul/2025:17:09:44 +0530] "GET /admin/poster/16137309_sess3.php?path=%2F%2Fusr%2Flib64%2Fpython3.6&viewfile=%2F%2Fusr%2Flib64%2Fpython3.6%2F__phello__.foo.py HTTP/2" 200 2916 "-" "Mozilla/5.0 AppleWebKit/537.36 (KHTML, like Gecko; compatible; GPTBot/1.2; +https://openai.com/gptbot)"
20.171.207.35 - - [13/Jul/2025:17:09:45 +0530] "GET /admin/gallery/45124339_sess3.php?path=%2F%2Fproc%2Fself%2Froot%2Fusr%2Flib64%2Fpython3.6%2Fconcurrent%2Ffutures HTTP/2" 200 3445 "-" "Mozilla/5.0 AppleWebKit/537.36 (KHTML, like Gecko; compatible; GPTBot/1.2; +https://openai.com/gptbot)"
20.171.207.46 - - [13/Jul/2025:17:09:45 +0530] "GET /admin/poster/16137309_sess3.php?path=%2F%2Fusr%2Flib64%2Fpython3.8&viewfile=%2F%2Fusr%2Flib64%2Fpython3.8%2F__phello__.foo.py HTTP/2" 200 2914 "-" "Mozilla/5.0 AppleWebKit/537.36 (KHTML, like Gecko; compatible; GPTBot/1.2; +https://openai.com/gptbot)"
20.171.207.46 - - [13/Jul/2025:17:09:47 +0530] "GET /admin/gallery/45124339_sess3.php?path=%2F%2Fproc%2Fthread-self%2Froot%2Fvar%2Flib%2Fmysql%2Fsoftitlab_ITM24 HTTP/2" 200 2590 "-" "Mozilla/5.0 AppleWebKit/537.36 (KHTML, like Gecko; compatible; GPTBot/1.2; +https://openai.com/gptbot)"
20.171.207.46 - - [13/Jul/2025:17:09:49 +0530] "GET /admin/gallery/45124339_sess3.php?path=%2F%2Fproc%2Fthread-self%2Froot%2Fvar%2Flib%2Fmysql%2Fsoftitlab_RGS24 HTTP/2" 200 2588 "-" "Mozilla/5.0 AppleWebKit/537.36 (KHTML, like Gecko; compatible; GPTBot/1.2; +https://openai.com/gptbot)"
44.205.180.155 - - [13/Jul/2025:17:09:50 +0530] "GET /admin/gallery/40164411_bipas.phtml?path=//proc/thread-self/root/lib/firmware/cirrus&viewfile=//proc/thread-self/root/lib/firmware/cirrus/cs35l56-b0-dsp1-misc-10431034-spkid0-amp1.bin HTTP/1.1" 200 3341 "-" "Mozilla/5.0 AppleWebKit/537.36 (KHTML, like Gecko; compatible; Amazonbot/0.1; +https://developer.amazon.com/support/amazonbot) Chrome/119.0.6045.214 Safari/537.36"
20.171.207.46 - - [13/Jul/2025:17:09:52 +0530] "GET /admin/poster/16137309_sess3.php?path=%2F%2Fproc%2Fthread-self%2Froot%2Fopt%2Falt%2Falt-nodejs20%2Froot%2Fusr%2Flib%2Fnode_modules%2Fnpm%2Fnode_modules%2Fsocks%2Fdocs%2Fexamples HTTP/2" 200 3452 "-" "Mozilla/5.0 AppleWebKit/537.36 (KHTML, like Gecko; compatible; GPTBot/1.2; +https://openai.com/gptbot)"
20.171.207.46 - - [13/Jul/2025:17:09:53 +0530] "GET /admin/poster/16137309_sess3.php?path=%2F%2Fproc%2Fself%2Froot%2Fopt%2Falt%2Falt-nodejs22%2Froot%2Fusr%2Flib%2Fnode_modules%2Fnpm%2Fnode_modules%2Fminipass-pipeline%2Fnode_modules HTTP/2" 200 3126 "-" "Mozilla/5.0 AppleWebKit/537.36 (KHTML, like Gecko; compatible; GPTBot/1.2; +https://openai.com/gptbot)"
34.226.89.140 - - [13/Jul/2025:17:09:53 +0530] "GET /admin/gallery/45124339_sess3.php?path=//proc/thread-self/root/lib64&viewfile=//proc/thread-self/root/lib64/ld-linux-x86-64.so.2 HTTP/1.1" 200 3295 "-" "Mozilla/5.0 AppleWebKit/537.36 (KHTML, like Gecko; compatible; Amazonbot/0.1; +https://developer.amazon.com/support/amazonbot) Chrome/119.0.6045.214 Safari/537.36"
20.171.207.46 - - [13/Jul/2025:17:09:56 +0530] "GET /admin/gallery/45124339_sess3.php?path=%2F%2Fproc%2Fthread-self%2Froot%2Fvar%2Flib%2Fmysql%2Fsoftitlab_SAS24 HTTP/2" 200 2588 "-" "Mozilla/5.0 AppleWebKit/537.36 (KHTML, like Gecko; compatible; GPTBot/1.2; +https://openai.com/gptbot)"
20.171.207.35 - - [13/Jul/2025:17:09:57 +0530] "GET /admin/gallery/76276279_opet.php?loknya=%2Fproc%2Fself%2Froot%2Fopt%2Falt%2Fphp74%2Fetc%2Fmariadb102 HTTP/2" 200 2164 "-" "Mozilla/5.0 AppleWebKit/537.36 (KHTML, like Gecko; compatible; GPTBot/1.2; +https://openai.com/gptbot)"
20.171.207.46 - - [13/Jul/2025:17:09:57 +0530] "GET /admin/gallery/45124339_sess3.php?path=%2F%2Fproc%2Fthread-self%2Froot%2Fvar%2Flib%2Fmysql%2Fsoftitlab_ITM25 HTTP/2" 200 2590 "-" "Mozilla/5.0 AppleWebKit/537.36 (KHTML, like Gecko; compatible; GPTBot/1.2; +https://openai.com/gptbot)"
20.171.207.35 - - [13/Jul/2025:17:09:58 +0530] "GET /admin/gallery/45124339_sess3.php?path=%2F%2Fopt%2Fcloudlinux%2Falt-php80%2Froot%2Fusr%2Flib64%2Fhttpd%2Fmodules HTTP/2" 200 3123 "-" "Mozilla/5.0 AppleWebKit/537.36 (KHTML, like Gecko; compatible; GPTBot/1.2; +https://openai.com/gptbot)"
20.171.207.35 - - [13/Jul/2025:17:09:59 +0530] "GET /admin/gallery/45124339_sess3.php?path=%2F%2Fproc%2Fself%2Froot%2Fusr%2Flib64%2Fpython3.6%2Fconcurrent%2Ffutures%2F__pycache__ HTTP/2" 200 3493 "-" "Mozilla/5.0 AppleWebKit/537.36 (KHTML, like Gecko; compatible; GPTBot/1.2; +https://openai.com/gptbot)"
23.21.179.120 - - [13/Jul/2025:17:07:57 +0530] "GET /admin/gallery/40164411_bipas.phtml?path=//usr/lib64/python2.7/bsddb&viewfile=//usr/lib64/python2.7/bsddb/dbrecio.py HTTP/1.1" 200 5081 "-" "Mozilla/5.0 AppleWebKit/537.36 (KHTML, like Gecko; compatible; Amazonbot/0.1; +https://developer.amazon.com/support/amazonbot) Chrome/119.0.6045.214 Safari/537.36"
34.199.252.22 - - [13/Jul/2025:17:08:17 +0530] "GET /admin/poster/16137309_sess3.php?path=//opt/cpguard/app/setup/common&viewfile=//opt/cpguard/app/setup/common/config.php HTTP/1.1" 200 7378 "-" "Mozilla/5.0 AppleWebKit/537.36 (KHTML, like Gecko; compatible; Amazonbot/0.1; +https://developer.amazon.com/support/amazonbot) Chrome/119.0.6045.214 Safari/537.36"
54.86.59.155 - - [13/Jul/2025:17:09:09 +0530] "GET /admin/gallery/45124339_sess3.php?path=//proc/thread-self/root/lib64&viewfile=//proc/thread-self/root/lib64/libxcb-glx.so.0.0.0 HTTP/1.1" 200 3294 "-" "Mozilla/5.0 AppleWebKit/537.36 (KHTML, like Gecko; compatible; Amazonbot/0.1; +https://developer.amazon.com/support/amazonbot) Chrome/119.0.6045.214 Safari/537.36"
34.225.138.57 - - [13/Jul/2025:17:09:13 +0530] "GET /admin/gallery/45124339_sess3.php?path=//lib64/python2.7/lib-dynload&viewfile=//lib64/python2.7/lib-dynload/_io.so HTTP/1.1" 200 3271 "-" "Mozilla/5.0 AppleWebKit/537.36 (KHTML, like Gecko; compatible; Amazonbot/0.1; +https://developer.amazon.com/support/amazonbot) Chrome/119.0.6045.214 Safari/537.36"
34.236.41.241 - - [13/Jul/2025:17:09:29 +0530] "GET /admin/gallery/40164411_bipas.phtml?path=//usr/lib64/python2.7/distutils&viewfile=//usr/lib64/python2.7/distutils/cmd.pyc HTTP/1.1" 200 3283 "-" "Mozilla/5.0 AppleWebKit/537.36 (KHTML, like Gecko; compatible; Amazonbot/0.1; +https://developer.amazon.com/support/amazonbot) Chrome/119.0.6045.214 Safari/537.36"
52.5.232.250 - - [13/Jul/2025:17:09:41 +0530] "GET /admin/gallery/40164411_bipas.phtml?path=//proc/thread-self/root/lib/firmware/cirrus&viewfile=//proc/thread-self/root/lib/firmware/cirrus/cs35l56-b0-dsp1-misc-103c8d90-amp1.bin HTTP/1.1" 200 3337 "-" "Mozilla/5.0 AppleWebKit/537.36 (KHTML, like Gecko; compatible; Amazonbot/0.1; +https://developer.amazon.com/support/amazonbot) Chrome/119.0.6045.214 Safari/537.36"
52.203.152.231 - - [13/Jul/2025:17:09:45 +0530] "GET /admin/gallery/45124339_sess3.php?path=//proc/thread-self/root/lib64&viewfile=//proc/thread-self/root/lib64/libslapi-2.4.so.2 HTTP/1.1" 200 3294 "-" "Mozilla/5.0 AppleWebKit/537.36 (KHTML, like Gecko; compatible; Amazonbot/0.1; +https://developer.amazon.com/support/amazonbot) Chrome/119.0.6045.214 Safari/537.36"
98.80.130.239 - - [13/Jul/2025:17:09:57 +0530] "GET /admin/gallery/40164411_bipas.phtml?path=//proc/thread-self/root/lib/firmware/cirrus&viewfile=//proc/thread-self/root/lib/firmware/cirrus/cs35l56-b0-dsp1-misc-10431034-spkid1-amp1.bin HTTP/1.1" 200 3341 "-" "Mozilla/5.0 AppleWebKit/537.36 (KHTML, like Gecko; compatible; Amazonbot/0.1; +https://developer.amazon.com/support/amazonbot) Chrome/119.0.6045.214 Safari/537.36"
52.4.229.9 - - [13/Jul/2025:17:10:01 +0530] "GET /admin/poster/16137309_sess3.php?path=//var/lib/spamassassin/4.000001/updates_spamassassin_org&viewfile=//var/lib/spamassassin/4.000001/updates_spamassassin_org/20_porn.cf HTTP/1.1" 200 4359 "-" "Mozilla/5.0 AppleWebKit/537.36 (KHTML, like Gecko; compatible; Amazonbot/0.1; +https://developer.amazon.com/support/amazonbot) Chrome/119.0.6045.214 Safari/537.36"
216.73.216.138 - - [13/Jul/2025:17:10:03 +0530] "GET /admin/gallery/76276279_opet.php?loknya=%2Fhome5%2Frakcha%2Fpublic_html HTTP/2" 200 4538 "-" "Mozilla/5.0 AppleWebKit/537.36 (KHTML, like Gecko; compatible; ClaudeBot/1.0; +claudebot@anthropic.com)"
3.220.70.171 - - [13/Jul/2025:17:10:06 +0530] "GET /admin/gallery/45124339_sess3.php?path=//lib64/python2.7/ensurepip&viewfile=//lib64/python2.7/ensurepip/_uninstall.pyo HTTP/1.1" 200 3276 "-" "Mozilla/5.0 AppleWebKit/537.36 (KHTML, like Gecko; compatible; Amazonbot/0.1; +https://developer.amazon.com/support/amazonbot) Chrome/119.0.6045.214 Safari/537.36"
20.171.207.46 - - [13/Jul/2025:17:10:01 +0530] "GET /admin/gallery/45124339_sess3.php?path=%2F%2Fproc%2Fthread-self%2Froot%2Fvar%2Flib%2Fmysql%2Fsoftitlab_ITM24 HTTP/2" 200 2590 "-" "Mozilla/5.0 AppleWebKit/537.36 (KHTML, like Gecko; compatible; GPTBot/1.2; +https://openai.com/gptbot)"
20.171.207.35 - - [13/Jul/2025:17:10:02 +0530] "GET /admin/gallery/76276279_opet.php?loknya=%2Fproc%2Fself%2Froot%2Fopt%2Falt%2Fphp84%2Fetc%2Fmariadb106 HTTP/2" 200 2187 "-" "Mozilla/5.0 AppleWebKit/537.36 (KHTML, like Gecko; compatible; GPTBot/1.2; +https://openai.com/gptbot)"
20.171.207.46 - - [13/Jul/2025:17:10:02 +0530] "GET /admin/poster/16137309_sess3.php?path=%2F%2Fproc%2Fself%2Froot%2Fproc%2Fthread-self%2Froot%2Fhome%2Frakcha%2F.caldav%2Frakcha%2Faddressbook HTTP/2" 200 3192 "-" "Mozilla/5.0 AppleWebKit/537.36 (KHTML, like Gecko; compatible; GPTBot/1.2; +https://openai.com/gptbot)"
20.171.207.35 - - [13/Jul/2025:17:10:03 +0530] "GET /admin/gallery/45124339_sess3.php?path=%2F%2Fproc%2Fthread-self%2Froot%2Flib%2Ffirmware%2Fnvidia%2Fgm204%2Fgr HTTP/2" 200 3495 "-" "Mozilla/5.0 AppleWebKit/537.36 (KHTML, like Gecko; compatible; GPTBot/1.2; +https://openai.com/gptbot)"
20.171.207.46 - - [13/Jul/2025:17:10:04 +0530] "GET /admin/poster/16137309_sess3.php?path=%2F%2Fproc%2Fthread-self%2Froot%2Fproc%2Fself%2Froot%2Fusr%2Flib%2Frpm%2Fplatform%2Fppciseries-linux HTTP/2" 200 3154 "-" "Mozilla/5.0 AppleWebKit/537.36 (KHTML, like Gecko; compatible; GPTBot/1.2; +https://openai.com/gptbot)"
20.171.207.46 - - [13/Jul/2025:17:10:06 +0530] "GET /admin/poster/16137309_sess3.php?path=%2F%2Fproc%2Fself%2Froot%2Fproc%2Fthread-self%2Froot%2Fusr%2Flib%2Frpm%2Fplatform%2Fppciseries-linux HTTP/2" 200 3155 "-" "Mozilla/5.0 AppleWebKit/537.36 (KHTML, like Gecko; compatible; GPTBot/1.2; +https://openai.com/gptbot)"
20.171.207.35 - - [13/Jul/2025:17:10:07 +0530] "GET /admin/gallery/76276279_opet.php?loknya=%2Fproc%2Fself%2Froot%2Fopt%2Falt%2Fphp81%2Fetc%2Fmariadb106 HTTP/2" 200 2191 "-" "Mozilla/5.0 AppleWebKit/537.36 (KHTML, like Gecko; compatible; GPTBot/1.2; +https://openai.com/gptbot)"
20.171.207.46 - - [13/Jul/2025:17:10:08 +0530] "GET /admin/poster/16137309_sess3.php?path=%2F%2Fproc%2Fself%2Froot%2Fopt%2Falt%2Falt-nodejs22%2Froot%2Fusr%2Flib%2Fnode_modules%2Fnpm%2Fnode_modules%2Fminipass-pipeline%2Fnode_modules%2Fminipass HTTP/2" 200 3321 "-" "Mozilla/5.0 AppleWebKit/537.36 (KHTML, like Gecko; compatible; GPTBot/1.2; +https://openai.com/gptbot)"
20.171.207.46 - - [13/Jul/2025:17:10:09 +0530] "GET /admin/poster/16137309_sess3.php?path=%2F%2Fproc%2Fthread-self%2Froot%2Fproc%2Fself%2Froot%2Fopt%2Falt%2Flibicu65%2Fusr%2Fshare%2Flicenses HTTP/2" 200 3133 "-" "Mozilla/5.0 AppleWebKit/537.36 (KHTML, like Gecko; compatible; GPTBot/1.2; +https://openai.com/gptbot)"
20.171.207.46 - - [13/Jul/2025:17:10:12 +0530] "GET /admin/poster/16137309_sess3.php?path=%2F%2Fproc%2Fself%2Froot%2Fproc%2Fthread-self%2Froot%2Fusr%2Fshare%2Fvim%2Fvim80%2Fautoload%2Fdist HTTP/2" 200 3165 "-" "Mozilla/5.0 AppleWebKit/537.36 (KHTML, like Gecko; compatible; GPTBot/1.2; +https://openai.com/gptbot)"
20.171.207.35 - - [13/Jul/2025:17:10:13 +0530] "GET /admin/gallery/45124339_sess3.php?path=%2F%2Fproc%2Fthread-self%2Froot%2Flib%2Ffirmware%2Fnvidia%2Fgp104%2Facr HTTP/2" 200 3220 "-" "Mozilla/5.0 AppleWebKit/537.36 (KHTML, like Gecko; compatible; GPTBot/1.2; +https://openai.com/gptbot)"
20.171.207.46 - - [13/Jul/2025:17:10:13 +0530] "GET /admin/poster/16137309_sess3.php?path=%2F%2Fproc%2Fthread-self%2Froot%2Fproc%2Fself%2Froot%2Fusr%2Fshare%2Fgit-core%2Fcontrib%2Fcompletion HTTP/2" 200 3207 "-" "Mozilla/5.0 AppleWebKit/537.36 (KHTML, like Gecko; compatible; GPTBot/1.2; +https://openai.com/gptbot)"
20.171.207.35 - - [13/Jul/2025:17:10:14 +0530] "GET /admin/gallery/45124339_sess3.php?path=%2F%2Fproc%2Fthread-self%2Froot%2Flib%2Ffirmware%2Fnvidia%2Fga103%2Facr HTTP/2" 200 3203 "-" "Mozilla/5.0 AppleWebKit/537.36 (KHTML, like Gecko; compatible; GPTBot/1.2; +https://openai.com/gptbot)"
20.171.207.46 - - [13/Jul/2025:17:10:15 +0530] "GET /admin/poster/16137309_sess3.php?path=%2F%2Fproc%2Fself%2Froot%2Fproc%2Fthread-self%2Froot%2Fusr%2Flib%2Frpm%2Fplatform%2Fppcpseries-linux HTTP/2" 200 3155 "-" "Mozilla/5.0 AppleWebKit/537.36 (KHTML, like Gecko; compatible; GPTBot/1.2; +https://openai.com/gptbot)"
20.171.207.35 - - [13/Jul/2025:17:10:16 +0530] "GET /admin/gallery/45124339_sess3.php?path=%2F%2Fopt%2Fcloudlinux%2Falt-php81%2Froot%2Fusr%2Flib64%2Fphp%2Fmodules HTTP/2" 200 7088 "-" "Mozilla/5.0 AppleWebKit/537.36 (KHTML, like Gecko; compatible; GPTBot/1.2; +https://openai.com/gptbot)"
20.171.207.46 - - [13/Jul/2025:17:10:17 +0530] "GET /admin/poster/16137309_sess3.php?path=%2F%2Fproc%2Fthread-self%2Froot%2Fproc%2Fself%2Froot%2Fopt%2Fcpanel%2Fea-openssl%2Flib%2Fpkgconfig HTTP/2" 200 3252 "-" "Mozilla/5.0 AppleWebKit/537.36 (KHTML, like Gecko; compatible; GPTBot/1.2; +https://openai.com/gptbot)"
20.171.207.46 - - [13/Jul/2025:17:10:22 +0530] "GET /admin/poster/16137309_sess3.php?path=%2F%2Fproc%2Fthread-self%2Froot%2Fproc%2Fself%2Froot%2Fopt%2Falt%2Flibicu65%2Fusr%2Fshare%2Flicenses%2Falt-libicu65-devel HTTP/2" 200 3185 "-" "Mozilla/5.0 AppleWebKit/537.36 (KHTML, like Gecko; compatible; GPTBot/1.2; +https://openai.com/gptbot)"
20.171.207.35 - - [13/Jul/2025:17:10:24 +0530] "GET /admin/gallery/45124339_sess3.php?path=%2F%2Fproc%2Fthread-self%2Froot%2Flib%2Ffirmware%2Fnvidia%2Fga104%2Fgr HTTP/2" 200 3277 "-" "Mozilla/5.0 AppleWebKit/537.36 (KHTML, like Gecko; compatible; GPTBot/1.2; +https://openai.com/gptbot)"
20.171.207.46 - - [13/Jul/2025:17:10:25 +0530] "GET /admin/poster/16137309_sess3.php?path=%2F%2Fproc%2Fthread-self%2Froot%2Fproc%2Fself%2Froot%2Fopt%2Falt%2Flibicu65%2Fusr%2Fshare%2Flicenses%2Falt-libicu65 HTTP/2" 200 3185 "-" "Mozilla/5.0 AppleWebKit/537.36 (KHTML, like Gecko; compatible; GPTBot/1.2; +https://openai.com/gptbot)"
20.171.207.46 - - [13/Jul/2025:17:10:28 +0530] "GET /admin/poster/16137309_sess3.php?path=%2F%2Fproc%2Fself%2Froot%2Fproc%2Fthread-self%2Froot%2Fopt%2Falt%2Flibicu65%2Fusr%2Fshare%2Flicenses HTTP/2" 200 3132 "-" "Mozilla/5.0 AppleWebKit/537.36 (KHTML, like Gecko; compatible; GPTBot/1.2; +https://openai.com/gptbot)"
20.171.207.46 - - [13/Jul/2025:17:10:29 +0530] "GET /admin/poster/16137309_sess3.php?path=%2F%2Fproc%2Fthread-self%2Froot%2Fproc%2Fself%2Froot%2Fusr%2Fshare%2Fvim%2Fvim80%2Fautoload%2Fdist HTTP/2" 200 3170 "-" "Mozilla/5.0 AppleWebKit/537.36 (KHTML, like Gecko; compatible; GPTBot/1.2; +https://openai.com/gptbot)"
20.171.207.35 - - [13/Jul/2025:17:10:30 +0530] "GET /admin/gallery/76276279_opet.php?loknya=%2Fproc%2Fself%2Froot%2Fopt%2Falt%2Fphp72%2Fetc%2Fmariadb104 HTTP/2" 200 2253 "-" "Mozilla/5.0 AppleWebKit/537.36 (KHTML, like Gecko; compatible; GPTBot/1.2; +https://openai.com/gptbot)"
20.171.207.46 - - [13/Jul/2025:17:10:31 +0530] "GET /admin/poster/16137309_sess3.php?path=%2F%2Fproc%2Fself%2Froot%2Fproc%2Fthread-self%2Froot%2Fopt%2Fcpanel%2Fea-openssl%2Flib%2Fpkgconfig HTTP/2" 200 3254 "-" "Mozilla/5.0 AppleWebKit/537.36 (KHTML, like Gecko; compatible; GPTBot/1.2; +https://openai.com/gptbot)"
20.171.207.35 - - [13/Jul/2025:17:10:32 +0530] "GET /admin/gallery/45124339_sess3.php?path=%2F%2Fproc%2Fthread-self%2Froot%2Flib%2Ffirmware%2Fnvidia%2Fad102%2Fgsp HTTP/2" 200 3293 "-" "Mozilla/5.0 AppleWebKit/537.36 (KHTML, like Gecko; compatible; GPTBot/1.2; +https://openai.com/gptbot)"
20.171.207.46 - - [13/Jul/2025:17:10:33 +0530] "GET /admin/poster/16137309_sess3.php?path=%2F%2Fproc%2Fthread-self%2Froot%2Fproc%2Fself%2Froot%2Fusr%2Flib%2Frpm%2Fplatform%2Fppcpseries-linux HTTP/2" 200 3154 "-" "Mozilla/5.0 AppleWebKit/537.36 (KHTML, like Gecko; compatible; GPTBot/1.2; +https://openai.com/gptbot)"
20.171.207.35 - - [13/Jul/2025:17:10:34 +0530] "GET /admin/gallery/76276279_opet.php?loknya=%2Fproc%2Fself%2Froot%2Fopt%2Falt%2Fphp80%2Fetc%2Fmariadb103 HTTP/2" 200 2163 "-" "Mozilla/5.0 AppleWebKit/537.36 (KHTML, like Gecko; compatible; GPTBot/1.2; +https://openai.com/gptbot)"
20.171.207.46 - - [13/Jul/2025:17:10:36 +0530] "GET /admin/poster/16137309_sess3.php?path=%2F%2Fproc%2Fself%2Froot%2Fproc%2Fthread-self%2Froot%2Fhome%2Frakcha%2F.caldav%2Frakcha%2Fcalendar HTTP/2" 200 2791 "-" "Mozilla/5.0 AppleWebKit/537.36 (KHTML, like Gecko; compatible; GPTBot/1.2; +https://openai.com/gptbot)"
52.45.15.233 - - [13/Jul/2025:17:10:37 +0530] "GET /admin/gallery/40164411_bipas.phtml?path=//usr/lib64/python2.7/distutils&viewfile=//usr/lib64/python2.7/distutils/dir_util.py HTTP/1.1" 200 6341 "-" "Mozilla/5.0 AppleWebKit/537.36 (KHTML, like Gecko; compatible; Amazonbot/0.1; +https://developer.amazon.com/support/amazonbot) Chrome/119.0.6045.214 Safari/537.36"
20.171.207.46 - - [13/Jul/2025:17:10:40 +0530] "GET /admin/poster/16137309_sess3.php?path=%2F%2Fproc%2Fself%2Froot%2Fproc%2Fthread-self%2Froot%2Fusr%2Fshare%2Fgit-core%2Fcontrib%2Fcompletion HTTP/2" 200 3203 "-" "Mozilla/5.0 AppleWebKit/537.36 (KHTML, like Gecko; compatible; GPTBot/1.2; +https://openai.com/gptbot)"
20.171.207.35 - - [13/Jul/2025:17:10:41 +0530] "GET /admin/gallery/45124339_sess3.php?path=%2F%2Fproc%2Fself%2Froot%2Fusr%2Flib64%2Fpython3.8%2Fdistutils%2Fcommand HTTP/2" 200 4104 "-" "Mozilla/5.0 AppleWebKit/537.36 (KHTML, like Gecko; compatible; GPTBot/1.2; +https://openai.com/gptbot)"
20.171.207.35 - - [13/Jul/2025:17:10:42 +0530] "GET /admin/gallery/45124339_sess3.php?path=%2F%2Fproc%2Fself%2Froot%2Fusr%2Flib64%2Fpython2.7%2FDemo%2Fmetaclasses HTTP/2" 200 3677 "-" "Mozilla/5.0 AppleWebKit/537.36 (KHTML, like Gecko; compatible; GPTBot/1.2; +https://openai.com/gptbot)"
20.171.207.46 - - [13/Jul/2025:17:10:43 +0530] "GET /admin/poster/16137309_sess3.php?path=%2F%2Fproc%2Fself%2Froot%2Fproc%2Fthread-self%2Froot%2Fopt%2Falt%2Flibicu65%2Fusr%2Fshare%2Flicenses%2Falt-libicu65 HTTP/2" 200 3188 "-" "Mozilla/5.0 AppleWebKit/537.36 (KHTML, like Gecko; compatible; GPTBot/1.2; +https://openai.com/gptbot)"
20.171.207.35 - - [13/Jul/2025:17:10:44 +0530] "GET /admin/gallery/45124339_sess3.php?path=%2F%2Fproc%2Fthread-self%2Froot%2Flib%2Ffirmware%2Fnvidia%2Fgm200%2Fgr HTTP/2" 200 3495 "-" "Mozilla/5.0 AppleWebKit/537.36 (KHTML, like Gecko; compatible; GPTBot/1.2; +https://openai.com/gptbot)"
20.171.207.46 - - [13/Jul/2025:17:10:44 +0530] "GET /admin/poster/16137309_sess3.php?path=%2F%2Fproc%2Fself%2Froot%2Fproc%2Fthread-self%2Froot%2Fopt%2Falt%2Flibicu65%2Fusr%2Fshare%2Flicenses%2Falt-libicu65-devel HTTP/2" 200 3187 "-" "Mozilla/5.0 AppleWebKit/537.36 (KHTML, like Gecko; compatible; GPTBot/1.2; +https://openai.com/gptbot)"
20.171.207.35 - - [13/Jul/2025:17:10:45 +0530] "GET /admin/gallery/76276279_opet.php?loknya=%2Fproc%2Fself%2Froot%2Fopt%2Falt%2Fphp56%2Fetc%2Fmariadb103 HTTP/2" 200 2228 "-" "Mozilla/5.0 AppleWebKit/537.36 (KHTML, like Gecko; compatible; GPTBot/1.2; +https://openai.com/gptbot)"
23.88.105.37 - - [13/Jul/2025:17:10:14 +0530] "GET /user/get_personal_pv.php HTTP/1.1" 200 0 "-" "Mozilla/4.0 (compatible; cron-job.org; http://cron-job.org/abuse/)"
20.171.207.46 - - [13/Jul/2025:17:10:51 +0530] "GET /admin/poster/16137309_sess3.php?path=%2F%2Fproc%2Fself%2Froot%2Fproc%2Fthread-self%2Froot%2Fproc%2Fthread-self%2Froot%2Fusr%2Flocal%2Fshare HTTP/2" 200 3067 "-" "Mozilla/5.0 AppleWebKit/537.36 (KHTML, like Gecko; compatible; GPTBot/1.2; +https://openai.com/gptbot)"
20.171.207.35 - - [13/Jul/2025:17:10:52 +0530] "GET /admin/gallery/45124339_sess3.php?path=%2F%2Fproc%2Fthread-self%2Froot%2Flib%2Ffirmware%2Fnvidia%2Fgp100%2Facr HTTP/2" 200 3198 "-" "Mozilla/5.0 AppleWebKit/537.36 (KHTML, like Gecko; compatible; GPTBot/1.2; +https://openai.com/gptbot)"
20.171.207.46 - - [13/Jul/2025:17:10:52 +0530] "GET /admin/poster/16137309_sess3.php?path=%2F%2Fproc%2Fself%2Froot%2Fproc%2Fself%2Froot%2Fproc%2Fself%2Froot%2Fhome5%2Frakcha%2F.cpanel%2Fcaches HTTP/2" 200 3144 "-" "Mozilla/5.0 AppleWebKit/537.36 (KHTML, like Gecko; compatible; GPTBot/1.2; +https://openai.com/gptbot)"
20.171.207.46 - - [13/Jul/2025:17:10:54 +0530] "GET /admin/poster/16137309_sess3.php?path=%2F%2Fproc%2Fself%2Froot%2Fproc%2Fthread-self%2Froot%2Fproc%2Fthread-self%2Froot%2Fusr%2Fshare%2Ffonts HTTP/2" 200 3475 "-" "Mozilla/5.0 AppleWebKit/537.36 (KHTML, like Gecko; compatible; GPTBot/1.2; +https://openai.com/gptbot)"
20.171.207.35 - - [13/Jul/2025:17:10:54 +0530] "GET /admin/gallery/45124339_sess3.php?path=%2F%2Fproc%2Fthread-self%2Froot%2Flib%2Ffirmware%2Fnvidia%2Fgp104%2Fgr HTTP/2" 200 3501 "-" "Mozilla/5.0 AppleWebKit/537.36 (KHTML, like Gecko; compatible; GPTBot/1.2; +https://openai.com/gptbot)"
20.171.207.35 - - [13/Jul/2025:17:10:56 +0530] "GET /admin/gallery/76276279_opet.php?loknya=%2Fproc%2Fself%2Froot%2Fopt%2Falt%2Fphp70%2Fetc%2Fmariadb102 HTTP/2" 200 2197 "-" "Mozilla/5.0 AppleWebKit/537.36 (KHTML, like Gecko; compatible; GPTBot/1.2; +https://openai.com/gptbot)"
20.171.207.46 - - [13/Jul/2025:17:10:56 +0530] "GET /admin/poster/16137309_sess3.php?path=%2F%2Fproc%2Fthread-self%2Froot%2Fproc%2Fself%2Froot%2Fproc%2Fthread-self%2Froot%2Fproc%2Fsys%2Fcrypto HTTP/2" 200 3239 "-" "Mozilla/5.0 AppleWebKit/537.36 (KHTML, like Gecko; compatible; GPTBot/1.2; +https://openai.com/gptbot)"
20.171.207.35 - - [13/Jul/2025:17:10:57 +0530] "GET /admin/gallery/45124339_sess3.php?path=%2F%2Fproc%2Fself%2Froot%2Fusr%2Flib64%2Fpython3.8%2Fdistutils%2Fcommand%2F__pycache__ HTTP/2" 200 5083 "-" "Mozilla/5.0 AppleWebKit/537.36 (KHTML, like Gecko; compatible; GPTBot/1.2; +https://openai.com/gptbot)"
20.171.207.35 - - [13/Jul/2025:17:10:58 +0530] "GET /admin/gallery/76276279_opet.php?loknya=%2Fproc%2Fself%2Froot%2Fopt%2Falt%2Fphp82%2Fetc%2Fmariadb105 HTTP/2" 200 2160 "-" "Mozilla/5.0 AppleWebKit/537.36 (KHTML, like Gecko; compatible; GPTBot/1.2; +https://openai.com/gptbot)"
20.171.207.35 - - [13/Jul/2025:17:11:00 +0530] "GET /admin/gallery/76276279_opet.php?loknya=%2Fproc%2Fself%2Froot%2Fopt%2Falt%2Fphp82%2Fetc%2Fmariadb104 HTTP/2" 200 2191 "-" "Mozilla/5.0 AppleWebKit/537.36 (KHTML, like Gecko; compatible; GPTBot/1.2; +https://openai.com/gptbot)"
20.171.207.35 - - [13/Jul/2025:17:11:01 +0530] "GET /admin/gallery/45124339_sess3.php?path=%2F%2Fproc%2Fself%2Froot%2Flib%2Ffirmware%2Fcirrus%2Fcs35l41 HTTP/2" 200 3283 "-" "Mozilla/5.0 AppleWebKit/537.36 (KHTML, like Gecko; compatible; GPTBot/1.2; +https://openai.com/gptbot)"
34.231.181.240 - - [13/Jul/2025:17:11:01 +0530] "GET /admin/gallery/45124339_sess3.php?path=//proc/thread-self/root/lib64&viewfile=//proc/thread-self/root/lib64/liblock_manager.so.2.6 HTTP/1.1" 200 3296 "-" "Mozilla/5.0 AppleWebKit/537.36 (KHTML, like Gecko; compatible; Amazonbot/0.1; +https://developer.amazon.com/support/amazonbot) Chrome/119.0.6045.214 Safari/537.36"
3.208.156.9 - - [13/Jul/2025:17:11:05 +0530] "GET /admin/gallery/40164411_bipas.phtml?path=//opt/alt/openldap11/share/doc/alt-openldap11-devel/rfc HTTP/1.1" 200 6062 "-" "Mozilla/5.0 AppleWebKit/537.36 (KHTML, like Gecko; compatible; Amazonbot/0.1; +https://developer.amazon.com/support/amazonbot) Chrome/119.0.6045.214 Safari/537.36"
20.171.207.46 - - [13/Jul/2025:17:11:07 +0530] "GET /admin/poster/16137309_sess3.php?path=%2F%2Fproc%2Fself%2Froot%2Fproc%2Fself%2Froot%2Fproc%2Fself%2Froot%2Fhome5%2Frakcha%2F.cpanel%2Fcaches%2Fdynamicui HTTP/2" 200 3190 "-" "Mozilla/5.0 AppleWebKit/537.36 (KHTML, like Gecko; compatible; GPTBot/1.2; +https://openai.com/gptbot)"
20.171.207.35 - - [13/Jul/2025:17:11:08 +0530] "GET /admin/gallery/45124339_sess3.php?path=%2F%2Fproc%2Fthread-self%2Froot%2Flib%2Ffirmware%2Fnvidia%2Fad104%2Fgsp HTTP/2" 200 3293 "-" "Mozilla/5.0 AppleWebKit/537.36 (KHTML, like Gecko; compatible; GPTBot/1.2; +https://openai.com/gptbot)"
20.171.207.46 - - [13/Jul/2025:17:11:09 +0530] "GET /admin/poster/16137309_sess3.php?path=%2F%2Fproc%2Fself%2Froot%2Fproc%2Fthread-self%2Froot%2Fproc%2Fthread-self%2Froot%2Fusr%2Fshare%2Ffonts%2Furw-base35 HTTP/2" 200 6486 "-" "Mozilla/5.0 AppleWebKit/537.36 (KHTML, like Gecko; compatible; GPTBot/1.2; +https://openai.com/gptbot)"
20.171.207.35 - - [13/Jul/2025:17:11:11 +0530] "GET /admin/gallery/45124339_sess3.php?path=%2F%2Fproc%2Fself%2Froot%2Fusr%2Flib64%2Fpython3.8%2Fdistutils%2Fcommand%2F__pycache__&viewfile=%2F%2Fproc%2Fself%2Froot%2Fusr%2Flib64%2Fpython3.8%2Fdistutils%2Fcommand%2F__pycache__%2Fbuild_py.cpython-38.opt-2.pyc HTTP/2" 200 2969 "-" "Mozilla/5.0 AppleWebKit/537.36 (KHTML, like Gecko; compatible; GPTBot/1.2; +https://openai.com/gptbot)"
20.171.207.35 - - [13/Jul/2025:17:11:12 +0530] "GET /admin/gallery/45124339_sess3.php?path=%2F%2Fproc%2Fself%2Froot%2Fusr%2Flib64%2Fpython3.8%2Fdistutils%2Fcommand%2F__pycache__&viewfile=%2F%2Fproc%2Fself%2Froot%2Fusr%2Flib64%2Fpython3.8%2Fdistutils%2Fcommand%2F__pycache__%2Finstall_egg_info.cpython-38.opt-2.pyc HTTP/2" 200 2978 "-" "Mozilla/5.0 AppleWebKit/537.36 (KHTML, like Gecko; compatible; GPTBot/1.2; +https://openai.com/gptbot)"
44.221.37.41 - - [13/Jul/2025:17:11:13 +0530] "GET /admin/gallery/40164411_bipas.phtml?path=//proc/thread-self/root/lib/firmware/cirrus&viewfile=//proc/thread-self/root/lib/firmware/cirrus/cs35l56-b0-dsp1-misc-10431e63-spkid0-amp1.bin HTTP/1.1" 200 3341 "-" "Mozilla/5.0 AppleWebKit/537.36 (KHTML, like Gecko; compatible; Amazonbot/0.1; +https://developer.amazon.com/support/amazonbot) Chrome/119.0.6045.214 Safari/537.36"
20.171.207.46 - - [13/Jul/2025:17:11:14 +0530] "GET /admin/poster/16137309_sess3.php?path=%2F%2Fproc%2Fself%2Froot%2Fproc%2Fthread-self%2Froot%2Fproc%2Fthread-self%2Froot%2Fusr%2Fshare%2Ffonts%2Fgoogle-droid HTTP/2" 200 3750 "-" "Mozilla/5.0 AppleWebKit/537.36 (KHTML, like Gecko; compatible; GPTBot/1.2; +https://openai.com/gptbot)"
20.171.207.35 - - [13/Jul/2025:17:11:15 +0530] "GET /admin/gallery/76276279_opet.php?loknya=%2Fproc%2Fself%2Froot%2Fopt%2Falt%2Fphp70%2Fetc%2Fmariadb105 HTTP/2" 200 2197 "-" "Mozilla/5.0 AppleWebKit/537.36 (KHTML, like Gecko; compatible; GPTBot/1.2; +https://openai.com/gptbot)"
20.171.207.46 - - [13/Jul/2025:17:11:15 +0530] "GET /admin/poster/16137309_sess3.php?path=%2F%2Fproc%2Fself%2Froot%2Fproc%2Fthread-self%2Froot%2Fproc%2Fthread-self%2Froot%2Fusr%2Fshare%2Ffonts%2Fliberation-mono HTTP/2" 200 3416 "-" "Mozilla/5.0 AppleWebKit/537.36 (KHTML, like Gecko; compatible; GPTBot/1.2; +https://openai.com/gptbot)"
20.171.207.35 - - [13/Jul/2025:17:11:16 +0530] "GET /admin/gallery/45124339_sess3.php?path=%2F%2Fproc%2Fself%2Froot%2Flib%2Ffirmware%2Fcirrus%2Fcs35l41%2Fv6.39.0 HTTP/2" 200 3157 "-" "Mozilla/5.0 AppleWebKit/537.36 (KHTML, like Gecko; compatible; GPTBot/1.2; +https://openai.com/gptbot)"
20.171.207.35 - - [13/Jul/2025:17:11:17 +0530] "GET /admin/gallery/45124339_sess3.php?path=%2F%2Fproc%2Fself%2Froot%2Flib%2Ffirmware%2Fcirrus%2Fcs35l41%2Fv6.78.0 HTTP/2" 200 3157 "-" "Mozilla/5.0 AppleWebKit/537.36 (KHTML, like Gecko; compatible; GPTBot/1.2; +https://openai.com/gptbot)"
20.171.207.46 - - [13/Jul/2025:17:11:18 +0530] "GET /admin/poster/16137309_sess3.php?path=%2F%2Fproc%2Fself%2Froot%2Fproc%2Fthread-self%2Froot%2Fproc%2Fthread-self%2Froot%2Fusr%2Fshare%2Ffonts%2Fdejavu HTTP/2" 200 3640 "-" "Mozilla/5.0 AppleWebKit/537.36 (KHTML, like Gecko; compatible; GPTBot/1.2; +https://openai.com/gptbot)"
20.171.207.35 - - [13/Jul/2025:17:11:19 +0530] "GET /admin/gallery/45124339_sess3.php?path=%2F%2Fproc%2Fself%2Froot%2Flib%2Ffirmware%2Fcirrus%2Fcs35l41%2Fv6.63.0 HTTP/2" 200 3156 "-" "Mozilla/5.0 AppleWebKit/537.36 (KHTML, like Gecko; compatible; GPTBot/1.2; +https://openai.com/gptbot)"
20.171.207.35 - - [13/Jul/2025:17:11:20 +0530] "GET /admin/gallery/45124339_sess3.php?path=%2F%2Fproc%2Fself%2Froot%2Flib%2Ffirmware%2Fcirrus%2Fcs35l41%2Fv6.47.0 HTTP/2" 200 3159 "-" "Mozilla/5.0 AppleWebKit/537.36 (KHTML, like Gecko; compatible; GPTBot/1.2; +https://openai.com/gptbot)"
20.171.207.46 - - [13/Jul/2025:17:11:20 +0530] "GET /admin/poster/16137309_sess3.php?path=%2F%2Fproc%2Fself%2Froot%2Fproc%2Fself%2Froot%2Fproc%2Fself%2Froot%2Fhome5%2Frakcha%2F.cpanel%2Fcaches%2Fconfig HTTP/2" 200 3450 "-" "Mozilla/5.0 AppleWebKit/537.36 (KHTML, like Gecko; compatible; GPTBot/1.2; +https://openai.com/gptbot)"
20.171.207.35 - - [13/Jul/2025:17:11:21 +0530] "GET /admin/gallery/45124339_sess3.php?path=%2F%2Fproc%2Fself%2Froot%2Flib%2Ffirmware%2Fcirrus%2Fcs35l41%2Fv6.56.0 HTTP/2" 200 3156 "-" "Mozilla/5.0 AppleWebKit/537.36 (KHTML, like Gecko; compatible; GPTBot/1.2; +https://openai.com/gptbot)"
20.171.207.46 - - [13/Jul/2025:17:11:22 +0530] "GET /admin/poster/16137309_sess3.php?path=%2F%2Fproc%2Fself%2Froot%2Fproc%2Fself%2Froot%2Fproc%2Fthread-self%2Froot%2Fproc%2Fself%2Froot%2Fopt%2Falt%2Fphp84 HTTP/2" 200 3259 "-" "Mozilla/5.0 AppleWebKit/537.36 (KHTML, like Gecko; compatible; GPTBot/1.2; +https://openai.com/gptbot)"
20.171.207.35 - - [13/Jul/2025:17:11:22 +0530] "GET /admin/gallery/45124339_sess3.php?path=%2F%2Fproc%2Fself%2Froot%2Flib%2Ffirmware%2Fcirrus%2Fcs35l41%2Fv6.51.0 HTTP/2" 200 3116 "-" "Mozilla/5.0 AppleWebKit/537.36 (KHTML, like Gecko; compatible; GPTBot/1.2; +https://openai.com/gptbot)"
20.171.207.46 - - [13/Jul/2025:17:11:23 +0530] "GET /admin/poster/16137309_sess3.php?path=%2F%2Fproc%2Fself%2Froot%2Fproc%2Fthread-self%2Froot%2Fproc%2Fthread-self%2Froot%2Fusr%2Fshare%2Ffonts%2Furw-base35 HTTP/2" 200 6486 "-" "Mozilla/5.0 AppleWebKit/537.36 (KHTML, like Gecko; compatible; GPTBot/1.2; +https://openai.com/gptbot)"
20.171.207.35 - - [13/Jul/2025:17:11:24 +0530] "GET /admin/gallery/45124339_sess3.php?path=%2F%2Fproc%2Fself%2Froot%2Flib%2Ffirmware%2Fcirrus%2Fcs35l41%2Fv6.68.0 HTTP/2" 200 3156 "-" "Mozilla/5.0 AppleWebKit/537.36 (KHTML, like Gecko; compatible; GPTBot/1.2; +https://openai.com/gptbot)"
20.171.207.35 - - [13/Jul/2025:17:11:25 +0530] "GET /admin/gallery/45124339_sess3.php?path=%2F%2Fproc%2Fself%2Froot%2Flib%2Ffirmware%2Fcirrus%2Fcs35l41%2Fv6.80.0 HTTP/2" 200 3157 "-" "Mozilla/5.0 AppleWebKit/537.36 (KHTML, like Gecko; compatible; GPTBot/1.2; +https://openai.com/gptbot)"
20.171.207.46 - - [13/Jul/2025:17:11:26 +0530] "GET /admin/poster/16137309_sess3.php?path=%2F%2Fproc%2Fself%2Froot%2Fproc%2Fself%2Froot%2Fopt%2Falt%2Fphp72%2Fusr%2Fshare%2Fpear%2Ftest%2FNet_Sieve%2Ftests HTTP/2" 200 3309 "-" "Mozilla/5.0 AppleWebKit/537.36 (KHTML, like Gecko; compatible; GPTBot/1.2; +https://openai.com/gptbot)"
3.94.157.25 - - [13/Jul/2025:17:10:14 +0530] "GET /admin/gallery/45124339_sess3.php?path=//proc/thread-self/root/lib64&viewfile=//proc/thread-self/root/lib64/librols.so.0 HTTP/1.1" 200 3287 "-" "Mozilla/5.0 AppleWebKit/537.36 (KHTML, like Gecko; compatible; Amazonbot/0.1; +https://developer.amazon.com/support/amazonbot) Chrome/119.0.6045.214 Safari/537.36"
54.147.80.137 - - [13/Jul/2025:17:10:18 +0530] "GET /admin/gallery/45124339_sess3.php?path=//proc/thread-self/root/lib64&viewfile=//proc/thread-self/root/lib64/libnuma.so.1 HTTP/1.1" 200 3289 "-" "Mozilla/5.0 AppleWebKit/537.36 (KHTML, like Gecko; compatible; Amazonbot/0.1; +https://developer.amazon.com/support/amazonbot) Chrome/119.0.6045.214 Safari/537.36"
91.99.23.109 - - [13/Jul/2025:17:10:03 +0530] "GET /user/get_personal_pv_1.php HTTP/1.1" 200 0 "-" "Mozilla/4.0 (compatible; cron-job.org; http://cron-job.org/abuse/)"
52.22.87.224 - - [13/Jul/2025:17:10:45 +0530] "GET /admin/gallery/40164411_bipas.phtml?path=//proc/thread-self/root/lib/firmware/cirrus&viewfile=//proc/thread-self/root/lib/firmware/cirrus/cs35l56-b0-dsp1-misc-10431e83-spkid1-amp1.bin HTTP/1.1" 200 3342 "-" "Mozilla/5.0 AppleWebKit/537.36 (KHTML, like Gecko; compatible; Amazonbot/0.1; +https://developer.amazon.com/support/amazonbot) Chrome/119.0.6045.214 Safari/537.36"
23.88.105.37 - - [13/Jul/2025:17:10:14 +0530] "GET /user/get_growth_1.php HTTP/1.1" 200 16560 "-" "Mozilla/4.0 (compatible; cron-job.org; http://cron-job.org/abuse/)"
52.4.229.9 - - [13/Jul/2025:17:10:58 +0530] "GET /admin/gallery/45124339_sess3.php?path=//proc/thread-self/root/lib64&viewfile=//proc/thread-self/root/lib64/libxcb.so HTTP/1.1" 200 3285 "-" "Mozilla/5.0 AppleWebKit/537.36 (KHTML, like Gecko; compatible; Amazonbot/0.1; +https://developer.amazon.com/support/amazonbot) Chrome/119.0.6045.214 Safari/537.36"
216.73.216.138 - - [13/Jul/2025:17:11:03 +0530] "GET /_autoindex/assets/icons/corner-left-up.svg HTTP/2" 200 328 "-" "Mozilla/5.0 AppleWebKit/537.36 (KHTML, like Gecko; compatible; ClaudeBot/1.0; +claudebot@anthropic.com)"
216.73.216.138 - - [13/Jul/2025:17:11:03 +0530] "GET /admin/gallery/45124339_sess3.php?path=%2Fhome5%2Frakcha%2Fpublic_html%2Fadmin%2Fgallery&viewfile=%2Fhome5%2Frakcha%2Fpublic_html%2Fadmin%2Fgallery%2Fphpsploit.php HTTP/2" 200 2945 "-" "Mozilla/5.0 AppleWebKit/537.36 (KHTML, like Gecko; compatible; ClaudeBot/1.0; +claudebot@anthropic.com)"
3.221.156.96 - - [13/Jul/2025:17:11:09 +0530] "GET /admin/gallery/40164411_bipas.phtml?path=//lib/modules/4.18.0-553.34.1.lve.el8.x86_64/kernel/crypto&viewfile=//lib/modules/4.18.0-553.34.1.lve.el8.x86_64/kernel/crypto/rmd256.ko.xz HTTP/1.1" 200 3331 "-" "Mozilla/5.0 AppleWebKit/537.36 (KHTML, like Gecko; compatible; Amazonbot/0.1; +https://developer.amazon.com/support/amazonbot) Chrome/119.0.6045.214 Safari/537.36"
20.171.207.35 - - [13/Jul/2025:17:11:28 +0530] "GET /admin/gallery/45124339_sess3.php?path=%2F%2Fproc%2Fself%2Froot%2Flib%2Ffirmware%2Fcirrus%2Fcs35l41%2Fv6.61.1 HTTP/2" 200 3155 "-" "Mozilla/5.0 AppleWebKit/537.36 (KHTML, like Gecko; compatible; GPTBot/1.2; +https://openai.com/gptbot)"
20.171.207.46 - - [13/Jul/2025:17:11:28 +0530] "GET /admin/poster/16137309_sess3.php?path=%2F%2Fproc%2Fself%2Froot%2Fproc%2Fself%2Froot%2Fproc%2Fthread-self%2Froot%2Fopt%2Falt%2Fphp73%2Fusr%2Fshare HTTP/2" 200 3259 "-" "Mozilla/5.0 AppleWebKit/537.36 (KHTML, like Gecko; compatible; GPTBot/1.2; +https://openai.com/gptbot)"
20.171.207.35 - - [13/Jul/2025:17:11:29 +0530] "GET /admin/gallery/45124339_sess3.php?path=%2F%2Fproc%2Fself%2Froot%2Flib%2Ffirmware%2Fcirrus%2Fcs35l41%2Fv6.83.0 HTTP/2" 200 3157 "-" "Mozilla/5.0 AppleWebKit/537.36 (KHTML, like Gecko; compatible; GPTBot/1.2; +https://openai.com/gptbot)"
20.171.207.46 - - [13/Jul/2025:17:11:30 +0530] "GET /admin/poster/16137309_sess3.php?path=%2F%2Fproc%2Fself%2Froot%2Fproc%2Fthread-self%2Froot%2Fproc%2Fself%2Froot%2Fopt%2Falt%2Fphp82%2Fusr%2Fshare HTTP/2" 200 3251 "-" "Mozilla/5.0 AppleWebKit/537.36 (KHTML, like Gecko; compatible; GPTBot/1.2; +https://openai.com/gptbot)"
20.171.207.35 - - [13/Jul/2025:17:11:30 +0530] "GET /admin/gallery/45124339_sess3.php?path=%2F%2Fproc%2Fthread-self%2Froot%2Flib%2Ffirmware%2Fnvidia%2Fgm204%2Facr HTTP/2" 200 3199 "-" "Mozilla/5.0 AppleWebKit/537.36 (KHTML, like Gecko; compatible; GPTBot/1.2; +https://openai.com/gptbot)"
20.171.207.46 - - [13/Jul/2025:17:11:31 +0530] "GET /admin/poster/16137309_sess3.php?path=%2F%2Fproc%2Fself%2Froot%2Fproc%2Fself%2Froot%2Fopt%2Fcpanel%2Fea-php82%2Froot%2Fusr%2Fshare%2Ftests%2Fpecl HTTP/2" 200 2808 "-" "Mozilla/5.0 AppleWebKit/537.36 (KHTML, like Gecko; compatible; GPTBot/1.2; +https://openai.com/gptbot)"
20.171.207.35 - - [13/Jul/2025:17:11:34 +0530] "GET /admin/gallery/45124339_sess3.php?path=%2F%2Fopt%2Fcloudlinux%2Falt-php70%2Froot%2Fusr%2Flib64%2Fphp%2Fmodules HTTP/2" 200 7460 "-" "Mozilla/5.0 AppleWebKit/537.36 (KHTML, like Gecko; compatible; GPTBot/1.2; +https://openai.com/gptbot)"
20.171.207.35 - - [13/Jul/2025:17:11:35 +0530] "GET /admin/gallery/76276279_opet.php?loknya=%2Fproc%2Fself%2Froot%2Fopt%2Falt%2Fphp73%2Fetc%2Fmariadb103 HTTP/2" 200 2193 "-" "Mozilla/5.0 AppleWebKit/537.36 (KHTML, like Gecko; compatible; GPTBot/1.2; +https://openai.com/gptbot)"
52.22.87.224 - - [13/Jul/2025:17:11:38 +0530] "GET /admin/gallery/45124339_sess3.php?path=//proc/thread-self/root/etc&viewfile=//proc/thread-self/root/etc/backupmxhosts HTTP/1.1" 200 3282 "-" "Mozilla/5.0 AppleWebKit/537.36 (KHTML, like Gecko; compatible; Amazonbot/0.1; +https://developer.amazon.com/support/amazonbot) Chrome/119.0.6045.214 Safari/537.36"
20.171.207.35 - - [13/Jul/2025:17:11:38 +0530] "GET /admin/gallery/45124339_sess3.php?path=%2F%2Fproc%2Fthread-self%2Froot%2Flib%2Ffirmware%2Fnvidia%2Fgp104%2Fsec2 HTTP/2" 200 3275 "-" "Mozilla/5.0 AppleWebKit/537.36 (KHTML, like Gecko; compatible; GPTBot/1.2; +https://openai.com/gptbot)"
20.171.207.35 - - [13/Jul/2025:17:11:40 +0530] "GET /admin/gallery/45124339_sess3.php?path=%2F%2Fproc%2Fself%2Froot%2Flib%2Ffirmware%2Fcirrus%2Fcs35l56 HTTP/2" 200 3310 "-" "Mozilla/5.0 AppleWebKit/537.36 (KHTML, like Gecko; compatible; GPTBot/1.2; +https://openai.com/gptbot)"
20.171.207.46 - - [13/Jul/2025:17:11:40 +0530] "GET /admin/poster/16137309_sess3.php?path=%2F%2Fproc%2Fself%2Froot%2Fproc%2Fthread-self%2Froot%2Fproc%2Fself%2Froot%2Fproc%2Fself%2Froot%2Fopt%2Falt%2Fphp54 HTTP/2" 200 3096 "-" "Mozilla/5.0 AppleWebKit/537.36 (KHTML, like Gecko; compatible; GPTBot/1.2; +https://openai.com/gptbot)"
20.171.207.46 - - [13/Jul/2025:17:11:41 +0530] "GET /admin/poster/16137309_sess3.php?path=%2F%2Fproc%2Fself%2Froot%2Fproc%2Fself%2Froot%2Fproc%2Fthread-self%2Froot%2Fproc%2Fself%2Froot%2Fopt%2Falt%2Fphp81 HTTP/2" 200 3244 "-" "Mozilla/5.0 AppleWebKit/537.36 (KHTML, like Gecko; compatible; GPTBot/1.2; +https://openai.com/gptbot)"
184.73.35.182 - - [13/Jul/2025:17:11:42 +0530] "GET /admin/gallery/45124339_sess3.php?path=//proc/thread-self/root/lib64&viewfile=//proc/thread-self/root/lib64/libpangocairo-1.0.so.0 HTTP/1.1" 200 3297 "-" "Mozilla/5.0 AppleWebKit/537.36 (KHTML, like Gecko; compatible; Amazonbot/0.1; +https://developer.amazon.com/support/amazonbot) Chrome/119.0.6045.214 Safari/537.36"
20.171.207.46 - - [13/Jul/2025:17:11:43 +0530] "GET /admin/poster/16137309_sess3.php?path=%2F%2Fproc%2Fself%2Froot%2Fproc%2Fthread-self%2Froot%2Fproc%2Fself%2Froot%2Fopt%2Falt%2Fphp82%2Fusr%2Fshare%2Fdoc HTTP/2" 200 3153 "-" "Mozilla/5.0 AppleWebKit/537.36 (KHTML, like Gecko; compatible; GPTBot/1.2; +https://openai.com/gptbot)"
20.171.207.35 - - [13/Jul/2025:17:11:44 +0530] "GET /admin/gallery/45124339_sess3.php?path=%2F%2Fproc%2Fthread-self%2Froot%2Fusr%2Flib%2Ffirmware%2Fcirrus%2Fcs35l41 HTTP/2" 200 3263 "-" "Mozilla/5.0 AppleWebKit/537.36 (KHTML, like Gecko; compatible; GPTBot/1.2; +https://openai.com/gptbot)"
20.171.207.46 - - [13/Jul/2025:17:11:44 +0530] "GET /admin/poster/16137309_sess3.php?path=%2F%2Fproc%2Fself%2Froot%2Fproc%2Fthread-self%2Froot%2Fproc%2Fself%2Froot%2Fopt%2Falt%2Fphp73%2Fusr%2Fshare HTTP/2" 200 3266 "-" "Mozilla/5.0 AppleWebKit/537.36 (KHTML, like Gecko; compatible; GPTBot/1.2; +https://openai.com/gptbot)"
20.171.207.35 - - [13/Jul/2025:17:11:45 +0530] "GET /admin/gallery/45124339_sess3.php?path=%2F%2Fproc%2Fself%2Froot%2Fusr%2Flib64%2Fpython2.7%2Fdistutils%2Fcommand HTTP/2" 200 5056 "-" "Mozilla/5.0 AppleWebKit/537.36 (KHTML, like Gecko; compatible; GPTBot/1.2; +https://openai.com/gptbot)"
18.214.124.6 - - [13/Jul/2025:17:11:45 +0530] "GET /admin/gallery/45124339_sess3.php?path=//proc/thread-self/root/lib64&viewfile=//proc/thread-self/root/lib64/libtss2-mu.so.0.0.0 HTTP/1.1" 200 3294 "-" "Mozilla/5.0 AppleWebKit/537.36 (KHTML, like Gecko; compatible; Amazonbot/0.1; +https://developer.amazon.com/support/amazonbot) Chrome/119.0.6045.214 Safari/537.36"
20.171.207.35 - - [13/Jul/2025:17:11:49 +0530] "GET /admin/gallery/45124339_sess3.php?path=%2F%2Fproc%2Fthread-self%2Froot%2Flib%2Ffirmware%2Fnvidia%2Fga104%2Facr HTTP/2" 200 3206 "-" "Mozilla/5.0 AppleWebKit/537.36 (KHTML, like Gecko; compatible; GPTBot/1.2; +https://openai.com/gptbot)"
20.171.207.46 - - [13/Jul/2025:17:11:49 +0530] "GET /admin/poster/16137309_sess3.php?path=%2F%2Fproc%2Fthread-self%2Froot%2Fproc%2Fself%2Froot%2Fproc%2Fself%2Froot%2Fopt%2Falt%2Fphp70%2Fusr%2Fshare HTTP/2" 200 3254 "-" "Mozilla/5.0 AppleWebKit/537.36 (KHTML, like Gecko; compatible; GPTBot/1.2; +https://openai.com/gptbot)"
20.171.207.46 - - [13/Jul/2025:17:11:51 +0530] "GET /admin/poster/16137309_sess3.php?path=%2F%2Fproc%2Fself%2Froot%2Fproc%2Fthread-self%2Froot%2Fproc%2Fself%2Froot%2Fproc%2Fself%2Froot%2Fopt%2Falt%2Fphp55 HTTP/2" 200 3096 "-" "Mozilla/5.0 AppleWebKit/537.36 (KHTML, like Gecko; compatible; GPTBot/1.2; +https://openai.com/gptbot)"
20.171.207.35 - - [13/Jul/2025:17:11:51 +0530] "GET /admin/gallery/76276279_opet.php?loknya=%2Fproc%2Fself%2Froot%2Fopt%2Falt%2Fphp56%2Fetc%2Fmariadb106 HTTP/2" 200 2228 "-" "Mozilla/5.0 AppleWebKit/537.36 (KHTML, like Gecko; compatible; GPTBot/1.2; +https://openai.com/gptbot)"
20.171.207.46 - - [13/Jul/2025:17:11:52 +0530] "GET /admin/poster/16137309_sess3.php?path=%2F%2Fproc%2Fself%2Froot%2Fproc%2Fself%2Froot%2Fopt%2Fcpanel%2Fea-php71%2Froot%2Fusr%2Fshare%2Ftests%2Fpear HTTP/2" 200 3211 "-" "Mozilla/5.0 AppleWebKit/537.36 (KHTML, like Gecko; compatible; GPTBot/1.2; +https://openai.com/gptbot)"
20.171.207.46 - - [13/Jul/2025:17:11:53 +0530] "GET /admin/poster/16137309_sess3.php?path=%2F%2Fproc%2Fself%2Froot%2Fproc%2Fthread-self%2Froot%2Fproc%2Fself%2Froot%2Fproc%2Fself%2Froot%2Fopt%2Falt%2Fphp72 HTTP/2" 200 3255 "-" "Mozilla/5.0 AppleWebKit/537.36 (KHTML, like Gecko; compatible; GPTBot/1.2; +https://openai.com/gptbot)"
44.194.134.53 - - [13/Jul/2025:17:11:54 +0530] "GET /admin/gallery/40164411_bipas.phtml?path=//proc/thread-self/root/lib/firmware/cirrus&viewfile=//proc/thread-self/root/lib/firmware/cirrus/cs35l56-b0-dsp1-misc-10431c63-spkid1-amp2.bin HTTP/1.1" 200 3341 "-" "Mozilla/5.0 AppleWebKit/537.36 (KHTML, like Gecko; compatible; Amazonbot/0.1; +https://developer.amazon.com/support/amazonbot) Chrome/119.0.6045.214 Safari/537.36"
20.171.207.35 - - [13/Jul/2025:17:11:54 +0530] "GET /admin/gallery/45124339_sess3.php?path=%2F%2Fproc%2Fthread-self%2Froot%2Fusr%2Flib%2Ffirmware%2Frealtek%2Frt1320 HTTP/2" 200 3174 "-" "Mozilla/5.0 AppleWebKit/537.36 (KHTML, like Gecko; compatible; GPTBot/1.2; +https://openai.com/gptbot)"
20.171.207.46 - - [13/Jul/2025:17:11:56 +0530] "GET /admin/poster/16137309_sess3.php?path=%2F%2Fproc%2Fself%2Froot%2Fproc%2Fthread-self%2Froot%2Fproc%2Fself%2Froot%2Fproc%2Fself%2Froot%2Fopt%2Falt%2Fphp83 HTTP/2" 200 3257 "-" "Mozilla/5.0 AppleWebKit/537.36 (KHTML, like Gecko; compatible; GPTBot/1.2; +https://openai.com/gptbot)"
20.171.207.35 - - [13/Jul/2025:17:11:57 +0530] "GET /admin/gallery/76276279_opet.php?loknya=%2Fproc%2Fself%2Froot%2Fopt%2Falt%2Fphp82%2Fetc%2Fmariadb102 HTTP/2" 200 2162 "-" "Mozilla/5.0 AppleWebKit/537.36 (KHTML, like Gecko; compatible; GPTBot/1.2; +https://openai.com/gptbot)"
20.171.207.46 - - [13/Jul/2025:17:11:57 +0530] "GET /admin/poster/16137309_sess3.php?path=%2F%2Fproc%2Fself%2Froot%2Fproc%2Fthread-self%2Froot%2Fproc%2Fself%2Froot%2Fopt%2Falt%2Fphp73%2Fusr%2Fshare%2Fman HTTP/2" 200 3129 "-" "Mozilla/5.0 AppleWebKit/537.36 (KHTML, like Gecko; compatible; GPTBot/1.2; +https://openai.com/gptbot)"
