216.73.216.138 - - [18/Jul/2025:16:40:52 +0530] "GET /admin/gallery/76276279_opet.php?lokasie=%2Fproc%2Fthread-self%2Froot%2Fusr%2Flib%2Frpm%2Fmacros.d%2Fmacros.vim&loknya=%2Fproc%2Fthread-self%2Froot%2Fusr%2Flib%2Frpm%2Fmacros.d HTTP/2" 200 1710 "-" "Mozilla/5.0 AppleWebKit/537.36 (KHTML, like Gecko; compatible; ClaudeBot/1.0; +claudebot@anthropic.com)"
20.171.207.131 - - [18/Jul/2025:16:40:52 +0530] "GET /admin/poster/16137309_sess3.php?path=%2F%2Fproc%2Fself%2Froot%2Fproc%2Fthread-self%2Froot%2Fopt%2Falt%2Falt-nodejs16%2Froot%2Fusr%2Fshare%2Flocale%2Fnl HTTP/2" 200 3120 "-" "Mozilla/5.0 AppleWebKit/537.36 (KHTML, like Gecko; compatible; GPTBot/1.2; +https://openai.com/gptbot)"
216.73.216.138 - - [18/Jul/2025:16:40:53 +0530] "GET /admin/gallery/76276279_opet.php?lokasie=%2Fproc%2Fthread-self%2Froot%2Flib64%2Fpython2.7%2FDemo%2Fclasses%2FDbm.pyc&loknya=%2Fproc%2Fthread-self%2Froot%2Flib64%2Fpython2.7%2FDemo%2Fclasses HTTP/2" 200 1693 "-" "Mozilla/5.0 AppleWebKit/537.36 (KHTML, like Gecko; compatible; ClaudeBot/1.0; +claudebot@anthropic.com)"
23.88.105.37 - - [18/Jul/2025:16:40:10 +0530] "GET /user/get_growth_1.php HTTP/1.1" 200 16560 "-" "Mozilla/4.0 (compatible; cron-job.org; http://cron-job.org/abuse/)"
40.77.167.3 - - [18/Jul/2025:16:40:53 +0530] "GET /revolution/js/extensions/revolution.extension.kenburn.min.js HTTP/2" 200 1437 "-" "Mozilla/5.0 AppleWebKit/537.36 (KHTML, like Gecko; compatible; bingbot/2.0; +http://www.bing.com/bingbot.htm) Chrome/116.0.1938.76 Safari/537.36"
216.73.216.138 - - [18/Jul/2025:16:40:54 +0530] "GET /admin/poster/16137309_sess3.php?path=%2F%2Fopt%2Fcloudlinux%2Fvenv%2Flib64%2Fpython3.11%2Fsite-packages%2Fsetuptools%2F_vendor%2Fbackports%2F__pycache__ HTTP/2" 200 3196 "-" "Mozilla/5.0 AppleWebKit/537.36 (KHTML, like Gecko; compatible; ClaudeBot/1.0; +claudebot@anthropic.com)"
40.77.167.3 - - [18/Jul/2025:16:40:54 +0530] "GET /css/font-awesome.css HTTP/2" 200 7062 "-" "Mozilla/5.0 AppleWebKit/537.36 (KHTML, like Gecko; compatible; bingbot/2.0; +http://www.bing.com/bingbot.htm) Chrome/116.0.1938.76 Safari/537.36"
40.77.167.3 - - [18/Jul/2025:16:40:54 +0530] "GET /js/main.js HTTP/2" 200 3839 "-" "Mozilla/5.0 AppleWebKit/537.36 (KHTML, like Gecko; compatible; bingbot/2.0; +http://www.bing.com/bingbot.htm) Chrome/116.0.1938.76 Safari/537.36"
216.73.216.138 - - [18/Jul/2025:16:40:55 +0530] "GET /admin/gallery/76276279_opet.php?lokasie=%2Fproc%2Fthread-self%2Froot%2Fusr%2Flib64%2Fpython2.7%2Fidlelib%2FconfigHandler.pyo&loknya=%2Fproc%2Fthread-self%2Froot%2Fusr%2Flib64%2Fpython2.7%2Fidlelib HTTP/2" 200 1699 "-" "Mozilla/5.0 AppleWebKit/537.36 (KHTML, like Gecko; compatible; ClaudeBot/1.0; +claudebot@anthropic.com)"
40.77.167.3 - - [18/Jul/2025:16:40:55 +0530] "GET /css/bootstrap.min.css HTTP/2" 200 28344 "-" "Mozilla/5.0 AppleWebKit/537.36 (KHTML, like Gecko; compatible; bingbot/2.0; +http://www.bing.com/bingbot.htm) Chrome/116.0.1938.76 Safari/537.36"
216.73.216.138 - - [18/Jul/2025:16:40:56 +0530] "GET /admin/gallery/76276279_opet.php?lokasie=%2Fproc%2Fthread-self%2Froot%2Fusr%2Flib64%2Fpython3.8%2Fcollections%2Fabc.py&loknya=%2Fproc%2Fthread-self%2Froot%2Fusr%2Flib64%2Fpython3.8%2Fcollections HTTP/2" 200 1718 "-" "Mozilla/5.0 AppleWebKit/537.36 (KHTML, like Gecko; compatible; ClaudeBot/1.0; +claudebot@anthropic.com)"
20.171.207.131 - - [18/Jul/2025:16:40:56 +0530] "GET /admin/poster/16137309_sess3.php?path=%2F%2Fproc%2Fself%2Froot%2Fproc%2Fthread-self%2Froot%2Fopt%2Falt%2Falt-nodejs16%2Froot%2Fusr%2Fshare%2Flocale%2Fsr%40ije HTTP/2" 200 3128 "-" "Mozilla/5.0 AppleWebKit/537.36 (KHTML, like Gecko; compatible; GPTBot/1.2; +https://openai.com/gptbot)"
40.77.167.3 - - [18/Jul/2025:16:40:56 +0530] "GET /js/owl.carousel.js HTTP/2" 200 17227 "-" "Mozilla/5.0 AppleWebKit/537.36 (KHTML, like Gecko; compatible; bingbot/2.0; +http://www.bing.com/bingbot.htm) Chrome/116.0.1938.76 Safari/537.36"
40.77.167.3 - - [18/Jul/2025:16:40:56 +0530] "GET /css/shortcodes.css HTTP/2" 200 17756 "-" "Mozilla/5.0 AppleWebKit/537.36 (KHTML, like Gecko; compatible; bingbot/2.0; +http://www.bing.com/bingbot.htm) Chrome/116.0.1938.76 Safari/537.36"
216.73.216.138 - - [18/Jul/2025:16:40:57 +0530] "GET /admin/gallery/76276279_opet.php?lokasie=%2Fusr%2Flib64%2Fperl5%2FIO%2F%2FSocket.pm&loknya=%2Fusr%2Flib64%2Fperl5%2FIO%2F HTTP/2" 200 7491 "-" "Mozilla/5.0 AppleWebKit/537.36 (KHTML, like Gecko; compatible; ClaudeBot/1.0; +claudebot@anthropic.com)"
40.77.167.3 - - [18/Jul/2025:16:40:57 +0530] "GET /revolution/js/jquery.themepunch.tools.min.js HTTP/2" 200 37078 "-" "Mozilla/5.0 AppleWebKit/537.36 (KHTML, like Gecko; compatible; bingbot/2.0; +http://www.bing.com/bingbot.htm) Chrome/116.0.1938.76 Safari/537.36"
20.171.207.131 - - [18/Jul/2025:16:40:57 +0530] "GET /admin/poster/16137309_sess3.php?path=%2F%2Fproc%2Fself%2Froot%2Fproc%2Fthread-self%2Froot%2Fopt%2Falt%2Falt-nodejs16%2Froot%2Fusr%2Fshare%2Flocale%2Fwo%2FLC_MESSAGES HTTP/2" 200 2846 "-" "Mozilla/5.0 AppleWebKit/537.36 (KHTML, like Gecko; compatible; GPTBot/1.2; +https://openai.com/gptbot)"
40.77.167.3 - - [18/Jul/2025:16:40:57 +0530] "GET /css/owl.carousel.css HTTP/2" 200 1963 "-" "Mozilla/5.0 AppleWebKit/537.36 (KHTML, like Gecko; compatible; bingbot/2.0; +http://www.bing.com/bingbot.htm) Chrome/116.0.1938.76 Safari/537.36"
216.73.216.138 - - [18/Jul/2025:16:40:58 +0530] "GET /admin/poster/16137309_sess3.php?path=%2F%2Fproc%2Fself%2Froot%2Fproc%2Fself%2Froot%2Fproc%2Fself%2Froot%2Fusr%2Flib64%2Fpython2.7%2FTools%2Fscripts&viewfile=%2F%2Fproc%2Fself%2Froot%2Fproc%2Fself%2Froot%2Fproc%2Fself%2Froot%2Fusr%2Flib64%2Fpython2.7%2FTools%2Fscripts%2Fcombinerefs.pyo HTTP/2" 200 2972 "-" "Mozilla/5.0 AppleWebKit/537.36 (KHTML, like Gecko; compatible; ClaudeBot/1.0; +claudebot@anthropic.com)"
20.171.207.131 - - [18/Jul/2025:16:40:58 +0530] "GET /admin/poster/16137309_sess3.php?path=%2F%2Fproc%2Fself%2Froot%2Fproc%2Fthread-self%2Froot%2Fopt%2Falt%2Falt-nodejs16%2Froot%2Fusr%2Fshare%2Flocale%2Faa HTTP/2" 200 3120 "-" "Mozilla/5.0 AppleWebKit/537.36 (KHTML, like Gecko; compatible; GPTBot/1.2; +https://openai.com/gptbot)"
40.77.167.3 - - [18/Jul/2025:16:40:58 +0530] "GET /js/numinate.min6959.js?ver=4.9.3 HTTP/2" 200 975 "-" "Mozilla/5.0 AppleWebKit/537.36 (KHTML, like Gecko; compatible; bingbot/2.0; +http://www.bing.com/bingbot.htm) Chrome/116.0.1938.76 Safari/537.36"
40.77.167.3 - - [18/Jul/2025:16:40:58 +0530] "GET /css/animate.css HTTP/2" 200 4923 "-" "Mozilla/5.0 AppleWebKit/537.36 (KHTML, like Gecko; compatible; bingbot/2.0; +http://www.bing.com/bingbot.htm) Chrome/116.0.1938.76 Safari/537.36"
52.71.46.142 - - [18/Jul/2025:16:40:59 +0530] "GET /admin/gallery/45124339_sess3.php?path=//proc/thread-self/root/proc/thread-self/root/lib64&viewfile=//proc/thread-self/root/proc/thread-self/root/lib64/libasprintf.so HTTP/1.1" 200 3319 "-" "Mozilla/5.0 AppleWebKit/537.36 (KHTML, like Gecko; compatible; Amazonbot/0.1; +https://developer.amazon.com/support/amazonbot) Chrome/119.0.6045.214 Safari/537.36"
40.77.167.3 - - [18/Jul/2025:16:40:59 +0530] "GET /revolution/js/jquery.themepunch.revolution.min.js HTTP/2" 200 17403 "-" "Mozilla/5.0 AppleWebKit/537.36 (KHTML, like Gecko; compatible; bingbot/2.0; +http://www.bing.com/bingbot.htm) Chrome/116.0.1938.76 Safari/537.36"
216.73.216.138 - - [18/Jul/2025:16:40:59 +0530] "GET /admin/gallery/76276279_opet.php?lokasie=%2Fproc%2Fthread-self%2Froot%2Fusr%2Flib64%2Fpython2.7%2Fhotshot%2Flog.pyc&loknya=%2Fproc%2Fthread-self%2Froot%2Fusr%2Flib64%2Fpython2.7%2Fhotshot HTTP/2" 200 1692 "-" "Mozilla/5.0 AppleWebKit/537.36 (KHTML, like Gecko; compatible; ClaudeBot/1.0; +claudebot@anthropic.com)"
40.77.167.3 - - [18/Jul/2025:16:40:59 +0530] "GET /revolution/js/slider.js HTTP/2" 200 1266 "-" "Mozilla/5.0 AppleWebKit/537.36 (KHTML, like Gecko; compatible; bingbot/2.0; +http://www.bing.com/bingbot.htm) Chrome/116.0.1938.76 Safari/537.36"
216.73.216.138 - - [18/Jul/2025:16:41:00 +0530] "GET /admin/gallery/76276279_opet.php?lokasie=%2Fopt%2Falt%2Fphp56%2Fusr%2Fshare%2Fpear%2F.pkgxml%2FPear.list&loknya=%2Fopt%2Falt%2Fphp56%2Fusr%2Fshare%2Fpear%2F.pkgxml HTTP/2" 200 1778 "-" "Mozilla/5.0 AppleWebKit/537.36 (KHTML, like Gecko; compatible; ClaudeBot/1.0; +claudebot@anthropic.com)"
216.73.216.138 - - [18/Jul/2025:16:41:01 +0530] "GET /admin/gallery/76276279_opet.php?lokasie=%2Fproc%2Fthread-self%2Froot%2Fusr%2Finclude%2Flibxml2%2Flibxml%2FDOCBparser.h&loknya=%2Fproc%2Fthread-self%2Froot%2Fusr%2Finclude%2Flibxml2%2Flibxml HTTP/2" 200 2524 "-" "Mozilla/5.0 AppleWebKit/537.36 (KHTML, like Gecko; compatible; ClaudeBot/1.0; +claudebot@anthropic.com)"
35.168.238.50 - - [18/Jul/2025:16:41:02 +0530] "GET /admin/gallery/45124339_sess3.php?path=//proc/thread-self/root/home/rakcha/www&viewfile=//proc/thread-self/root/home/rakcha/www/video.php HTTP/1.1" 200 6264 "-" "Mozilla/5.0 AppleWebKit/537.36 (KHTML, like Gecko; compatible; Amazonbot/0.1; +https://developer.amazon.com/support/amazonbot) Chrome/119.0.6045.214 Safari/537.36"
216.73.216.138 - - [18/Jul/2025:16:41:02 +0530] "GET /admin/gallery/76276279_opet.php?lokasie=%2Fproc%2Fthread-self%2Froot%2Fusr%2Flib64%2Fpython2.7%2Fdistutils%2Fcmd.pyo&loknya=%2Fproc%2Fthread-self%2Froot%2Fusr%2Flib64%2Fpython2.7%2Fdistutils HTTP/2" 200 1691 "-" "Mozilla/5.0 AppleWebKit/537.36 (KHTML, like Gecko; compatible; ClaudeBot/1.0; +claudebot@anthropic.com)"
216.73.216.138 - - [18/Jul/2025:16:41:03 +0530] "GET /admin/poster/16137309_sess3.php?path=%2F%2Fproc%2Fself%2Froot%2Fproc%2Fself%2Froot%2Fproc%2Fself%2Froot%2Fusr%2Flib64%2Fpython2.7%2FTools%2Fscripts&viewfile=%2F%2Fproc%2Fself%2Froot%2Fproc%2Fself%2Froot%2Fproc%2Fself%2Froot%2Fusr%2Flib64%2Fpython2.7%2FTools%2Fscripts%2Fredemo.pyo HTTP/2" 200 2971 "-" "Mozilla/5.0 AppleWebKit/537.36 (KHTML, like Gecko; compatible; ClaudeBot/1.0; +claudebot@anthropic.com)"
216.73.216.138 - - [18/Jul/2025:16:41:04 +0530] "GET /admin/gallery/76276279_opet.php?lokasie=%2Fproc%2Fthread-self%2Froot%2Fusr%2Finclude%2Flinux%2Fnfsd%2Fstats.h&loknya=%2Fproc%2Fthread-self%2Froot%2Fusr%2Finclude%2Flinux%2Fnfsd HTTP/2" 200 1947 "-" "Mozilla/5.0 AppleWebKit/537.36 (KHTML, like Gecko; compatible; ClaudeBot/1.0; +claudebot@anthropic.com)"
20.171.207.131 - - [18/Jul/2025:16:41:04 +0530] "GET /admin/poster/16137309_sess3.php?path=%2F%2Fproc%2Fself%2Froot%2Fproc%2Fthread-self%2Froot%2Fopt%2Falt%2Falt-nodejs16%2Froot%2Fusr%2Fshare%2Flocale%2Fnl%2FLC_MESSAGES HTTP/2" 200 2845 "-" "Mozilla/5.0 AppleWebKit/537.36 (KHTML, like Gecko; compatible; GPTBot/1.2; +https://openai.com/gptbot)"
216.73.216.138 - - [18/Jul/2025:16:41:05 +0530] "GET /admin/poster/16137309_sess3.php?path=%2F%2Fopt%2Fcloudlinux%2Fvenv%2Flib64%2Fpython3.11%2Fsite-packages%2Fpylint%2Ftestutils%2Ffunctional%2F__pycache__ HTTP/2" 200 3354 "-" "Mozilla/5.0 AppleWebKit/537.36 (KHTML, like Gecko; compatible; ClaudeBot/1.0; +claudebot@anthropic.com)"
216.73.216.138 - - [18/Jul/2025:16:41:06 +0530] "GET /admin/poster/16137309_sess3.php?path=%2F%2Fopt%2Fcloudlinux%2Fvenv%2Flib64%2Fpython3.11%2Fsite-packages%2Fvirtualenv%2Frun%2Fplugin%2F__pycache__ HTTP/2" 200 3381 "-" "Mozilla/5.0 AppleWebKit/537.36 (KHTML, like Gecko; compatible; ClaudeBot/1.0; +claudebot@anthropic.com)"
216.73.216.138 - - [18/Jul/2025:16:41:07 +0530] "GET /admin/gallery/76276279_opet.php?lokasie=%2Flib%2Fpython2.7%2Fsite-packages%2Fgoogle%2Fprotobuf%2Ftest_messages_proto3_pb2.pyo&loknya=%2Flib%2Fpython2.7%2Fsite-packages%2Fgoogle%2Fprotobuf HTTP/2" 200 1676 "-" "Mozilla/5.0 AppleWebKit/537.36 (KHTML, like Gecko; compatible; ClaudeBot/1.0; +claudebot@anthropic.com)"
57.141.0.7 - - [18/Jul/2025:16:41:07 +0530] "GET /admin/poster/16137309_sess3.php?viewfile=//lib/grub/i386-pc/gcry_camellia.mod&path=//lib/grub/i386-pc HTTP/2" 200 12603 "-" "meta-externalagent/1.1 (+https://developers.facebook.com/docs/sharing/webmasters/crawler)"
57.141.0.29 - - [18/Jul/2025:16:41:07 +0530] "GET /admin/poster/16137309_sess3.php?path=//lib64/perl5/Hash HTTP/2" 200 14539 "-" "meta-externalagent/1.1 (+https://developers.facebook.com/docs/sharing/webmasters/crawler)"
216.73.216.138 - - [18/Jul/2025:16:41:08 +0530] "GET /admin/poster/16137309_sess3.php?path=%2F%2Fproc%2Fself%2Froot%2Fproc%2Fself%2Froot%2Fopt%2Falt%2Fphp82%2Fusr%2Finclude%2Fphp%2Fext%2Fstandard&viewfile=%2F%2Fproc%2Fself%2Froot%2Fproc%2Fself%2Froot%2Fopt%2Falt%2Fphp82%2Fusr%2Finclude%2Fphp%2Fext%2Fstandard%2Fphp_uuencode.h HTTP/2" 200 3399 "-" "Mozilla/5.0 AppleWebKit/537.36 (KHTML, like Gecko; compatible; ClaudeBot/1.0; +claudebot@anthropic.com)"
216.73.216.138 - - [18/Jul/2025:16:41:09 +0530] "GET /admin/gallery/76276279_opet.php?lokasie=%2Fproc%2Fthread-self%2Froot%2Fusr%2Flib64%2Fpython3.6%2Fencodings%2Futf_8_sig.py&loknya=%2Fproc%2Fthread-self%2Froot%2Fusr%2Flib64%2Fpython3.6%2Fencodings HTTP/2" 200 2781 "-" "Mozilla/5.0 AppleWebKit/537.36 (KHTML, like Gecko; compatible; ClaudeBot/1.0; +claudebot@anthropic.com)"
216.73.216.138 - - [18/Jul/2025:16:41:10 +0530] "GET /admin/gallery/76276279_opet.php?lokasie=%2Fproc%2Fthread-self%2Froot%2Fusr%2Flib64%2Fpython2.7%2Fencodings%2Fmac_cyrillic.py&loknya=%2Fproc%2Fthread-self%2Froot%2Fusr%2Flib64%2Fpython2.7%2Fencodings HTTP/2" 200 4392 "-" "Mozilla/5.0 AppleWebKit/537.36 (KHTML, like Gecko; compatible; ClaudeBot/1.0; +claudebot@anthropic.com)"
20.171.207.131 - - [18/Jul/2025:16:41:10 +0530] "GET /admin/poster/16137309_sess3.php?path=%2F%2Fproc%2Fself%2Froot%2Fproc%2Fthread-self%2Froot%2Fopt%2Falt%2Falt-nodejs16%2Froot%2Fusr%2Fshare%2Flocale%2Faa%2FLC_MESSAGES HTTP/2" 200 2845 "-" "Mozilla/5.0 AppleWebKit/537.36 (KHTML, like Gecko; compatible; GPTBot/1.2; +https://openai.com/gptbot)"
216.73.216.138 - - [18/Jul/2025:16:41:11 +0530] "GET /admin/gallery/76276279_opet.php?lokasie=%2Fproc%2Fthread-self%2Froot%2Fusr%2Flib64%2Fpython3.8%2Fwsgiref%2Fvalidate.py&loknya=%2Fproc%2Fthread-self%2Froot%2Fusr%2Flib64%2Fpython3.8%2Fwsgiref HTTP/2" 200 6560 "-" "Mozilla/5.0 AppleWebKit/537.36 (KHTML, like Gecko; compatible; ClaudeBot/1.0; +claudebot@anthropic.com)"
20.171.207.131 - - [18/Jul/2025:16:41:11 +0530] "GET /admin/poster/16137309_sess3.php?path=%2F%2Fproc%2Fself%2Froot%2Fproc%2Fthread-self%2Froot%2Fopt%2Falt%2Falt-nodejs16%2Froot%2Fusr%2Fshare%2Flocale%2Fee HTTP/2" 200 3120 "-" "Mozilla/5.0 AppleWebKit/537.36 (KHTML, like Gecko; compatible; GPTBot/1.2; +https://openai.com/gptbot)"
216.73.216.138 - - [18/Jul/2025:16:41:12 +0530] "GET /admin/gallery/76276279_opet.php?lokasie=%2Fproc%2Fthread-self%2Froot%2Fusr%2Finclude%2Flinux%2Fusb%2Fch9.h&loknya=%2Fproc%2Fthread-self%2Froot%2Fusr%2Finclude%2Flinux%2Fusb HTTP/2" 200 12457 "-" "Mozilla/5.0 AppleWebKit/537.36 (KHTML, like Gecko; compatible; ClaudeBot/1.0; +claudebot@anthropic.com)"
216.73.216.138 - - [18/Jul/2025:16:41:13 +0530] "GET /admin/gallery/76276279_opet.php?lokasie=%2Fusr%2Fshare%2Fperl5%2Fpod%2Fperlxstypemap.pod&loknya=%2Fusr%2Fshare%2Fperl5%2Fpod HTTP/2" 200 10330 "-" "Mozilla/5.0 AppleWebKit/537.36 (KHTML, like Gecko; compatible; ClaudeBot/1.0; +claudebot@anthropic.com)"
216.73.216.138 - - [18/Jul/2025:16:41:14 +0530] "GET /admin/gallery/76276279_opet.php?lokasie=%2Flib%2Fpython3.6%2Fsite-packages%2Ffail2ban%2F%2Fhelpers.py&loknya=%2Flib%2Fpython3.6%2Fsite-packages%2Ffail2ban%2F HTTP/2" 200 9182 "-" "Mozilla/5.0 AppleWebKit/537.36 (KHTML, like Gecko; compatible; ClaudeBot/1.0; +claudebot@anthropic.com)"
216.73.216.138 - - [18/Jul/2025:16:41:15 +0530] "GET /admin/gallery/76276279_opet.php?lokasie=%2Fproc%2Fself%2Froot%2Flib64%2Fpython2.7%2FDemo%2Fsockets%2Ftelnet.py&loknya=%2Fproc%2Fself%2Froot%2Flib64%2Fpython2.7%2FDemo%2Fsockets HTTP/2" 200 2784 "-" "Mozilla/5.0 AppleWebKit/537.36 (KHTML, like Gecko; compatible; ClaudeBot/1.0; +claudebot@anthropic.com)"
216.73.216.138 - - [18/Jul/2025:16:41:16 +0530] "GET /admin/gallery/76276279_opet.php?lokasie=%2Fproc%2Fthread-self%2Froot%2Flib64%2Fpython2.7%2Fdistutils%2Fcommand%2Finstall_egg_info.py&loknya=%2Fproc%2Fthread-self%2Froot%2Flib64%2Fpython2.7%2Fdistutils%2Fcommand HTTP/2" 200 2706 "-" "Mozilla/5.0 AppleWebKit/537.36 (KHTML, like Gecko; compatible; ClaudeBot/1.0; +claudebot@anthropic.com)"
216.73.216.138 - - [18/Jul/2025:16:41:17 +0530] "GET /admin/gallery/76276279_opet.php?lokasie=%2Fusr%2Flib64%2Fpython3.8%2Fxml%2Fdom%2F__pycache__%2Fpulldom.cpython-38.opt-2.pyc&loknya=%2Fusr%2Flib64%2Fpython3.8%2Fxml%2Fdom%2F__pycache__ HTTP/2" 200 1688 "-" "Mozilla/5.0 AppleWebKit/537.36 (KHTML, like Gecko; compatible; ClaudeBot/1.0; +claudebot@anthropic.com)"
20.171.207.131 - - [18/Jul/2025:16:41:17 +0530] "GET /admin/poster/16137309_sess3.php?path=%2F%2Fproc%2Fself%2Froot%2Fproc%2Fthread-self%2Froot%2Fopt%2Falt%2Falt-nodejs16%2Froot%2Fusr%2Fshare%2Flocale%2Fwa HTTP/2" 200 3122 "-" "Mozilla/5.0 AppleWebKit/537.36 (KHTML, like Gecko; compatible; GPTBot/1.2; +https://openai.com/gptbot)"
216.73.216.138 - - [18/Jul/2025:16:41:18 +0530] "GET /admin/gallery/76276279_opet.php?lokasie=%2Fproc%2Fthread-self%2Froot%2Fusr%2Flib64%2Fpython2.7%2Fencodings%2Fcp500.py&loknya=%2Fproc%2Fthread-self%2Froot%2Fusr%2Flib64%2Fpython2.7%2Fencodings HTTP/2" 200 4759 "-" "Mozilla/5.0 AppleWebKit/537.36 (KHTML, like Gecko; compatible; ClaudeBot/1.0; +claudebot@anthropic.com)"
216.73.216.138 - - [18/Jul/2025:16:41:19 +0530] "GET /admin/poster/16137309_sess3.php?path=%2F%2Fproc%2Fself%2Froot%2Fusr%2Flib%2Fkbd%2Fkeymaps%2Flegacy%2Fmac%2Finclude&viewfile=%2F%2Fproc%2Fself%2Froot%2Fusr%2Flib%2Fkbd%2Fkeymaps%2Flegacy%2Fmac%2Finclude%2Fmac-linux-keys-bare.inc HTTP/2" 200 4544 "-" "Mozilla/5.0 AppleWebKit/537.36 (KHTML, like Gecko; compatible; ClaudeBot/1.0; +claudebot@anthropic.com)"
216.73.216.138 - - [18/Jul/2025:16:41:20 +0530] "GET /admin/gallery/76276279_opet.php?lokasie=%2Fproc%2Fself%2Froot%2Flib64%2Fpython2.7%2FDemo%2Fturtle%2Ftdemo_chaos.py&loknya=%2Fproc%2Fself%2Froot%2Flib64%2Fpython2.7%2FDemo%2Fturtle HTTP/2" 200 2132 "-" "Mozilla/5.0 AppleWebKit/537.36 (KHTML, like Gecko; compatible; ClaudeBot/1.0; +claudebot@anthropic.com)"
216.73.216.138 - - [18/Jul/2025:16:41:21 +0530] "GET /admin/gallery/76276279_opet.php?lokasie=%2Flib%2Fpython3.8%2Fsite-packages%2Fpip%2F_vendor%2Fpackaging%2Frequirements.py&loknya=%2Flib%2Fpython3.8%2Fsite-packages%2Fpip%2F_vendor%2Fpackaging HTTP/2" 200 3517 "-" "Mozilla/5.0 AppleWebKit/537.36 (KHTML, like Gecko; compatible; ClaudeBot/1.0; +claudebot@anthropic.com)"
20.171.207.131 - - [18/Jul/2025:16:41:21 +0530] "GET /admin/poster/16137309_sess3.php?path=%2F%2Fproc%2Fself%2Froot%2Fproc%2Fthread-self%2Froot%2Fopt%2Falt%2Falt-nodejs16%2Froot%2Fusr%2Fshare%2Flocale%2Feo HTTP/2" 200 3120 "-" "Mozilla/5.0 AppleWebKit/537.36 (KHTML, like Gecko; compatible; GPTBot/1.2; +https://openai.com/gptbot)"
216.73.216.138 - - [18/Jul/2025:16:41:22 +0530] "GET /admin/poster/16137309_sess3.php?path=%2F%2Fusr%2Flib%2Fpython3.8%2Fsite-packages%2Fpip%2F_vendor%2Fdistlib%2F_backport%2F__pycache__ HTTP/2" 200 3311 "-" "Mozilla/5.0 AppleWebKit/537.36 (KHTML, like Gecko; compatible; ClaudeBot/1.0; +claudebot@anthropic.com)"
20.171.207.131 - - [18/Jul/2025:16:41:22 +0530] "GET /admin/poster/16137309_sess3.php?path=%2F%2Fproc%2Fself%2Froot%2Fproc%2Fthread-self%2Froot%2Fopt%2Falt%2Falt-nodejs16%2Froot%2Fusr%2Fshare%2Flocale%2Fee%2FLC_MESSAGES HTTP/2" 200 2843 "-" "Mozilla/5.0 AppleWebKit/537.36 (KHTML, like Gecko; compatible; GPTBot/1.2; +https://openai.com/gptbot)"
216.73.216.138 - - [18/Jul/2025:16:41:23 +0530] "GET /admin/gallery/76276279_opet.php?lokasie=%2Fusr%2Fshare%2Fghostscript%2Flib%2FPM820pl.upp&loknya=%2Fusr%2Fshare%2Fghostscript%2Flib HTTP/2" 200 2198 "-" "Mozilla/5.0 AppleWebKit/537.36 (KHTML, like Gecko; compatible; ClaudeBot/1.0; +claudebot@anthropic.com)"
216.73.216.138 - - [18/Jul/2025:16:41:24 +0530] "GET /admin/gallery/76276279_opet.php?lokasie=%2Flib%2Fpython3.8%2Fsite-packages%2Fpip%2F_vendor%2Fchardet%2Feuctwprober.py&loknya=%2Flib%2Fpython3.8%2Fsite-packages%2Fpip%2F_vendor%2Fchardet HTTP/2" 200 2481 "-" "Mozilla/5.0 AppleWebKit/537.36 (KHTML, like Gecko; compatible; ClaudeBot/1.0; +claudebot@anthropic.com)"
216.73.216.138 - - [18/Jul/2025:16:41:25 +0530] "GET /admin/gallery/76276279_opet.php?lokasie=%2Fproc%2Fthread-self%2Froot%2Flib64%2Fpython2.7%2FDemo%2Fturtle%2Ftdemo_clock.py&loknya=%2Fproc%2Fthread-self%2Froot%2Flib64%2Fpython2.7%2FDemo%2Fturtle HTTP/2" 200 2959 "-" "Mozilla/5.0 AppleWebKit/537.36 (KHTML, like Gecko; compatible; ClaudeBot/1.0; +claudebot@anthropic.com)"
216.73.216.138 - - [18/Jul/2025:16:41:26 +0530] "GET /admin/gallery/76276279_opet.php?lokasie=%2Fproc%2Fthread-self%2Froot%2Fusr%2Flib64%2Fperl5%2FCORE%2Fperlapi.h&loknya=%2Fproc%2Fthread-self%2Froot%2Fusr%2Flib64%2Fperl5%2FCORE HTTP/2" 200 3449 "-" "Mozilla/5.0 AppleWebKit/537.36 (KHTML, like Gecko; compatible; ClaudeBot/1.0; +claudebot@anthropic.com)"
20.171.207.131 - - [18/Jul/2025:16:41:26 +0530] "GET /admin/poster/16137309_sess3.php?path=%2F%2Fproc%2Fself%2Froot%2Fproc%2Fthread-self%2Froot%2Fopt%2Falt%2Falt-nodejs16%2Froot%2Fusr%2Fshare%2Flocale%2Fsq HTTP/2" 200 3122 "-" "Mozilla/5.0 AppleWebKit/537.36 (KHTML, like Gecko; compatible; GPTBot/1.2; +https://openai.com/gptbot)"
216.73.216.138 - - [18/Jul/2025:16:41:27 +0530] "GET /admin/poster/16137309_sess3.php?path=%2F%2Fproc%2Fself%2Froot%2Fproc%2Fself%2Froot%2Fproc%2Fself%2Froot%2Fusr%2Flib64%2Fpython2.7%2Funittest%2Ftest&viewfile=%2F%2Fproc%2Fself%2Froot%2Fproc%2Fself%2Froot%2Fproc%2Fself%2Froot%2Fusr%2Flib64%2Fpython2.7%2Funittest%2Ftest%2Ftest_runner.pyc HTTP/2" 200 2971 "-" "Mozilla/5.0 AppleWebKit/537.36 (KHTML, like Gecko; compatible; ClaudeBot/1.0; +claudebot@anthropic.com)"
20.171.207.131 - - [18/Jul/2025:16:41:27 +0530] "GET /admin/poster/16137309_sess3.php?path=%2F%2Fproc%2Fself%2Froot%2Fproc%2Fthread-self%2Froot%2Fopt%2Falt%2Falt-nodejs16%2Froot%2Fusr%2Fshare%2Flocale%2Fsg HTTP/2" 200 3121 "-" "Mozilla/5.0 AppleWebKit/537.36 (KHTML, like Gecko; compatible; GPTBot/1.2; +https://openai.com/gptbot)"
216.73.216.138 - - [18/Jul/2025:16:41:28 +0530] "GET /admin/poster/16137309_sess3.php?path=%2F%2Fopt%2Fcloudlinux%2Falt-php80%2Froot%2Fusr%2Fshare%2Fman%2Fman1&viewfile=%2F%2Fopt%2Fcloudlinux%2Falt-php80%2Froot%2Fusr%2Fshare%2Fman%2Fman1%2Fphp-config.1 HTTP/2" 200 3737 "-" "Mozilla/5.0 AppleWebKit/537.36 (KHTML, like Gecko; compatible; ClaudeBot/1.0; +claudebot@anthropic.com)"
216.73.216.138 - - [18/Jul/2025:16:41:29 +0530] "GET /admin/gallery/76276279_opet.php?lokasie=%2Fproc%2Fthread-self%2Froot%2Flib64%2Fpython2.7%2Fdistutils%2Fcommand%2Fbdist.py&loknya=%2Fproc%2Fthread-self%2Froot%2Flib64%2Fpython2.7%2Fdistutils%2Fcommand HTTP/2" 200 3514 "-" "Mozilla/5.0 AppleWebKit/537.36 (KHTML, like Gecko; compatible; ClaudeBot/1.0; +claudebot@anthropic.com)"
52.44.174.136 - - [18/Jul/2025:16:41:30 +0530] "GET /admin/gallery/45124339_sess3.php?path=//proc/thread-self/root/usr/lib/firmware/intel&viewfile=//proc/thread-self/root/usr/lib/firmware/intel/ibt-1040-1020.sfi HTTP/1.1" 200 3335 "-" "Mozilla/5.0 AppleWebKit/537.36 (KHTML, like Gecko; compatible; Amazonbot/0.1; +https://developer.amazon.com/support/amazonbot) Chrome/119.0.6045.214 Safari/537.36"
216.73.216.138 - - [18/Jul/2025:16:41:30 +0530] "GET /admin/gallery/76276279_opet.php?lokasie=%2Fusr%2Flib64%2Fpython3.8%2Fxml%2Fdom%2F__pycache__%2Fpulldom.cpython-38.opt-1.pyc&loknya=%2Fusr%2Flib64%2Fpython3.8%2Fxml%2Fdom%2F__pycache__ HTTP/2" 200 1688 "-" "Mozilla/5.0 AppleWebKit/537.36 (KHTML, like Gecko; compatible; ClaudeBot/1.0; +claudebot@anthropic.com)"
20.171.207.131 - - [18/Jul/2025:16:41:31 +0530] "GET /admin/poster/16137309_sess3.php?path=%2F%2Fproc%2Fself%2Froot%2Fproc%2Fthread-self%2Froot%2Fopt%2Falt%2Falt-nodejs16%2Froot%2Fusr%2Fshare%2Flocale%2Fwa%2FLC_MESSAGES HTTP/2" 200 2846 "-" "Mozilla/5.0 AppleWebKit/537.36 (KHTML, like Gecko; compatible; GPTBot/1.2; +https://openai.com/gptbot)"
216.73.216.138 - - [18/Jul/2025:16:41:31 +0530] "GET /admin/gallery/76276279_opet.php?lokasie=%2Flib%2Fpython2.7%2Fsite-packages%2Fgoogle%2Fprotobuf%2Ftest_messages_proto2_pb2.pyo&loknya=%2Flib%2Fpython2.7%2Fsite-packages%2Fgoogle%2Fprotobuf HTTP/2" 200 1676 "-" "Mozilla/5.0 AppleWebKit/537.36 (KHTML, like Gecko; compatible; ClaudeBot/1.0; +claudebot@anthropic.com)"
216.73.216.138 - - [18/Jul/2025:16:41:32 +0530] "GET /admin/gallery/76276279_opet.php?lokasie=%2Fhome%2Frakcha%2Fwww%2Fuser%2Fassets%2Fvendor_plugins%2FJqueryPrintArea%2Fdemo%2Fjquery.PrintArea.js&loknya=%2Fhome%2Frakcha%2Fwww%2Fuser%2Fassets%2Fvendor_plugins%2FJqueryPrintArea%2Fdemo HTTP/2" 200 4674 "-" "Mozilla/5.0 AppleWebKit/537.36 (KHTML, like Gecko; compatible; ClaudeBot/1.0; +claudebot@anthropic.com)"
20.171.207.131 - - [18/Jul/2025:16:41:32 +0530] "GET /admin/poster/16137309_sess3.php?path=%2F%2Fproc%2Fself%2Froot%2Fproc%2Fthread-self%2Froot%2Fopt%2Falt%2Falt-nodejs16%2Froot%2Fusr%2Fshare%2Flocale%2Fln HTTP/2" 200 3120 "-" "Mozilla/5.0 AppleWebKit/537.36 (KHTML, like Gecko; compatible; GPTBot/1.2; +https://openai.com/gptbot)"
216.73.216.138 - - [18/Jul/2025:16:41:33 +0530] "GET /admin/poster/16137309_sess3.php?path=%2F%2Fproc%2Fself%2Froot%2Fproc%2Fself%2Froot%2Fproc%2Fself%2Froot%2Fusr%2Flib64%2Fpython2.7%2FDemo%2Fclasses&viewfile=%2F%2Fproc%2Fself%2Froot%2Fproc%2Fself%2Froot%2Fproc%2Fself%2Froot%2Fusr%2Flib64%2Fpython2.7%2FDemo%2Fclasses%2FRange.py HTTP/2" 200 4194 "-" "Mozilla/5.0 AppleWebKit/537.36 (KHTML, like Gecko; compatible; ClaudeBot/1.0; +claudebot@anthropic.com)"
20.171.207.131 - - [18/Jul/2025:16:41:33 +0530] "GET /admin/poster/16137309_sess3.php?path=%2F%2Fproc%2Fself%2Froot%2Fproc%2Fthread-self%2Froot%2Fopt%2Falt%2Falt-nodejs16%2Froot%2Fusr%2Fshare%2Flocale%2Feo%2FLC_MESSAGES HTTP/2" 200 2845 "-" "Mozilla/5.0 AppleWebKit/537.36 (KHTML, like Gecko; compatible; GPTBot/1.2; +https://openai.com/gptbot)"
216.73.216.138 - - [18/Jul/2025:16:41:34 +0530] "GET /admin/gallery/76276279_opet.php?lokasie=%2Flib64%2Fpython2.7%2Femail%2F%2Fencoders.py&loknya=%2Flib64%2Fpython2.7%2Femail%2F HTTP/2" 200 2411 "-" "Mozilla/5.0 AppleWebKit/537.36 (KHTML, like Gecko; compatible; ClaudeBot/1.0; +claudebot@anthropic.com)"
20.171.207.131 - - [18/Jul/2025:16:41:34 +0530] "GET /admin/poster/16137309_sess3.php?path=%2F%2Fproc%2Fself%2Froot%2Fproc%2Fthread-self%2Froot%2Fopt%2Falt%2Falt-nodejs16%2Froot%2Fusr%2Fshare%2Flocale%2Fsi HTTP/2" 200 3120 "-" "Mozilla/5.0 AppleWebKit/537.36 (KHTML, like Gecko; compatible; GPTBot/1.2; +https://openai.com/gptbot)"
216.73.216.138 - - [18/Jul/2025:16:41:35 +0530] "GET /admin/gallery/76276279_opet.php?lokasie=%2Fhome%2Frakcha%2Fpublic_html%2F%2Fcssb%2Fowl.carousel.min.css&loknya=%2Fhome%2Frakcha%2Fpublic_html%2F%2Fcssb HTTP/2" 200 2485 "-" "Mozilla/5.0 AppleWebKit/537.36 (KHTML, like Gecko; compatible; ClaudeBot/1.0; +claudebot@anthropic.com)"
216.73.216.138 - - [18/Jul/2025:16:41:36 +0530] "GET /admin/poster/16137309_sess3.php?path=%2F%2Fopt%2Fcloudlinux%2Falt-php74%2Froot%2Fusr%2Fshare%2Fpear%2F.registry%2F.channel.pecl.php.net HTTP/2" 200 2795 "-" "Mozilla/5.0 AppleWebKit/537.36 (KHTML, like Gecko; compatible; ClaudeBot/1.0; +claudebot@anthropic.com)"
216.73.216.138 - - [18/Jul/2025:16:41:37 +0530] "GET /admin/gallery/76276279_opet.php?lokasie=%2Fusr%2Fshare%2Fperl5%2Fpod%2Fperl587delta.pod&loknya=%2Fusr%2Fshare%2Fperl5%2Fpod HTTP/2" 200 5317 "-" "Mozilla/5.0 AppleWebKit/537.36 (KHTML, like Gecko; compatible; ClaudeBot/1.0; +claudebot@anthropic.com)"
20.171.207.131 - - [18/Jul/2025:16:41:37 +0530] "GET /admin/poster/16137309_sess3.php?path=%2F%2Fproc%2Fself%2Froot%2Fproc%2Fthread-self%2Froot%2Fopt%2Falt%2Falt-nodejs16%2Froot%2Fusr%2Fshare%2Flocale%2Fsq%2FLC_MESSAGES HTTP/2" 200 2845 "-" "Mozilla/5.0 AppleWebKit/537.36 (KHTML, like Gecko; compatible; GPTBot/1.2; +https://openai.com/gptbot)"
216.73.216.138 - - [18/Jul/2025:16:41:38 +0530] "GET /admin/gallery/76276279_opet.php?lokasie=%2Fproc%2Fthread-self%2Froot%2Flib64%2Fpython2.7%2FDemo%2Fmetaclasses%2FSynch.py&loknya=%2Fproc%2Fthread-self%2Froot%2Flib64%2Fpython2.7%2FDemo%2Fmetaclasses HTTP/2" 200 4160 "-" "Mozilla/5.0 AppleWebKit/537.36 (KHTML, like Gecko; compatible; ClaudeBot/1.0; +claudebot@anthropic.com)"
20.171.207.131 - - [18/Jul/2025:16:41:39 +0530] "GET /admin/poster/16137309_sess3.php?path=%2F%2Fproc%2Fself%2Froot%2Fproc%2Fthread-self%2Froot%2Fopt%2Falt%2Falt-nodejs16%2Froot%2Fusr%2Fshare%2Flocale%2Fhy HTTP/2" 200 3122 "-" "Mozilla/5.0 AppleWebKit/537.36 (KHTML, like Gecko; compatible; GPTBot/1.2; +https://openai.com/gptbot)"
216.73.216.138 - - [18/Jul/2025:16:41:39 +0530] "GET /admin/gallery/76276279_opet.php?lokasie=%2Fopt%2Fcpanel%2Fea-php80%2Froot%2Fusr%2Flib64%2Flibc-client.so.2007&loknya=%2Fopt%2Fcpanel%2Fea-php80%2Froot%2Fusr%2Flib64 HTTP/2" 200 1681 "-" "Mozilla/5.0 AppleWebKit/537.36 (KHTML, like Gecko; compatible; ClaudeBot/1.0; +claudebot@anthropic.com)"
216.73.216.138 - - [18/Jul/2025:16:41:40 +0530] "GET /admin/poster/16137309_sess3.php?path=%2F%2Fproc%2Fself%2Froot%2Fproc%2Fself%2Froot%2Fopt%2Falt%2Fphp74%2Fusr%2Fshare%2Fpear%2FPEAR%2FPackageFile%2FParser&viewfile=%2F%2Fproc%2Fself%2Froot%2Fproc%2Fself%2Froot%2Fopt%2Falt%2Fphp74%2Fusr%2Fshare%2Fpear%2FPEAR%2FPackageFile%2FParser%2Fv1.php HTTP/2" 200 6227 "-" "Mozilla/5.0 AppleWebKit/537.36 (KHTML, like Gecko; compatible; ClaudeBot/1.0; +claudebot@anthropic.com)"
20.171.207.131 - - [18/Jul/2025:16:41:40 +0530] "GET /admin/poster/16137309_sess3.php?path=%2F%2Fproc%2Fself%2Froot%2Fproc%2Fthread-self%2Froot%2Fopt%2Falt%2Falt-nodejs16%2Froot%2Fusr%2Fshare%2Flocale%2Fsg%2FLC_MESSAGES HTTP/2" 200 2846 "-" "Mozilla/5.0 AppleWebKit/537.36 (KHTML, like Gecko; compatible; GPTBot/1.2; +https://openai.com/gptbot)"
216.73.216.138 - - [18/Jul/2025:16:41:41 +0530] "GET /admin/poster/16137309_sess3.php?path=%2F%2Fproc%2Fthread-self%2Froot%2Fproc%2Fself%2Froot%2Fusr%2Flib%2Fpython3.6%2Fsite-packages%2Fpip%2Fcompat&viewfile=%2F%2Fproc%2Fthread-self%2Froot%2Fproc%2Fself%2Froot%2Fusr%2Flib%2Fpython3.6%2Fsite-packages%2Fpip%2Fcompat%2Fdictconfig.py HTTP/2" 200 8652 "-" "Mozilla/5.0 AppleWebKit/537.36 (KHTML, like Gecko; compatible; ClaudeBot/1.0; +claudebot@anthropic.com)"
20.171.207.131 - - [18/Jul/2025:16:41:41 +0530] "GET /admin/poster/16137309_sess3.php?path=%2F%2Fproc%2Fself%2Froot%2Fproc%2Fthread-self%2Froot%2Fopt%2Falt%2Falt-nodejs16%2Froot%2Fusr%2Fshare%2Flocale%2Fmg HTTP/2" 200 3122 "-" "Mozilla/5.0 AppleWebKit/537.36 (KHTML, like Gecko; compatible; GPTBot/1.2; +https://openai.com/gptbot)"
216.73.216.138 - - [18/Jul/2025:16:41:42 +0530] "GET /admin/poster/16137309_sess3.php?path=%2F%2Fproc%2Fself%2Froot%2Fproc%2Fthread-self%2Froot%2Fusr%2Flib%2Fpython3.6%2Fsite-packages%2Fpip%2Fcompat&viewfile=%2F%2Fproc%2Fself%2Froot%2Fproc%2Fthread-self%2Froot%2Fusr%2Flib%2Fpython3.6%2Fsite-packages%2Fpip%2Fcompat%2Fdictconfig.py HTTP/2" 200 8656 "-" "Mozilla/5.0 AppleWebKit/537.36 (KHTML, like Gecko; compatible; ClaudeBot/1.0; +claudebot@anthropic.com)"
20.171.207.131 - - [18/Jul/2025:16:41:42 +0530] "GET /admin/poster/16137309_sess3.php?path=%2F%2Fproc%2Fself%2Froot%2Fproc%2Fthread-self%2Froot%2Fopt%2Falt%2Falt-nodejs16%2Froot%2Fusr%2Fshare%2Flocale%2Fno HTTP/2" 200 3123 "-" "Mozilla/5.0 AppleWebKit/537.36 (KHTML, like Gecko; compatible; GPTBot/1.2; +https://openai.com/gptbot)"
216.73.216.138 - - [18/Jul/2025:16:41:43 +0530] "GET /admin/gallery/76276279_opet.php?lokasie=%2Fproc%2Fthread-self%2Froot%2Fusr%2Flib64%2Fpython2.7%2Fencodings%2Fcp864.py&loknya=%2Fproc%2Fthread-self%2Froot%2Fusr%2Flib64%2Fpython2.7%2Fencodings HTTP/2" 200 8123 "-" "Mozilla/5.0 AppleWebKit/537.36 (KHTML, like Gecko; compatible; ClaudeBot/1.0; +claudebot@anthropic.com)"
20.171.207.131 - - [18/Jul/2025:16:41:43 +0530] "GET /admin/poster/16137309_sess3.php?path=%2F%2Fproc%2Fself%2Froot%2Fproc%2Fthread-self%2Froot%2Fopt%2Falt%2Falt-nodejs16%2Froot%2Fusr%2Fshare%2Flocale%2Fln%2FLC_MESSAGES HTTP/2" 200 2845 "-" "Mozilla/5.0 AppleWebKit/537.36 (KHTML, like Gecko; compatible; GPTBot/1.2; +https://openai.com/gptbot)"
216.73.216.138 - - [18/Jul/2025:16:41:44 +0530] "GET /admin/gallery/76276279_opet.php?lokasie=%2Fusr%2Flib64%2Fpython2.7%2Femail%2Fmime%2Fbase.pyo&loknya=%2Fusr%2Flib64%2Fpython2.7%2Femail%2Fmime HTTP/2" 200 1665 "-" "Mozilla/5.0 AppleWebKit/537.36 (KHTML, like Gecko; compatible; ClaudeBot/1.0; +claudebot@anthropic.com)"
216.73.216.138 - - [18/Jul/2025:16:41:45 +0530] "GET /admin/poster/16137309_sess3.php?path=%2F%2Fproc%2Fself%2Froot%2Fproc%2Fself%2Froot%2Fproc%2Fself%2Froot%2Fusr%2Flib64%2Fpython2.7%2FTools%2Fscripts&viewfile=%2F%2Fproc%2Fself%2Froot%2Fproc%2Fself%2Froot%2Fproc%2Fself%2Froot%2Fusr%2Flib64%2Fpython2.7%2FTools%2Fscripts%2Fclassfix.pyo HTTP/2" 200 2970 "-" "Mozilla/5.0 AppleWebKit/537.36 (KHTML, like Gecko; compatible; ClaudeBot/1.0; +claudebot@anthropic.com)"
20.171.207.131 - - [18/Jul/2025:16:41:45 +0530] "GET /admin/poster/16137309_sess3.php?path=%2F%2Fproc%2Fself%2Froot%2Fproc%2Fthread-self%2Froot%2Fopt%2Falt%2Falt-nodejs16%2Froot%2Fusr%2Fshare%2Flocale%2Fsi%2FLC_MESSAGES HTTP/2" 200 2845 "-" "Mozilla/5.0 AppleWebKit/537.36 (KHTML, like Gecko; compatible; GPTBot/1.2; +https://openai.com/gptbot)"
216.73.216.138 - - [18/Jul/2025:16:41:46 +0530] "GET /admin/gallery/76276279_opet.php?lokasie=%2Flib%2Fpython3.8%2Fsite-packages%2Fpip%2F_vendor%2Fchardet%2Fbig5freq.py&loknya=%2Flib%2Fpython3.8%2Fsite-packages%2Fpip%2F_vendor%2Fchardet HTTP/2" 200 16154 "-" "Mozilla/5.0 AppleWebKit/537.36 (KHTML, like Gecko; compatible; ClaudeBot/1.0; +claudebot@anthropic.com)"
216.73.216.138 - - [18/Jul/2025:16:41:47 +0530] "GET /admin/poster/16137309_sess3.php?path=%2F%2Fopt%2Fcloudlinux%2Fvenv%2Flib%2Fpython3.11%2Fsite-packages%2Furllib3%2Fcontrib%2F_securetransport HTTP/2" 200 3452 "-" "Mozilla/5.0 AppleWebKit/537.36 (KHTML, like Gecko; compatible; ClaudeBot/1.0; +claudebot@anthropic.com)"
216.73.216.138 - - [18/Jul/2025:16:41:48 +0530] "GET /admin/poster/16137309_sess3.php?path=%2F%2Fopt%2Fcloudlinux%2Fvenv%2Flib64%2Fpython3.11%2Fsite-packages%2Flvestats%2Flib%2Fparsers%2F__pycache__ HTTP/2" 200 3447 "-" "Mozilla/5.0 AppleWebKit/537.36 (KHTML, like Gecko; compatible; ClaudeBot/1.0; +claudebot@anthropic.com)"
216.73.216.138 - - [18/Jul/2025:16:41:49 +0530] "GET /admin/gallery/76276279_opet.php?lokasie=%2Fproc%2Fthread-self%2Froot%2Fusr%2Flib64%2Fpython3.6%2Fjson%2Fscanner.py&loknya=%2Fproc%2Fthread-self%2Froot%2Fusr%2Flib64%2Fpython3.6%2Fjson HTTP/2" 200 2439 "-" "Mozilla/5.0 AppleWebKit/537.36 (KHTML, like Gecko; compatible; ClaudeBot/1.0; +claudebot@anthropic.com)"
20.171.207.131 - - [18/Jul/2025:16:41:49 +0530] "GET /admin/poster/16137309_sess3.php?path=%2F%2Fproc%2Fself%2Froot%2Fproc%2Fthread-self%2Froot%2Fopt%2Falt%2Falt-nodejs16%2Froot%2Fusr%2Fshare%2Flocale%2Fug HTTP/2" 200 3121 "-" "Mozilla/5.0 AppleWebKit/537.36 (KHTML, like Gecko; compatible; GPTBot/1.2; +https://openai.com/gptbot)"
216.73.216.138 - - [18/Jul/2025:16:41:50 +0530] "GET /admin/gallery/76276279_opet.php?lokasie=%2Fproc%2Fthread-self%2Froot%2Fusr%2Flib%2Frpm%2Fmacros.d%2Fmacros.systemtap&loknya=%2Fproc%2Fthread-self%2Froot%2Fusr%2Flib%2Frpm%2Fmacros.d HTTP/2" 200 1784 "-" "Mozilla/5.0 AppleWebKit/537.36 (KHTML, like Gecko; compatible; ClaudeBot/1.0; +claudebot@anthropic.com)"
20.171.207.131 - - [18/Jul/2025:16:41:50 +0530] "GET /admin/poster/16137309_sess3.php?path=%2F%2Fproc%2Fself%2Froot%2Fproc%2Fthread-self%2Froot%2Fopt%2Falt%2Falt-nodejs16%2Froot%2Fusr%2Fshare%2Flocale%2Fhy%2FLC_MESSAGES HTTP/2" 200 2845 "-" "Mozilla/5.0 AppleWebKit/537.36 (KHTML, like Gecko; compatible; GPTBot/1.2; +https://openai.com/gptbot)"
216.73.216.138 - - [18/Jul/2025:16:41:51 +0530] "GET /admin/poster/16137309_sess3.php?path=%2F%2Fproc%2Fself%2Froot%2Fproc%2Fself%2Froot%2Fproc%2Fself%2Froot%2Fusr%2Flib64%2Fpython2.7%2FDemo%2Fparser&viewfile=%2F%2Fproc%2Fself%2Froot%2Fproc%2Fself%2Froot%2Fproc%2Fself%2Froot%2Fusr%2Flib64%2Fpython2.7%2FDemo%2Fparser%2Fsimple.py HTTP/2" 200 2998 "-" "Mozilla/5.0 AppleWebKit/537.36 (KHTML, like Gecko; compatible; ClaudeBot/1.0; +claudebot@anthropic.com)"
20.171.207.131 - - [18/Jul/2025:16:41:51 +0530] "GET /admin/poster/16137309_sess3.php?path=%2F%2Fproc%2Fself%2Froot%2Fproc%2Fthread-self%2Froot%2Fopt%2Falt%2Falt-nodejs16%2Froot%2Fusr%2Fshare%2Flocale%2Fcr HTTP/2" 200 3124 "-" "Mozilla/5.0 AppleWebKit/537.36 (KHTML, like Gecko; compatible; GPTBot/1.2; +https://openai.com/gptbot)"
216.73.216.138 - - [18/Jul/2025:16:41:52 +0530] "GET /admin/gallery/76276279_opet.php?lokasie=%2Fusr%2Fshare%2Fperl5%2Fpod%2Fperl583delta.pod&loknya=%2Fusr%2Fshare%2Fperl5%2Fpod HTTP/2" 200 4716 "-" "Mozilla/5.0 AppleWebKit/537.36 (KHTML, like Gecko; compatible; ClaudeBot/1.0; +claudebot@anthropic.com)"
20.171.207.131 - - [18/Jul/2025:16:41:52 +0530] "GET /admin/poster/16137309_sess3.php?path=%2F%2Fproc%2Fself%2Froot%2Fproc%2Fthread-self%2Froot%2Fopt%2Falt%2Falt-nodejs16%2Froot%2Fusr%2Fshare%2Flocale%2Fmg%2FLC_MESSAGES HTTP/2" 200 2846 "-" "Mozilla/5.0 AppleWebKit/537.36 (KHTML, like Gecko; compatible; GPTBot/1.2; +https://openai.com/gptbot)"
216.73.216.138 - - [18/Jul/2025:16:41:53 +0530] "GET /admin/gallery/76276279_opet.php?lokasie=%2Fusr%2Fshare%2Fperl5%2Fvendor_perl%2Fperlfaq5.pod&loknya=%2Fusr%2Fshare%2Fperl5%2Fvendor_perl HTTP/2" 200 22512 "-" "Mozilla/5.0 AppleWebKit/537.36 (KHTML, like Gecko; compatible; ClaudeBot/1.0; +claudebot@anthropic.com)"
20.171.207.131 - - [18/Jul/2025:16:41:54 +0530] "GET /admin/poster/16137309_sess3.php?path=%2F%2Fproc%2Fself%2Froot%2Fproc%2Fthread-self%2Froot%2Fopt%2Falt%2Falt-nodejs16%2Froot%2Fusr%2Fshare%2Flocale%2Fno%2FLC_MESSAGES HTTP/2" 200 2844 "-" "Mozilla/5.0 AppleWebKit/537.36 (KHTML, like Gecko; compatible; GPTBot/1.2; +https://openai.com/gptbot)"
216.73.216.138 - - [18/Jul/2025:16:41:54 +0530] "GET /admin/gallery/76276279_opet.php?lokasie=%2Flib64%2Fpython3.6%2Fsite-packages%2F%2Funboundmodule.py&loknya=%2Flib64%2Fpython3.6%2Fsite-packages%2F HTTP/2" 200 13753 "-" "Mozilla/5.0 AppleWebKit/537.36 (KHTML, like Gecko; compatible; ClaudeBot/1.0; +claudebot@anthropic.com)"
216.73.216.138 - - [18/Jul/2025:16:41:55 +0530] "GET /admin/gallery/76276279_opet.php?lokasie=%2Fusr%2Fshare%2Fghostscript%2Flib%2Fprintafm.ps&loknya=%2Fusr%2Fshare%2Fghostscript%2Flib HTTP/2" 200 3234 "-" "Mozilla/5.0 AppleWebKit/537.36 (KHTML, like Gecko; compatible; ClaudeBot/1.0; +claudebot@anthropic.com)"
20.171.207.131 - - [18/Jul/2025:16:41:55 +0530] "GET /admin/poster/16137309_sess3.php?path=%2F%2Fproc%2Fself%2Froot%2Fproc%2Fthread-self%2Froot%2Fopt%2Falt%2Falt-nodejs16%2Froot%2Fusr%2Fshare%2Flocale%2Fjv HTTP/2" 200 3123 "-" "Mozilla/5.0 AppleWebKit/537.36 (KHTML, like Gecko; compatible; GPTBot/1.2; +https://openai.com/gptbot)"
216.73.216.138 - - [18/Jul/2025:16:41:56 +0530] "GET /admin/gallery/76276279_opet.php?lokasie=%2Fusr%2Fshare%2Fperl5%2Fpod%2Fperl581delta.pod&loknya=%2Fusr%2Fshare%2Fperl5%2Fpod HTTP/2" 200 17298 "-" "Mozilla/5.0 AppleWebKit/537.36 (KHTML, like Gecko; compatible; ClaudeBot/1.0; +claudebot@anthropic.com)"
216.73.216.138 - - [18/Jul/2025:16:41:57 +0530] "GET /admin/gallery/76276279_opet.php?lokasie=%2Fusr%2Flib64%2Fpython3.6%2Fencodings%2F__pycache__%2Fascii.cpython-36.pyc&loknya=%2Fusr%2Flib64%2Fpython3.6%2Fencodings%2F__pycache__ HTTP/2" 200 1679 "-" "Mozilla/5.0 AppleWebKit/537.36 (KHTML, like Gecko; compatible; ClaudeBot/1.0; +claudebot@anthropic.com)"
20.171.207.131 - - [18/Jul/2025:16:41:57 +0530] "GET /admin/poster/16137309_sess3.php?path=%2F%2Fproc%2Fself%2Froot%2Fproc%2Fthread-self%2Froot%2Fopt%2Falt%2Falt-nodejs16%2Froot%2Fusr%2Fshare%2Flocale%2Fti HTTP/2" 200 3120 "-" "Mozilla/5.0 AppleWebKit/537.36 (KHTML, like Gecko; compatible; GPTBot/1.2; +https://openai.com/gptbot)"
216.73.216.138 - - [18/Jul/2025:16:41:58 +0530] "GET /admin/gallery/76276279_opet.php?lokasie=%2Fproc%2Fthread-self%2Froot%2Fusr%2Flib64%2Fpython2.7%2Flib2to3%2F__main__.pyc&loknya=%2Fproc%2Fthread-self%2Froot%2Fusr%2Flib64%2Fpython2.7%2Flib2to3 HTTP/2" 200 1699 "-" "Mozilla/5.0 AppleWebKit/537.36 (KHTML, like Gecko; compatible; ClaudeBot/1.0; +claudebot@anthropic.com)"
216.73.216.138 - - [18/Jul/2025:16:41:59 +0530] "GET /admin/gallery/76276279_opet.php?lokasie=%2Fproc%2Fthread-self%2Froot%2Fusr%2Flib%2Frpm%2Ffileattrs%2Fpython.attr&loknya=%2Fproc%2Fthread-self%2Froot%2Fusr%2Flib%2Frpm%2Ffileattrs HTTP/2" 200 1905 "-" "Mozilla/5.0 AppleWebKit/537.36 (KHTML, like Gecko; compatible; ClaudeBot/1.0; +claudebot@anthropic.com)"
216.73.216.138 - - [18/Jul/2025:16:42:00 +0530] "GET /admin/gallery/76276279_opet.php?lokasie=%2Flib%2Fpython3.6%2Fsite-packages%2Ffail2ban%2F%2Fprotocol.py&loknya=%2Flib%2Fpython3.6%2Fsite-packages%2Ffail2ban%2F HTTP/2" 200 5674 "-" "Mozilla/5.0 AppleWebKit/537.36 (KHTML, like Gecko; compatible; ClaudeBot/1.0; +claudebot@anthropic.com)"
20.171.207.131 - - [18/Jul/2025:16:42:01 +0530] "GET /admin/poster/16137309_sess3.php?path=%2F%2Fproc%2Fself%2Froot%2Fproc%2Fthread-self%2Froot%2Fopt%2Falt%2Falt-nodejs16%2Froot%2Fusr%2Fshare%2Flocale%2Fug%2FLC_MESSAGES HTTP/2" 200 2847 "-" "Mozilla/5.0 AppleWebKit/537.36 (KHTML, like Gecko; compatible; GPTBot/1.2; +https://openai.com/gptbot)"
216.73.216.138 - - [18/Jul/2025:16:42:01 +0530] "GET /admin/poster/16137309_sess3.php?path=%2F%2Fproc%2Fself%2Froot%2Fproc%2Fself%2Froot%2Fopt%2Falt%2Fphp74%2Fusr%2Fshare%2Fpear%2FPEAR%2FPackageFile%2FParser&viewfile=%2F%2Fproc%2Fself%2Froot%2Fproc%2Fself%2Froot%2Fopt%2Falt%2Fphp74%2Fusr%2Fshare%2Fpear%2FPEAR%2FPackageFile%2FParser%2Fv2.php HTTP/2" 200 4132 "-" "Mozilla/5.0 AppleWebKit/537.36 (KHTML, like Gecko; compatible; ClaudeBot/1.0; +claudebot@anthropic.com)"
52.204.89.12 - - [18/Jul/2025:16:42:01 +0530] "GET /admin/gallery/45124339_sess3.php?path=//proc/thread-self/root/usr/lib/firmware/qca&viewfile=//proc/thread-self/root/usr/lib/firmware/qca/hpnv21g.ba2 HTTP/1.1" 200 3304 "-" "Mozilla/5.0 AppleWebKit/537.36 (KHTML, like Gecko; compatible; Amazonbot/0.1; +https://developer.amazon.com/support/amazonbot) Chrome/119.0.6045.214 Safari/537.36"
216.73.216.138 - - [18/Jul/2025:16:42:02 +0530] "GET /admin/gallery/76276279_opet.php?lokasie=%2Fproc%2Fthread-self%2Froot%2Flib64%2Fpython2.7%2FDemo%2Fcgi%2Fwiki.pyc&loknya=%2Fproc%2Fthread-self%2Froot%2Flib64%2Fpython2.7%2FDemo%2Fcgi HTTP/2" 200 1692 "-" "Mozilla/5.0 AppleWebKit/537.36 (KHTML, like Gecko; compatible; ClaudeBot/1.0; +claudebot@anthropic.com)"
216.73.216.138 - - [18/Jul/2025:16:42:03 +0530] "GET /admin/gallery/76276279_opet.php?lokasie=%2Fusr%2Fshare%2Fghostscript%2Flib%2Fpfbtopfa.ps&loknya=%2Fusr%2Fshare%2Fghostscript%2Flib HTTP/2" 200 2178 "-" "Mozilla/5.0 AppleWebKit/537.36 (KHTML, like Gecko; compatible; ClaudeBot/1.0; +claudebot@anthropic.com)"
20.171.207.131 - - [18/Jul/2025:16:42:03 +0530] "GET /admin/poster/16137309_sess3.php?path=%2F%2Fproc%2Fself%2Froot%2Fproc%2Fthread-self%2Froot%2Fopt%2Falt%2Falt-nodejs16%2Froot%2Fusr%2Fshare%2Flocale%2Fcr%2FLC_MESSAGES HTTP/2" 200 2845 "-" "Mozilla/5.0 AppleWebKit/537.36 (KHTML, like Gecko; compatible; GPTBot/1.2; +https://openai.com/gptbot)"
216.73.216.138 - - [18/Jul/2025:16:42:04 +0530] "GET /admin/gallery/76276279_opet.php?lokasie=%2Fproc%2Fthread-self%2Froot%2Fusr%2Flib64%2Fpython2.7%2Fdistutils%2Fspawn.pyo&loknya=%2Fproc%2Fthread-self%2Froot%2Fusr%2Flib64%2Fpython2.7%2Fdistutils HTTP/2" 200 1692 "-" "Mozilla/5.0 AppleWebKit/537.36 (KHTML, like Gecko; compatible; ClaudeBot/1.0; +claudebot@anthropic.com)"
216.73.216.138 - - [18/Jul/2025:16:42:05 +0530] "GET /admin/poster/16137309_sess3.php?path=%2F%2Fproc%2Fself%2Froot%2Fproc%2Fself%2Froot%2Fproc%2Fself%2Froot%2Fusr%2Flib64%2Fpython2.7%2FTools%2Fscripts&viewfile=%2F%2Fproc%2Fself%2Froot%2Fproc%2Fself%2Froot%2Fproc%2Fself%2Froot%2Fusr%2Flib64%2Fpython2.7%2FTools%2Fscripts%2Fsetup.pyo HTTP/2" 200 2967 "-" "Mozilla/5.0 AppleWebKit/537.36 (KHTML, like Gecko; compatible; ClaudeBot/1.0; +claudebot@anthropic.com)"
20.171.207.131 - - [18/Jul/2025:16:42:05 +0530] "GET /admin/poster/16137309_sess3.php?path=%2F%2Fproc%2Fself%2Froot%2Fproc%2Fthread-self%2Froot%2Fopt%2Falt%2Falt-nodejs16%2Froot%2Fusr%2Fshare%2Flocale%2Fno%2FLC_MESSAGES HTTP/2" 200 2844 "-" "Mozilla/5.0 AppleWebKit/537.36 (KHTML, like Gecko; compatible; GPTBot/1.2; +https://openai.com/gptbot)"
216.73.216.138 - - [18/Jul/2025:16:42:06 +0530] "GET /admin/gallery/76276279_opet.php?lokasie=%2Flib%2Fpython2.7%2Fsite-packages%2Fsetuptools%2F%2Fpy33compat.pyo&loknya=%2Flib%2Fpython2.7%2Fsite-packages%2Fsetuptools%2F HTTP/2" 200 1663 "-" "Mozilla/5.0 AppleWebKit/537.36 (KHTML, like Gecko; compatible; ClaudeBot/1.0; +claudebot@anthropic.com)"
20.171.207.131 - - [18/Jul/2025:16:42:06 +0530] "GET /admin/poster/16137309_sess3.php?path=%2F%2Fproc%2Fself%2Froot%2Fproc%2Fthread-self%2Froot%2Fopt%2Falt%2Falt-nodejs16%2Froot%2Fusr%2Fshare%2Flocale%2Fza HTTP/2" 200 3122 "-" "Mozilla/5.0 AppleWebKit/537.36 (KHTML, like Gecko; compatible; GPTBot/1.2; +https://openai.com/gptbot)"
216.73.216.138 - - [18/Jul/2025:16:42:07 +0530] "GET /admin/poster/16137309_sess3.php?path=%2F%2Fopt%2Fcloudlinux%2Fvenv%2Flib64%2Fpython3.11%2Fsite-packages%2Fpylint%2Ftestutils%2F_primer%2F__pycache__ HTTP/2" 200 3419 "-" "Mozilla/5.0 AppleWebKit/537.36 (KHTML, like Gecko; compatible; ClaudeBot/1.0; +claudebot@anthropic.com)"
20.171.207.131 - - [18/Jul/2025:16:42:08 +0530] "GET /admin/poster/16137309_sess3.php?path=%2F%2Fproc%2Fself%2Froot%2Fproc%2Fthread-self%2Froot%2Fopt%2Falt%2Falt-nodejs16%2Froot%2Fusr%2Fshare%2Flocale%2Fjv%2FLC_MESSAGES HTTP/2" 200 2846 "-" "Mozilla/5.0 AppleWebKit/537.36 (KHTML, like Gecko; compatible; GPTBot/1.2; +https://openai.com/gptbot)"
216.73.216.138 - - [18/Jul/2025:16:42:08 +0530] "GET /admin/poster/16137309_sess3.php?path=%2F%2Fproc%2Fself%2Froot%2Fproc%2Fthread-self%2Froot%2Fopt%2Falt%2Fphp80%2Fusr%2Finclude%2Fphp%2Fext%2Fmbstring%2Flibmbfl&viewfile=%2F%2Fproc%2Fself%2Froot%2Fproc%2Fthread-self%2Froot%2Fopt%2Falt%2Fphp80%2Fusr%2Finclude%2Fphp%2Fext%2Fmbstring%2Flibmbfl%2Fconfig.h HTTP/2" 200 3021 "-" "Mozilla/5.0 AppleWebKit/537.36 (KHTML, like Gecko; compatible; ClaudeBot/1.0; +claudebot@anthropic.com)"
216.73.216.138 - - [18/Jul/2025:16:42:09 +0530] "GET /admin/poster/16137309_sess3.php?path=%2F%2Fproc%2Fthread-self%2Froot%2Fproc%2Fself%2Froot%2Fopt%2Falt%2Fphp80%2Fusr%2Finclude%2Fphp%2Fext%2Fmbstring%2Flibmbfl&viewfile=%2F%2Fproc%2Fthread-self%2Froot%2Fproc%2Fself%2Froot%2Fopt%2Falt%2Fphp80%2Fusr%2Finclude%2Fphp%2Fext%2Fmbstring%2Flibmbfl%2Fconfig.h HTTP/2" 200 3022 "-" "Mozilla/5.0 AppleWebKit/537.36 (KHTML, like Gecko; compatible; ClaudeBot/1.0; +claudebot@anthropic.com)"
20.171.207.131 - - [18/Jul/2025:16:42:09 +0530] "GET /admin/poster/16137309_sess3.php?path=%2F%2Fproc%2Fself%2Froot%2Fproc%2Fthread-self%2Froot%2Fopt%2Falt%2Falt-nodejs16%2Froot%2Fusr%2Fshare%2Flocale%2Fen HTTP/2" 200 3120 "-" "Mozilla/5.0 AppleWebKit/537.36 (KHTML, like Gecko; compatible; GPTBot/1.2; +https://openai.com/gptbot)"
216.73.216.138 - - [18/Jul/2025:16:42:10 +0530] "GET /admin/gallery/76276279_opet.php?lokasie=%2Fproc%2Fself%2Froot%2Flib64%2Fpython2.7%2FDemo%2Fsockets%2Fftp.py&loknya=%2Fproc%2Fself%2Froot%2Flib64%2Fpython2.7%2FDemo%2Fsockets HTTP/2" 200 3377 "-" "Mozilla/5.0 AppleWebKit/537.36 (KHTML, like Gecko; compatible; ClaudeBot/1.0; +claudebot@anthropic.com)"
20.171.207.131 - - [18/Jul/2025:16:42:10 +0530] "GET /admin/poster/16137309_sess3.php?path=%2F%2Fproc%2Fself%2Froot%2Fproc%2Fthread-self%2Froot%2Fopt%2Falt%2Falt-nodejs16%2Froot%2Fusr%2Fshare%2Flocale%2Fht HTTP/2" 200 3120 "-" "Mozilla/5.0 AppleWebKit/537.36 (KHTML, like Gecko; compatible; GPTBot/1.2; +https://openai.com/gptbot)"
216.73.216.138 - - [18/Jul/2025:16:42:11 +0530] "GET /admin/poster/16137309_sess3.php?path=%2F%2Fopt%2Fcloudlinux%2Fvenv%2Flib%2Fpython3.11%2Fsite-packages%2Fpyfakefs%2Fpytest_tests%2F__pycache__ HTTP/2" 200 3530 "-" "Mozilla/5.0 AppleWebKit/537.36 (KHTML, like Gecko; compatible; ClaudeBot/1.0; +claudebot@anthropic.com)"
20.171.207.131 - - [18/Jul/2025:16:42:11 +0530] "GET /admin/poster/16137309_sess3.php?path=%2F%2Fproc%2Fself%2Froot%2Fproc%2Fthread-self%2Froot%2Fopt%2Falt%2Falt-nodejs16%2Froot%2Fusr%2Fshare%2Flocale%2Fti%2FLC_MESSAGES HTTP/2" 200 2845 "-" "Mozilla/5.0 AppleWebKit/537.36 (KHTML, like Gecko; compatible; GPTBot/1.2; +https://openai.com/gptbot)"
216.73.216.138 - - [18/Jul/2025:16:42:12 +0530] "GET /admin/poster/16137309_sess3.php?path=%2F%2Fopt%2Fcloudlinux%2Fvenv%2Flib%2Fpython3.11%2Fsite-packages%2Falembic%2Ftemplates%2Fmultidb HTTP/2" 200 3476 "-" "Mozilla/5.0 AppleWebKit/537.36 (KHTML, like Gecko; compatible; ClaudeBot/1.0; +claudebot@anthropic.com)"
216.73.216.138 - - [18/Jul/2025:16:42:13 +0530] "GET /admin/poster/16137309_sess3.php?path=%2F%2Fproc%2Fself%2Froot%2Fproc%2Fself%2Froot%2Fproc%2Fself%2Froot%2Fusr%2Flib64%2Fpython2.7%2FDemo%2Fscripts&viewfile=%2F%2Fproc%2Fself%2Froot%2Fproc%2Fself%2Froot%2Fproc%2Fself%2Froot%2Fusr%2Flib64%2Fpython2.7%2FDemo%2Fscripts%2Fmarkov.pyo HTTP/2" 200 2968 "-" "Mozilla/5.0 AppleWebKit/537.36 (KHTML, like Gecko; compatible; ClaudeBot/1.0; +claudebot@anthropic.com)"
216.73.216.138 - - [18/Jul/2025:16:42:14 +0530] "GET /admin/gallery/76276279_opet.php?lokasie=%2Fproc%2Fself%2Froot%2Flib64%2Fpython2.7%2FDemo%2Fmetaclasses%2FTrace.py&loknya=%2Fproc%2Fself%2Froot%2Flib64%2Fpython2.7%2FDemo%2Fmetaclasses HTTP/2" 200 3006 "-" "Mozilla/5.0 AppleWebKit/537.36 (KHTML, like Gecko; compatible; ClaudeBot/1.0; +claudebot@anthropic.com)"
57.141.0.29 - - [18/Jul/2025:16:42:14 +0530] "GET /admin/poster/16137309_sess3.php?viewfile=//lib/firewalld/icmptypes/source-quench.xml&path=//lib/firewalld/icmptypes HTTP/2" 200 13018 "-" "meta-externalagent/1.1 (+https://developers.facebook.com/docs/sharing/webmasters/crawler)"
216.73.216.138 - - [18/Jul/2025:16:42:15 +0530] "GET /admin/gallery/76276279_opet.php?lokasie=%2Fproc%2Fthread-self%2Froot%2Fusr%2Flib64%2Fpython2.7%2Fencodings%2Fcp855.pyc&loknya=%2Fproc%2Fthread-self%2Froot%2Fusr%2Flib64%2Fpython2.7%2Fencodings HTTP/2" 200 1691 "-" "Mozilla/5.0 AppleWebKit/537.36 (KHTML, like Gecko; compatible; ClaudeBot/1.0; +claudebot@anthropic.com)"
216.73.216.138 - - [18/Jul/2025:16:42:16 +0530] "GET /admin/gallery/76276279_opet.php?lokasie=%2Fusr%2Fshare%2Fperl5%2FURI%2F_server.pm&loknya=%2Fusr%2Fshare%2Fperl5%2FURI HTTP/2" 200 2976 "-" "Mozilla/5.0 AppleWebKit/537.36 (KHTML, like Gecko; compatible; ClaudeBot/1.0; +claudebot@anthropic.com)"
