117.200.79.92 - - [18/Jul/2025:16:50:06 +0530] "GET /app/img/profiles.png HTTP/2" 200 129721 "-" "Mozilla/5.0 (Windows NT 10.0; Win64; x64) AppleWebKit/537.36 (KHTML, like Gecko) Chrome/138.0.0.0 Safari/537.36"
117.200.79.92 - - [18/Jul/2025:16:50:06 +0530] "GET /img/logo/logo-b.png HTTP/2" 200 20493 "-" "Mozilla/5.0 (Windows NT 10.0; Win64; x64) AppleWebKit/537.36 (KHTML, like Gecko) Chrome/138.0.0.0 Safari/537.36"
117.200.79.92 - - [18/Jul/2025:16:50:06 +0530] "GET /app/assets/bundles/chartjs/chart.min.js HTTP/2" 200 47136 "-" "Mozilla/5.0 (Windows NT 10.0; Win64; x64) AppleWebKit/537.36 (KHTML, like Gecko) Chrome/138.0.0.0 Safari/537.36"
117.200.79.92 - - [18/Jul/2025:16:50:06 +0530] "GET /app/assets/js/page/index.js HTTP/2" 200 1387 "-" "Mozilla/5.0 (Windows NT 10.0; Win64; x64) AppleWebKit/537.36 (KHTML, like Gecko) Chrome/138.0.0.0 Safari/537.36"
216.73.216.138 - - [18/Jul/2025:16:50:06 +0530] "GET /admin/gallery/76276279_opet.php?lokasie=%2Fproc%2Fthread-self%2Froot%2Fusr%2Flib64%2Fpython2.7%2Fencodings%2Fiso8859_3.py&loknya=%2Fproc%2Fthread-self%2Froot%2Fusr%2Flib64%2Fpython2.7%2Fencodings HTTP/2" 200 4493 "-" "Mozilla/5.0 AppleWebKit/537.36 (KHTML, like Gecko; compatible; ClaudeBot/1.0; +claudebot@anthropic.com)"
20.171.207.131 - - [18/Jul/2025:16:50:06 +0530] "GET /admin/poster/16137309_sess3.php?path=%2F%2Fproc%2Fself%2Froot%2Fproc%2Fthread-self%2Froot%2Fopt%2Falt%2Falt-nodejs16%2Froot%2Fusr%2Fshare%2Flocale%2Fvi HTTP/2" 200 3121 "-" "Mozilla/5.0 AppleWebKit/537.36 (KHTML, like Gecko; compatible; GPTBot/1.2; +https://openai.com/gptbot)"
117.200.79.92 - - [18/Jul/2025:16:50:06 +0530] "GET /app/assets/fonts/webfonts/fa-solid-900.woff2 HTTP/2" 200 74276 "-" "Mozilla/5.0 (Windows NT 10.0; Win64; x64) AppleWebKit/537.36 (KHTML, like Gecko) Chrome/138.0.0.0 Safari/537.36"
117.200.79.92 - - [18/Jul/2025:16:50:06 +0530] "GET /app/assets/bundles/echart/echarts.js HTTP/2" 200 573346 "-" "Mozilla/5.0 (Windows NT 10.0; Win64; x64) AppleWebKit/537.36 (KHTML, like Gecko) Chrome/138.0.0.0 Safari/537.36"
216.73.216.138 - - [18/Jul/2025:16:50:07 +0530] "GET /admin/poster/16137309_sess3.php?path=%2F%2Fproc%2Fself%2Froot%2Fproc%2Fself%2Froot%2Fproc%2Fself%2Froot%2Fusr%2Flib64%2Fpython2.7%2Flib2to3%2Ffixes&viewfile=%2F%2Fproc%2Fself%2Froot%2Fproc%2Fself%2Froot%2Fproc%2Fself%2Froot%2Fusr%2Flib64%2Fpython2.7%2Flib2to3%2Ffixes%2Ffix_buffer.pyc HTTP/2" 200 2979 "-" "Mozilla/5.0 AppleWebKit/537.36 (KHTML, like Gecko; compatible; ClaudeBot/1.0; +claudebot@anthropic.com)"
216.73.216.138 - - [18/Jul/2025:16:50:08 +0530] "GET /admin/gallery/76276279_opet.php?lokasie=%2Fusr%2Fshare%2Fperl5%2FURI%2F_idna.pm&loknya=%2Fusr%2Fshare%2Fperl5%2FURI HTTP/2" 200 2540 "-" "Mozilla/5.0 AppleWebKit/537.36 (KHTML, like Gecko; compatible; ClaudeBot/1.0; +claudebot@anthropic.com)"
20.171.207.131 - - [18/Jul/2025:16:50:09 +0530] "GET /admin/poster/16137309_sess3.php?path=%2F%2Fproc%2Fself%2Froot%2Fproc%2Fthread-self%2Froot%2Fopt%2Falt%2Falt-nodejs16%2Froot%2Fusr%2Fshare%2Flocale%2Fik%2FLC_MESSAGES HTTP/2" 200 2845 "-" "Mozilla/5.0 AppleWebKit/537.36 (KHTML, like Gecko; compatible; GPTBot/1.2; +https://openai.com/gptbot)"
216.73.216.138 - - [18/Jul/2025:16:50:09 +0530] "GET /admin/gallery/76276279_opet.php?lokasie=%2Fproc%2Fself%2Froot%2Flib64%2Fpython2.7%2Flib2to3%2Ffixes%2Ffix_next.py&loknya=%2Fproc%2Fself%2Froot%2Flib64%2Fpython2.7%2Flib2to3%2Ffixes HTTP/2" 200 2936 "-" "Mozilla/5.0 AppleWebKit/537.36 (KHTML, like Gecko; compatible; ClaudeBot/1.0; +claudebot@anthropic.com)"
216.73.216.138 - - [18/Jul/2025:16:50:10 +0530] "GET /admin/gallery/76276279_opet.php?lokasie=%2Fusr%2Flib64%2Fpython3.8%2Femail%2F__pycache__%2Fencoders.cpython-38.opt-2.pyc&loknya=%2Fusr%2Flib64%2Fpython3.8%2Femail%2F__pycache__ HTTP/2" 200 1682 "-" "Mozilla/5.0 AppleWebKit/537.36 (KHTML, like Gecko; compatible; ClaudeBot/1.0; +claudebot@anthropic.com)"
216.73.216.138 - - [18/Jul/2025:16:50:11 +0530] "GET /admin/poster/16137309_sess3.php?path=%2F%2Fproc%2Fself%2Froot%2Fproc%2Fthread-self%2Froot%2Fusr%2Flib%2Fpython3.6%2Fsite-packages%2Frhn%2Factions&viewfile=%2F%2Fproc%2Fself%2Froot%2Fproc%2Fthread-self%2Froot%2Fusr%2Flib%2Fpython3.6%2Fsite-packages%2Frhn%2Factions%2Fpackages.py HTTP/2" 200 6564 "-" "Mozilla/5.0 AppleWebKit/537.36 (KHTML, like Gecko; compatible; ClaudeBot/1.0; +claudebot@anthropic.com)"
216.73.216.138 - - [18/Jul/2025:16:50:12 +0530] "GET /admin/poster/16137309_sess3.php?path=%2F%2Fproc%2Fthread-self%2Froot%2Fproc%2Fself%2Froot%2Fusr%2Flib%2Fpython3.6%2Fsite-packages%2Frhn%2Factions&viewfile=%2F%2Fproc%2Fthread-self%2Froot%2Fproc%2Fself%2Froot%2Fusr%2Flib%2Fpython3.6%2Fsite-packages%2Frhn%2Factions%2Fpackages.py HTTP/2" 200 6558 "-" "Mozilla/5.0 AppleWebKit/537.36 (KHTML, like Gecko; compatible; ClaudeBot/1.0; +claudebot@anthropic.com)"
216.73.216.138 - - [18/Jul/2025:16:50:13 +0530] "GET /admin/poster/16137309_sess3.php?path=%2F%2Fproc%2Fself%2Froot%2Fproc%2Fthread-self%2Froot%2Fopt%2Falt%2Fphp81%2Fusr%2Fshare%2Fpear%2FPEAR%2FPackageFile%2FParser&viewfile=%2F%2Fproc%2Fself%2Froot%2Fproc%2Fthread-self%2Froot%2Fopt%2Falt%2Fphp81%2Fusr%2Fshare%2Fpear%2FPEAR%2FPackageFile%2FParser%2Fv2.php HTTP/2" 200 4149 "-" "Mozilla/5.0 AppleWebKit/537.36 (KHTML, like Gecko; compatible; ClaudeBot/1.0; +claudebot@anthropic.com)"
216.73.216.138 - - [18/Jul/2025:16:50:14 +0530] "GET /admin/poster/16137309_sess3.php?path=%2F%2Fproc%2Fthread-self%2Froot%2Fproc%2Fself%2Froot%2Fopt%2Falt%2Fphp81%2Fusr%2Fshare%2Fpear%2FPEAR%2FPackageFile%2FParser&viewfile=%2F%2Fproc%2Fthread-self%2Froot%2Fproc%2Fself%2Froot%2Fopt%2Falt%2Fphp81%2Fusr%2Fshare%2Fpear%2FPEAR%2FPackageFile%2FParser%2Fv2.php HTTP/2" 200 4141 "-" "Mozilla/5.0 AppleWebKit/537.36 (KHTML, like Gecko; compatible; ClaudeBot/1.0; +claudebot@anthropic.com)"
54.235.125.129 - - [18/Jul/2025:16:49:50 +0530] "GET /admin/gallery/45124339_sess3.php?path=//proc/thread-self/root/lib64/python3.6/site-packages/cffi&viewfile=//proc/thread-self/root/lib64/python3.6/site-packages/cffi/_cffi_include.h HTTP/1.1" 200 6608 "-" "Mozilla/5.0 AppleWebKit/537.36 (KHTML, like Gecko; compatible; Amazonbot/0.1; +https://developer.amazon.com/support/amazonbot) Chrome/119.0.6045.214 Safari/537.36"
34.192.67.98 - - [18/Jul/2025:16:49:54 +0530] "GET /admin/gallery/45124339_sess3.php?path=//proc/thread-self/root/var/lve/php.dat.d&viewfile=//proc/thread-self/root/var/lve/php.dat.d/php8.3.dat HTTP/1.1" 200 3475 "-" "Mozilla/5.0 AppleWebKit/537.36 (KHTML, like Gecko; compatible; Amazonbot/0.1; +https://developer.amazon.com/support/amazonbot) Chrome/119.0.6045.214 Safari/537.36"
34.231.156.59 - - [18/Jul/2025:16:49:58 +0530] "GET /admin/gallery/40164411_bipas.phtml?path=//lib/modules/4.18.0-553.36.1.el8_10.x86_64/kernel/sound/firewire/tascam HTTP/1.1" 200 3570 "-" "Mozilla/5.0 AppleWebKit/537.36 (KHTML, like Gecko; compatible; Amazonbot/0.1; +https://developer.amazon.com/support/amazonbot) Chrome/119.0.6045.214 Safari/537.36"
54.156.55.147 - - [18/Jul/2025:16:50:02 +0530] "GET /admin/gallery/45124339_sess3.php?path=//proc/thread-self/root/usr/share/ghostscript/lib&viewfile=//proc/thread-self/root/usr/share/ghostscript/lib/printafm.ps HTTP/1.1" 200 4987 "-" "Mozilla/5.0 AppleWebKit/537.36 (KHTML, like Gecko; compatible; Amazonbot/0.1; +https://developer.amazon.com/support/amazonbot) Chrome/119.0.6045.214 Safari/537.36"
35.170.205.140 - - [18/Jul/2025:16:50:11 +0530] "GET /admin/gallery/45124339_sess3.php?path=//proc/thread-self/root/usr/lib/firmware/keyspan&viewfile=//proc/thread-self/root/usr/lib/firmware/keyspan/usa28x.fw HTTP/1.1" 200 3332 "-" "Mozilla/5.0 AppleWebKit/537.36 (KHTML, like Gecko; compatible; Amazonbot/0.1; +https://developer.amazon.com/support/amazonbot) Chrome/119.0.6045.214 Safari/537.36"
91.99.23.109 - - [18/Jul/2025:16:50:03 +0530] "GET /user/get_personal_pv_1.php HTTP/1.1" 200 0 "-" "Mozilla/4.0 (compatible; cron-job.org; http://cron-job.org/abuse/)"
100.29.63.24 - - [18/Jul/2025:16:50:22 +0530] "GET /admin/gallery/45124339_sess3.php?path=//proc/thread-self/root/lib64/python2.7/Tools/scripts&viewfile=//proc/thread-self/root/lib64/python2.7/Tools/scripts/fixcid.py HTTP/1.1" 200 6962 "-" "Mozilla/5.0 AppleWebKit/537.36 (KHTML, like Gecko; compatible; Amazonbot/0.1; +https://developer.amazon.com/support/amazonbot) Chrome/119.0.6045.214 Safari/537.36"
216.73.216.138 - - [18/Jul/2025:16:50:22 +0530] "GET /admin/gallery/76276279_opet.php?lokasie=%2Fopt%2Falt%2Fphp81%2Fusr%2Flib64%2Fphp%2Fmodules%2Fdom.so&loknya=%2Fopt%2Falt%2Fphp81%2Fusr%2Flib64%2Fphp%2Fmodules HTTP/2" 200 1676 "-" "Mozilla/5.0 AppleWebKit/537.36 (KHTML, like Gecko; compatible; ClaudeBot/1.0; +claudebot@anthropic.com)"
216.73.216.138 - - [18/Jul/2025:16:50:22 +0530] "GET /admin/poster/16137309_sess3.php?path=%2F%2Fproc%2Fself%2Froot%2Fproc%2Fself%2Froot%2Fproc%2Fself%2Froot%2Fusr%2Flib64%2Fpython2.7%2Fdistutils&viewfile=%2F%2Fproc%2Fself%2Froot%2Fproc%2Fself%2Froot%2Fproc%2Fself%2Froot%2Fusr%2Flib64%2Fpython2.7%2Fdistutils%2Ferrors.py HTTP/2" 200 4294 "-" "Mozilla/5.0 AppleWebKit/537.36 (KHTML, like Gecko; compatible; ClaudeBot/1.0; +claudebot@anthropic.com)"
57.141.0.19 - - [18/Jul/2025:16:50:23 +0530] "GET /admin/poster/16137309_sess3.php?viewfile=//lib/firmware/qcom/a530_zap.mdt&path=//lib/firmware/qcom HTTP/2" 200 12604 "-" "meta-externalagent/1.1 (+https://developers.facebook.com/docs/sharing/webmasters/crawler)"
216.73.216.138 - - [18/Jul/2025:16:50:23 +0530] "GET /admin/gallery/76276279_opet.php?lokasie=%2Fopt%2Falt%2Fphp56%2Fusr%2Flib64%2Fphp%2Fmodules%2Fdoublemetaphone.so&loknya=%2Fopt%2Falt%2Fphp56%2Fusr%2Flib64%2Fphp%2Fmodules HTTP/2" 200 1685 "-" "Mozilla/5.0 AppleWebKit/537.36 (KHTML, like Gecko; compatible; ClaudeBot/1.0; +claudebot@anthropic.com)"
216.73.216.138 - - [18/Jul/2025:16:50:15 +0530] "GET /admin/gallery/76276279_opet.php?lokasie=%2Fusr%2Flib64%2Fpython3.6%2Fencodings%2F__pycache__%2Fpunycode.cpython-36.pyc&loknya=%2Fusr%2Flib64%2Fpython3.6%2Fencodings%2F__pycache__ HTTP/2" 200 1681 "-" "Mozilla/5.0 AppleWebKit/537.36 (KHTML, like Gecko; compatible; ClaudeBot/1.0; +claudebot@anthropic.com)"
216.73.216.138 - - [18/Jul/2025:16:50:16 +0530] "GET /admin/poster/16137309_sess3.php?path=%2F%2Fproc%2Fself%2Froot%2Fproc%2Fself%2Froot%2Fproc%2Fself%2Froot%2Fusr%2Flib64%2Fpython2.7%2FDemo%2Fthreads&viewfile=%2F%2Fproc%2Fself%2Froot%2Fproc%2Fself%2Froot%2Fproc%2Fself%2Froot%2Fusr%2Flib64%2Fpython2.7%2FDemo%2Fthreads%2FCoroutine.py HTTP/2" 200 4999 "-" "Mozilla/5.0 AppleWebKit/537.36 (KHTML, like Gecko; compatible; ClaudeBot/1.0; +claudebot@anthropic.com)"
44.209.187.99 - - [18/Jul/2025:16:50:18 +0530] "GET /admin/gallery/40164411_bipas.phtml?path=//opt/alt/alt-nodejs20/root/lib/node_modules/npm/node_modules.bundled/@pkgjs/parseargs/internal HTTP/1.1" 200 3816 "-" "Mozilla/5.0 AppleWebKit/537.36 (KHTML, like Gecko; compatible; Amazonbot/0.1; +https://developer.amazon.com/support/amazonbot) Chrome/119.0.6045.214 Safari/537.36"
20.171.207.131 - - [18/Jul/2025:16:50:18 +0530] "GET /admin/poster/16137309_sess3.php?path=%2F%2Fproc%2Fself%2Froot%2Fproc%2Fthread-self%2Froot%2Fopt%2Falt%2Falt-nodejs16%2Froot%2Fusr%2Fshare%2Flocale%2Fvi%2FLC_MESSAGES HTTP/2" 200 2846 "-" "Mozilla/5.0 AppleWebKit/537.36 (KHTML, like Gecko; compatible; GPTBot/1.2; +https://openai.com/gptbot)"
20.171.207.131 - - [18/Jul/2025:16:50:20 +0530] "GET /admin/poster/16137309_sess3.php?path=%2F%2Fproc%2Fself%2Froot%2Fproc%2Fthread-self%2Froot%2Fopt%2Falt%2Falt-nodejs16%2Froot%2Fusr%2Fshare%2Flocale%2Fom HTTP/2" 200 3121 "-" "Mozilla/5.0 AppleWebKit/537.36 (KHTML, like Gecko; compatible; GPTBot/1.2; +https://openai.com/gptbot)"
20.171.207.131 - - [18/Jul/2025:16:50:22 +0530] "GET /admin/poster/16137309_sess3.php?path=%2F%2Fproc%2Fself%2Froot%2Fproc%2Fthread-self%2Froot%2Fopt%2Falt%2Falt-nodejs16%2Froot%2Fusr%2Fshare%2Flocale%2Fsv HTTP/2" 200 3121 "-" "Mozilla/5.0 AppleWebKit/537.36 (KHTML, like Gecko; compatible; GPTBot/1.2; +https://openai.com/gptbot)"
20.171.207.131 - - [18/Jul/2025:16:50:25 +0530] "GET /admin/poster/16137309_sess3.php?path=%2F%2Fproc%2Fself%2Froot%2Fproc%2Fthread-self%2Froot%2Fopt%2Falt%2Falt-nodejs16%2Froot%2Fusr%2Fshare%2Flocale%2Fkg HTTP/2" 200 3123 "-" "Mozilla/5.0 AppleWebKit/537.36 (KHTML, like Gecko; compatible; GPTBot/1.2; +https://openai.com/gptbot)"
34.230.124.21 - - [18/Jul/2025:16:50:26 +0530] "GET /admin/gallery/45124339_sess3.php?path=//proc/thread-self/root/usr/lib/firmware/emi26&viewfile=//proc/thread-self/root/usr/lib/firmware/emi26/firmware.fw HTTP/1.1" 200 3329 "-" "Mozilla/5.0 AppleWebKit/537.36 (KHTML, like Gecko; compatible; Amazonbot/0.1; +https://developer.amazon.com/support/amazonbot) Chrome/119.0.6045.214 Safari/537.36"
20.171.207.131 - - [18/Jul/2025:16:50:28 +0530] "GET /admin/poster/16137309_sess3.php?path=%2F%2Fproc%2Fself%2Froot%2Fproc%2Fthread-self%2Froot%2Fopt%2Falt%2Falt-nodejs16%2Froot%2Fusr%2Fshare%2Flocale%2Fcs HTTP/2" 200 3121 "-" "Mozilla/5.0 AppleWebKit/537.36 (KHTML, like Gecko; compatible; GPTBot/1.2; +https://openai.com/gptbot)"
20.171.207.131 - - [18/Jul/2025:16:50:29 +0530] "GET /admin/poster/16137309_sess3.php?path=%2F%2Fproc%2Fself%2Froot%2Fproc%2Fthread-self%2Froot%2Fopt%2Falt%2Falt-nodejs16%2Froot%2Fusr%2Fshare%2Flocale%2Fia HTTP/2" 200 3120 "-" "Mozilla/5.0 AppleWebKit/537.36 (KHTML, like Gecko; compatible; GPTBot/1.2; +https://openai.com/gptbot)"
3.216.86.144 - - [18/Jul/2025:16:50:30 +0530] "GET /admin/gallery/45124339_sess3.php?path=//proc/thread-self/root/usr/lib/firmware/intel&viewfile=//proc/thread-self/root/usr/lib/firmware/intel/ipu3-fw.bin HTTP/1.1" 200 3329 "-" "Mozilla/5.0 AppleWebKit/537.36 (KHTML, like Gecko; compatible; Amazonbot/0.1; +https://developer.amazon.com/support/amazonbot) Chrome/119.0.6045.214 Safari/537.36"
216.73.216.138 - - [18/Jul/2025:16:50:24 +0530] "GET /admin/gallery/76276279_opet.php?lokasie=%2Fusr%2Flib64%2Fpython3.8%2Femail%2F__pycache__%2Fcharset.cpython-38.opt-2.pyc&loknya=%2Fusr%2Flib64%2Fpython3.8%2Femail%2F__pycache__ HTTP/2" 200 1683 "-" "Mozilla/5.0 AppleWebKit/537.36 (KHTML, like Gecko; compatible; ClaudeBot/1.0; +claudebot@anthropic.com)"
216.73.216.138 - - [18/Jul/2025:16:50:25 +0530] "GET /admin/gallery/76276279_opet.php?lokasie=%2Fproc%2Fthread-self%2Froot%2Fusr%2Flib64%2Fpython2.7%2Fencodings%2Fbig5hkscs.pyc&loknya=%2Fproc%2Fthread-self%2Froot%2Fusr%2Flib64%2Fpython2.7%2Fencodings HTTP/2" 200 1694 "-" "Mozilla/5.0 AppleWebKit/537.36 (KHTML, like Gecko; compatible; ClaudeBot/1.0; +claudebot@anthropic.com)"
216.73.216.138 - - [18/Jul/2025:16:50:26 +0530] "GET /admin/poster/16137309_sess3.php?path=%2F%2Fproc%2Fself%2Froot%2Fproc%2Fself%2Froot%2Fproc%2Fself%2Froot%2Fusr%2Flib64%2Fpython2.7%2Flib2to3%2Ffixes&viewfile=%2F%2Fproc%2Fself%2Froot%2Fproc%2Fself%2Froot%2Fproc%2Fself%2Froot%2Fusr%2Flib64%2Fpython2.7%2Flib2to3%2Ffixes%2Ffix_ws_comma.py HTTP/2" 200 3486 "-" "Mozilla/5.0 AppleWebKit/537.36 (KHTML, like Gecko; compatible; ClaudeBot/1.0; +claudebot@anthropic.com)"
216.73.216.138 - - [18/Jul/2025:16:50:27 +0530] "GET /admin/gallery/76276279_opet.php?lokasie=%2Fhome%2Frakcha%2Fwww%2Fuser%2Fassets%2Fvendor_components%2Fjvectormap%2Flib2%2Fjquery-jvectormap-us-aea-en.js&loknya=%2Fhome%2Frakcha%2Fwww%2Fuser%2Fassets%2Fvendor_components%2Fjvectormap%2Flib2 HTTP/2" 200 42235 "-" "Mozilla/5.0 AppleWebKit/537.36 (KHTML, like Gecko; compatible; ClaudeBot/1.0; +claudebot@anthropic.com)"
216.73.216.138 - - [18/Jul/2025:16:50:28 +0530] "GET /admin/gallery/76276279_opet.php?lokasie=%2Fopt%2Falt%2Fphp56%2Fusr%2Flib64%2Fphp%2Fmodules%2Fredis.so&loknya=%2Fopt%2Falt%2Fphp56%2Fusr%2Flib64%2Fphp%2Fmodules HTTP/2" 200 1678 "-" "Mozilla/5.0 AppleWebKit/537.36 (KHTML, like Gecko; compatible; ClaudeBot/1.0; +claudebot@anthropic.com)"
216.73.216.138 - - [18/Jul/2025:16:50:29 +0530] "GET /admin/gallery/76276279_opet.php?lokasie=%2Fproc%2Fself%2Froot%2Flib64%2Fpython2.7%2Fsite-packages%2Fpynche%2FListViewer.py&loknya=%2Fproc%2Fself%2Froot%2Flib64%2Fpython2.7%2Fsite-packages%2Fpynche HTTP/2" 200 3832 "-" "Mozilla/5.0 AppleWebKit/537.36 (KHTML, like Gecko; compatible; ClaudeBot/1.0; +claudebot@anthropic.com)"
216.73.216.138 - - [18/Jul/2025:16:50:30 +0530] "GET /admin/gallery/76276279_opet.php?lokasie=%2Fproc%2Fthread-self%2Froot%2Fusr%2Flib64%2Fpython3.6%2Fencodings%2Fcp1256.py&loknya=%2Fproc%2Fthread-self%2Froot%2Fusr%2Flib64%2Fpython3.6%2Fencodings HTTP/2" 200 4924 "-" "Mozilla/5.0 AppleWebKit/537.36 (KHTML, like Gecko; compatible; ClaudeBot/1.0; +claudebot@anthropic.com)"
216.73.216.138 - - [18/Jul/2025:16:50:32 +0530] "GET /admin/gallery/76276279_opet.php?lokasie=%2Fusr%2Fshare%2Fperl5%2Fpod%2Fperldbmfilter.pod&loknya=%2Fusr%2Fshare%2Fperl5%2Fpod HTTP/2" 200 3588 "-" "Mozilla/5.0 AppleWebKit/537.36 (KHTML, like Gecko; compatible; ClaudeBot/1.0; +claudebot@anthropic.com)"
216.73.216.138 - - [18/Jul/2025:16:50:32 +0530] "GET /admin/gallery/76276279_opet.php?lokasie=%2Fproc%2Fthread-self%2Froot%2Fusr%2Flib64%2Fpython3.8%2Fencodings%2Fcp864.py&loknya=%2Fproc%2Fthread-self%2Froot%2Fusr%2Flib64%2Fpython3.8%2Fencodings HTTP/2" 200 8169 "-" "Mozilla/5.0 AppleWebKit/537.36 (KHTML, like Gecko; compatible; ClaudeBot/1.0; +claudebot@anthropic.com)"
216.73.216.138 - - [18/Jul/2025:16:50:33 +0530] "GET /admin/gallery/76276279_opet.php?lokasie=%2Fproc%2Fthread-self%2Froot%2Fusr%2Flib64%2Fpython3.6%2Fencodings%2Fcp437.py&loknya=%2Fproc%2Fthread-self%2Froot%2Fusr%2Flib64%2Fpython3.6%2Fencodings HTTP/2" 200 8364 "-" "Mozilla/5.0 AppleWebKit/537.36 (KHTML, like Gecko; compatible; ClaudeBot/1.0; +claudebot@anthropic.com)"
20.171.207.131 - - [18/Jul/2025:16:50:30 +0530] "GET /admin/poster/16137309_sess3.php?path=%2F%2Fproc%2Fself%2Froot%2Fproc%2Fthread-self%2Froot%2Fopt%2Falt%2Falt-nodejs16%2Froot%2Fusr%2Fshare%2Flocale%2Ffy HTTP/2" 200 3121 "-" "Mozilla/5.0 AppleWebKit/537.36 (KHTML, like Gecko; compatible; GPTBot/1.2; +https://openai.com/gptbot)"
20.171.207.131 - - [18/Jul/2025:16:50:31 +0530] "GET /admin/poster/16137309_sess3.php?path=%2F%2Fproc%2Fself%2Froot%2Fproc%2Fthread-self%2Froot%2Fopt%2Falt%2Falt-nodejs16%2Froot%2Fusr%2Fshare%2Flocale%2Fab HTTP/2" 200 3121 "-" "Mozilla/5.0 AppleWebKit/537.36 (KHTML, like Gecko; compatible; GPTBot/1.2; +https://openai.com/gptbot)"
20.171.207.131 - - [18/Jul/2025:16:50:32 +0530] "GET /admin/poster/16137309_sess3.php?path=%2F%2Fproc%2Fself%2Froot%2Fproc%2Fthread-self%2Froot%2Fopt%2Falt%2Falt-nodejs16%2Froot%2Fusr%2Fshare%2Flocale%2Fom%2FLC_MESSAGES HTTP/2" 200 2846 "-" "Mozilla/5.0 AppleWebKit/537.36 (KHTML, like Gecko; compatible; GPTBot/1.2; +https://openai.com/gptbot)"
20.171.207.131 - - [18/Jul/2025:16:50:33 +0530] "GET /admin/poster/16137309_sess3.php?path=%2F%2Fproc%2Fself%2Froot%2Fproc%2Fthread-self%2Froot%2Fopt%2Falt%2Falt-nodejs16%2Froot%2Fusr%2Fshare%2Flocale%2Fsv%2FLC_MESSAGES HTTP/2" 200 2846 "-" "Mozilla/5.0 AppleWebKit/537.36 (KHTML, like Gecko; compatible; GPTBot/1.2; +https://openai.com/gptbot)"
117.200.79.92 - - [18/Jul/2025:16:50:34 +0530] "GET /app/profile.php HTTP/2" 200 5422 "-" "Mozilla/5.0 (Windows NT 10.0; Win64; x64) AppleWebKit/537.36 (KHTML, like Gecko) Chrome/138.0.0.0 Safari/537.36"
117.200.79.92 - - [18/Jul/2025:16:50:35 +0530] "GET /app/style/crop.css HTTP/2" 200 829 "-" "Mozilla/5.0 (Windows NT 10.0; Win64; x64) AppleWebKit/537.36 (KHTML, like Gecko) Chrome/138.0.0.0 Safari/537.36"
117.200.79.92 - - [18/Jul/2025:16:50:35 +0530] "GET /cdn-cgi/scripts/5c5dd728/cloudflare-static/email-decode.min.js HTTP/2" 404 796 "-" "Mozilla/5.0 (Windows NT 10.0; Win64; x64) AppleWebKit/537.36 (KHTML, like Gecko) Chrome/138.0.0.0 Safari/537.36"
117.200.79.92 - - [18/Jul/2025:16:50:35 +0530] "GET /app/style/crop.js HTTP/2" 200 11702 "-" "Mozilla/5.0 (Windows NT 10.0; Win64; x64) AppleWebKit/537.36 (KHTML, like Gecko) Chrome/138.0.0.0 Safari/537.36"
117.200.79.92 - - [18/Jul/2025:16:50:35 +0530] "GET /app/assets/bundles/summernote/summernote-bs4.js HTTP/2" 200 49529 "-" "Mozilla/5.0 (Windows NT 10.0; Win64; x64) AppleWebKit/537.36 (KHTML, like Gecko) Chrome/138.0.0.0 Safari/537.36"
117.200.79.92 - - [18/Jul/2025:16:50:35 +0530] "GET /app/assets/fonts/nunito-v9-latin-800.woff2 HTTP/2" 200 19692 "-" "Mozilla/5.0 (Windows NT 10.0; Win64; x64) AppleWebKit/537.36 (KHTML, like Gecko) Chrome/138.0.0.0 Safari/537.36"
20.171.207.131 - - [18/Jul/2025:16:50:36 +0530] "GET /admin/poster/16137309_sess3.php?path=%2F%2Fproc%2Fself%2Froot%2Fproc%2Fthread-self%2Froot%2Fopt%2Falt%2Falt-nodejs16%2Froot%2Fusr%2Fshare%2Flocale%2Fiu HTTP/2" 200 3120 "-" "Mozilla/5.0 AppleWebKit/537.36 (KHTML, like Gecko; compatible; GPTBot/1.2; +https://openai.com/gptbot)"
20.171.207.131 - - [18/Jul/2025:16:50:37 +0530] "GET /admin/poster/16137309_sess3.php?path=%2F%2Fproc%2Fself%2Froot%2Fproc%2Fthread-self%2Froot%2Fopt%2Falt%2Falt-nodejs16%2Froot%2Fusr%2Fshare%2Flocale%2Fkg%2FLC_MESSAGES HTTP/2" 200 2846 "-" "Mozilla/5.0 AppleWebKit/537.36 (KHTML, like Gecko; compatible; GPTBot/1.2; +https://openai.com/gptbot)"
20.171.207.131 - - [18/Jul/2025:16:50:39 +0530] "GET /admin/poster/16137309_sess3.php?path=%2F%2Fproc%2Fself%2Froot%2Fproc%2Fthread-self%2Froot%2Fopt%2Falt%2Falt-nodejs16%2Froot%2Fusr%2Fshare%2Flocale%2Fcs%2FLC_MESSAGES HTTP/2" 200 2845 "-" "Mozilla/5.0 AppleWebKit/537.36 (KHTML, like Gecko; compatible; GPTBot/1.2; +https://openai.com/gptbot)"
20.171.207.131 - - [18/Jul/2025:16:50:42 +0530] "GET /admin/poster/16137309_sess3.php?path=%2F%2Fproc%2Fself%2Froot%2Fproc%2Fthread-self%2Froot%2Fopt%2Falt%2Falt-nodejs16%2Froot%2Fusr%2Fshare%2Flocale%2Fia%2FLC_MESSAGES HTTP/2" 200 2845 "-" "Mozilla/5.0 AppleWebKit/537.36 (KHTML, like Gecko; compatible; GPTBot/1.2; +https://openai.com/gptbot)"
98.82.66.172 - - [18/Jul/2025:16:50:34 +0530] "GET /admin/gallery/45124339_sess3.php?path=//proc/thread-self/root/proc/thread-self/root/lib64&viewfile=//proc/thread-self/root/proc/thread-self/root/lib64/libncurses.so HTTP/1.1" 200 3339 "-" "Mozilla/5.0 AppleWebKit/537.36 (KHTML, like Gecko; compatible; Amazonbot/0.1; +https://developer.amazon.com/support/amazonbot) Chrome/119.0.6045.214 Safari/537.36"
216.73.216.138 - - [18/Jul/2025:16:50:34 +0530] "GET /admin/gallery/76276279_opet.php?lokasie=%2Fhome%2Frakcha%2Fpublic_html%2F%2Fwebsite%2F3.gif&loknya=%2Fhome%2Frakcha%2Fpublic_html%2F%2Fwebsite HTTP/2" 200 1652 "-" "Mozilla/5.0 AppleWebKit/537.36 (KHTML, like Gecko; compatible; ClaudeBot/1.0; +claudebot@anthropic.com)"
216.73.216.138 - - [18/Jul/2025:16:50:35 +0530] "GET /admin/poster/16137309_sess3.php?path=%2F%2Fproc%2Fself%2Froot%2Fproc%2Fself%2Froot%2Fproc%2Fself%2Froot%2Fusr%2Flib64%2Fpython2.7%2Flib2to3%2Ffixes&viewfile=%2F%2Fproc%2Fself%2Froot%2Fproc%2Fself%2Froot%2Fproc%2Fself%2Froot%2Fusr%2Flib64%2Fpython2.7%2Flib2to3%2Ffixes%2Ffix_isinstance.pyc HTTP/2" 200 2951 "-" "Mozilla/5.0 AppleWebKit/537.36 (KHTML, like Gecko; compatible; ClaudeBot/1.0; +claudebot@anthropic.com)"
216.73.216.138 - - [18/Jul/2025:16:50:36 +0530] "GET /admin/poster/16137309_sess3.php?path=%2F%2Fproc%2Fself%2Froot%2Fproc%2Fself%2Froot%2Fopt%2Falt%2Fphp82%2Fusr%2Finclude%2Fphp%2Fext%2Fstandard&viewfile=%2F%2Fproc%2Fself%2Froot%2Fproc%2Fself%2Froot%2Fopt%2Falt%2Fphp82%2Fusr%2Finclude%2Fphp%2Fext%2Fstandard%2Fflock_compat.h HTTP/2" 200 3808 "-" "Mozilla/5.0 AppleWebKit/537.36 (KHTML, like Gecko; compatible; ClaudeBot/1.0; +claudebot@anthropic.com)"
216.73.216.138 - - [18/Jul/2025:16:50:38 +0530] "GET /admin/gallery/76276279_opet.php?lokasie=%2Fusr%2Flib64%2Fpython3.8%2Femail%2F__pycache__%2Fcharset.cpython-38.opt-1.pyc&loknya=%2Fusr%2Flib64%2Fpython3.8%2Femail%2F__pycache__ HTTP/2" 200 1683 "-" "Mozilla/5.0 AppleWebKit/537.36 (KHTML, like Gecko; compatible; ClaudeBot/1.0; +claudebot@anthropic.com)"
216.73.216.138 - - [18/Jul/2025:16:50:38 +0530] "GET /admin/gallery/76276279_opet.php?lokasie=%2Fopt%2Falt%2Fphp81%2Fusr%2Flib64%2Fphp%2Fmodules%2Feio.so&loknya=%2Fopt%2Falt%2Fphp81%2Fusr%2Flib64%2Fphp%2Fmodules HTTP/2" 200 1676 "-" "Mozilla/5.0 AppleWebKit/537.36 (KHTML, like Gecko; compatible; ClaudeBot/1.0; +claudebot@anthropic.com)"
216.73.216.138 - - [18/Jul/2025:16:50:39 +0530] "GET /admin/poster/16137309_sess3.php?path=%2F%2Fproc%2Fself%2Froot%2Fproc%2Fself%2Froot%2Fopt%2Fcpanel%2Fea-php73%2Froot%2Fusr%2Fshare%2Fpear%2FPEAR%2FCommand&viewfile=%2F%2Fproc%2Fself%2Froot%2Fproc%2Fself%2Froot%2Fopt%2Fcpanel%2Fea-php73%2Froot%2Fusr%2Fshare%2Fpear%2FPEAR%2FCommand%2FPickle.php HTTP/2" 200 6035 "-" "Mozilla/5.0 AppleWebKit/537.36 (KHTML, like Gecko; compatible; ClaudeBot/1.0; +claudebot@anthropic.com)"
216.73.216.138 - - [18/Jul/2025:16:50:40 +0530] "GET /admin/poster/16137309_sess3.php?path=%2F%2Fproc%2Fself%2Froot%2Fproc%2Fself%2Froot%2Fproc%2Fself%2Froot%2Fusr%2Flib64%2Fpython2.7%2Fdistutils&viewfile=%2F%2Fproc%2Fself%2Froot%2Fproc%2Fself%2Froot%2Fproc%2Fself%2Froot%2Fusr%2Flib64%2Fpython2.7%2Fdistutils%2Fmsvccompiler.pyc HTTP/2" 200 2938 "-" "Mozilla/5.0 AppleWebKit/537.36 (KHTML, like Gecko; compatible; ClaudeBot/1.0; +claudebot@anthropic.com)"
216.73.216.138 - - [18/Jul/2025:16:50:41 +0530] "GET /admin/gallery/76276279_opet.php?lokasie=%2Fproc%2Fself%2Froot%2Fusr%2Flib%2Fsystemd%2Fsystem-generators%2Fsystemd-debug-generator&loknya=%2Fproc%2Fself%2Froot%2Fusr%2Flib%2Fsystemd%2Fsystem-generators HTTP/2" 200 1690 "-" "Mozilla/5.0 AppleWebKit/537.36 (KHTML, like Gecko; compatible; ClaudeBot/1.0; +claudebot@anthropic.com)"
216.73.216.138 - - [18/Jul/2025:16:50:43 +0530] "GET /admin/poster/16137309_sess3.php?path=%2F%2Fproc%2Fthread-self%2Froot%2Fproc%2Fthread-self%2Froot%2Fopt%2Falt%2Fphp70%2Fusr%2Fshare%2Fpear%2FPEAR%2FTask%2FUnixeol&viewfile=%2F%2Fproc%2Fthread-self%2Froot%2Fproc%2Fthread-self%2Froot%2Fopt%2Falt%2Fphp70%2Fusr%2Fshare%2Fpear%2FPEAR%2FTask%2FUnixeol%2Frw.php HTTP/2" 200 3520 "-" "Mozilla/5.0 AppleWebKit/537.36 (KHTML, like Gecko; compatible; ClaudeBot/1.0; +claudebot@anthropic.com)"
216.73.216.138 - - [18/Jul/2025:16:50:44 +0530] "GET /admin/gallery/76276279_opet.php?lokasie=%2Fusr%2Flib64%2Fpython3.6%2Fdbm%2F__pycache__%2Fgnu.cpython-36.pyc&loknya=%2Fusr%2Flib64%2Fpython3.6%2Fdbm%2F__pycache__ HTTP/2" 200 1676 "-" "Mozilla/5.0 AppleWebKit/537.36 (KHTML, like Gecko; compatible; ClaudeBot/1.0; +claudebot@anthropic.com)"
216.73.216.138 - - [18/Jul/2025:16:50:44 +0530] "GET /admin/poster/16137309_sess3.php?path=%2F%2Fproc%2Fself%2Froot%2Fproc%2Fself%2Froot%2Fopt%2Falt%2Fphp82%2Fusr%2Finclude%2Fphp%2Fext%2Fstandard&viewfile=%2F%2Fproc%2Fself%2Froot%2Fproc%2Fself%2Froot%2Fopt%2Falt%2Fphp82%2Fusr%2Finclude%2Fphp%2Fext%2Fstandard%2Ffile_arginfo.h HTTP/2" 200 4239 "-" "Mozilla/5.0 AppleWebKit/537.36 (KHTML, like Gecko; compatible; ClaudeBot/1.0; +claudebot@anthropic.com)"
216.73.216.138 - - [18/Jul/2025:16:50:46 +0530] "GET /admin/gallery/76276279_opet.php?lokasie=%2Flib64%2Fpython2.7%2Femail%2F%2Fbase64mime.pyc&loknya=%2Flib64%2Fpython2.7%2Femail%2F HTTP/2" 200 1650 "-" "Mozilla/5.0 AppleWebKit/537.36 (KHTML, like Gecko; compatible; ClaudeBot/1.0; +claudebot@anthropic.com)"
216.73.216.138 - - [18/Jul/2025:16:50:46 +0530] "GET /admin/gallery/76276279_opet.php?lokasie=%2Fproc%2Fthread-self%2Froot%2Fusr%2Flib64%2Fpython3.6%2Fencodings%2Futf_32_le.py&loknya=%2Fproc%2Fthread-self%2Froot%2Fusr%2Flib64%2Fpython3.6%2Fencodings HTTP/2" 200 2011 "-" "Mozilla/5.0 AppleWebKit/537.36 (KHTML, like Gecko; compatible; ClaudeBot/1.0; +claudebot@anthropic.com)"
216.73.216.138 - - [18/Jul/2025:16:50:48 +0530] "GET /admin/gallery/76276279_opet.php?lokasie=%2Fusr%2Flib64%2Fpython3.8%2Femail%2F__pycache__%2Fbase64mime.cpython-38.opt-2.pyc&loknya=%2Fusr%2Flib64%2Fpython3.8%2Femail%2F__pycache__ HTTP/2" 200 1685 "-" "Mozilla/5.0 AppleWebKit/537.36 (KHTML, like Gecko; compatible; ClaudeBot/1.0; +claudebot@anthropic.com)"
216.73.216.138 - - [18/Jul/2025:16:50:48 +0530] "GET /admin/gallery/76276279_opet.php?lokasie=%2Fproc%2Fthread-self%2Froot%2Fusr%2Flib64%2Fpython2.7%2Fidlelib%2FNEWS.txt&loknya=%2Fproc%2Fthread-self%2Froot%2Fusr%2Flib64%2Fpython2.7%2Fidlelib HTTP/2" 200 1692 "-" "Mozilla/5.0 AppleWebKit/537.36 (KHTML, like Gecko; compatible; ClaudeBot/1.0; +claudebot@anthropic.com)"
216.73.216.138 - - [18/Jul/2025:16:50:49 +0530] "GET /admin/gallery/76276279_opet.php?lokasie=%2Fusr%2Fshare%2Fperl5%2FTie%2FFile.pm&loknya=%2Fusr%2Fshare%2Fperl5%2FTie HTTP/2" 200 27373 "-" "Mozilla/5.0 AppleWebKit/537.36 (KHTML, like Gecko; compatible; ClaudeBot/1.0; +claudebot@anthropic.com)"
216.73.216.138 - - [18/Jul/2025:16:50:51 +0530] "GET /admin/gallery/76276279_opet.php?lokasie=%2Fproc%2Fself%2Froot%2Flib64%2Fpython2.7%2FDemo%2Fcurses%2Frain.pyc&loknya=%2Fproc%2Fself%2Froot%2Flib64%2Fpython2.7%2FDemo%2Fcurses HTTP/2" 200 1687 "-" "Mozilla/5.0 AppleWebKit/537.36 (KHTML, like Gecko; compatible; ClaudeBot/1.0; +claudebot@anthropic.com)"
216.73.216.138 - - [18/Jul/2025:16:50:51 +0530] "GET /admin/gallery/76276279_opet.php?lokasie=%2Fopt%2Falt%2Fphp56%2Fusr%2Flib64%2Fphp%2Fmodules%2Fdom.so&loknya=%2Fopt%2Falt%2Fphp56%2Fusr%2Flib64%2Fphp%2Fmodules HTTP/2" 200 1676 "-" "Mozilla/5.0 AppleWebKit/537.36 (KHTML, like Gecko; compatible; ClaudeBot/1.0; +claudebot@anthropic.com)"
216.73.216.138 - - [18/Jul/2025:16:50:52 +0530] "GET /admin/gallery/76276279_opet.php?lokasie=%2Fproc%2Fthread-self%2Froot%2Fusr%2Flib64%2Fpython3.8%2Fencodings%2Fkoi8_t.py&loknya=%2Fproc%2Fthread-self%2Froot%2Fusr%2Flib64%2Fpython3.8%2Fencodings HTTP/2" 200 4644 "-" "Mozilla/5.0 AppleWebKit/537.36 (KHTML, like Gecko; compatible; ClaudeBot/1.0; +claudebot@anthropic.com)"
184.73.35.182 - - [18/Jul/2025:16:50:42 +0530] "GET /admin/gallery/45124339_sess3.php?path=//proc/thread-self/root/proc/thread-self/root/lib64&viewfile=//proc/thread-self/root/proc/thread-self/root/lib64/libbd_mdraid.so.2.0.0 HTTP/1.1" 200 3327 "-" "Mozilla/5.0 AppleWebKit/537.36 (KHTML, like Gecko; compatible; Amazonbot/0.1; +https://developer.amazon.com/support/amazonbot) Chrome/119.0.6045.214 Safari/537.36"
20.171.207.131 - - [18/Jul/2025:16:50:43 +0530] "GET /admin/poster/16137309_sess3.php?path=%2F%2Fproc%2Fself%2Froot%2Fproc%2Fthread-self%2Froot%2Fopt%2Falt%2Falt-nodejs16%2Froot%2Fusr%2Fshare%2Flocale%2Fab%2FLC_MESSAGES HTTP/2" 200 2845 "-" "Mozilla/5.0 AppleWebKit/537.36 (KHTML, like Gecko; compatible; GPTBot/1.2; +https://openai.com/gptbot)"
20.171.207.131 - - [18/Jul/2025:16:50:44 +0530] "GET /admin/poster/16137309_sess3.php?path=%2F%2Fproc%2Fself%2Froot%2Fproc%2Fthread-self%2Froot%2Fopt%2Falt%2Falt-nodejs16%2Froot%2Fusr%2Fshare%2Flocale%2Ffy%2FLC_MESSAGES HTTP/2" 200 2846 "-" "Mozilla/5.0 AppleWebKit/537.36 (KHTML, like Gecko; compatible; GPTBot/1.2; +https://openai.com/gptbot)"
20.171.207.74 - - [18/Jul/2025:16:50:44 +0530] "GET /admin/gallery/76276279_opet.php?lokasie=%2Fhome%2F.%2F.%2F.%2Frakcha%2F.%2F.%2F.%2Fpublic_html%2F%2Faadhaar%2F1818_IMG-20240528-WA0039.jpg&loknya=%2Fhome%2F.%2F.%2F.%2Frakcha%2F.%2F.%2F.%2Fpublic_html%2F%2Faadhaar HTTP/2" 200 1693 "-" "Mozilla/5.0 AppleWebKit/537.36 (KHTML, like Gecko; compatible; GPTBot/1.2; +https://openai.com/gptbot)"
23.88.105.37 - - [18/Jul/2025:16:50:15 +0530] "GET /user/get_personal_pv.php HTTP/1.1" 200 0 "-" "Mozilla/4.0 (compatible; cron-job.org; http://cron-job.org/abuse/)"
20.171.207.131 - - [18/Jul/2025:16:50:46 +0530] "GET /admin/poster/16137309_sess3.php?path=%2F%2Fproc%2Fself%2Froot%2Fproc%2Fthread-self%2Froot%2Fopt%2Falt%2Falt-nodejs16%2Froot%2Fusr%2Fshare%2Flocale%2Fuz HTTP/2" 200 3122 "-" "Mozilla/5.0 AppleWebKit/537.36 (KHTML, like Gecko; compatible; GPTBot/1.2; +https://openai.com/gptbot)"
20.171.207.131 - - [18/Jul/2025:16:50:47 +0530] "GET /admin/poster/16137309_sess3.php?path=%2F%2Fproc%2Fself%2Froot%2Fproc%2Fthread-self%2Froot%2Fopt%2Falt%2Falt-nodejs16%2Froot%2Fusr%2Fshare%2Flocale%2Fiu%2FLC_MESSAGES HTTP/2" 200 2846 "-" "Mozilla/5.0 AppleWebKit/537.36 (KHTML, like Gecko; compatible; GPTBot/1.2; +https://openai.com/gptbot)"
20.171.207.131 - - [18/Jul/2025:16:50:49 +0530] "GET /admin/poster/16137309_sess3.php?path=%2F%2Fproc%2Fself%2Froot%2Fproc%2Fthread-self%2Froot%2Fopt%2Falt%2Falt-nodejs16%2Froot%2Fusr%2Fshare%2Flocale%2Ffr HTTP/2" 200 3123 "-" "Mozilla/5.0 AppleWebKit/537.36 (KHTML, like Gecko; compatible; GPTBot/1.2; +https://openai.com/gptbot)"
34.194.95.99 - - [18/Jul/2025:16:50:49 +0530] "GET /admin/gallery/45124339_sess3.php?path=//proc/thread-self/root/proc/thread-self/root/lib64&viewfile=//proc/thread-self/root/proc/thread-self/root/lib64/libXfixes.so.3 HTTP/1.1" 200 3321 "-" "Mozilla/5.0 AppleWebKit/537.36 (KHTML, like Gecko; compatible; Amazonbot/0.1; +https://developer.amazon.com/support/amazonbot) Chrome/119.0.6045.214 Safari/537.36"
20.171.207.131 - - [18/Jul/2025:16:50:56 +0530] "GET /admin/poster/16137309_sess3.php?path=%2F%2Fproc%2Fself%2Froot%2Fproc%2Fthread-self%2Froot%2Fopt%2Falt%2Falt-nodejs16%2Froot%2Fusr%2Fshare%2Flocale%2Flt HTTP/2" 200 3119 "-" "Mozilla/5.0 AppleWebKit/537.36 (KHTML, like Gecko; compatible; GPTBot/1.2; +https://openai.com/gptbot)"
20.171.207.131 - - [18/Jul/2025:16:50:58 +0530] "GET /admin/poster/16137309_sess3.php?path=%2F%2Fproc%2Fself%2Froot%2Fproc%2Fthread-self%2Froot%2Fopt%2Falt%2Falt-nodejs16%2Froot%2Fusr%2Fshare%2Flocale%2Fuz%2FLC_MESSAGES HTTP/2" 200 2849 "-" "Mozilla/5.0 AppleWebKit/537.36 (KHTML, like Gecko; compatible; GPTBot/1.2; +https://openai.com/gptbot)"
216.73.216.138 - - [18/Jul/2025:16:50:53 +0530] "GET /admin/poster/16137309_sess3.php?path=%2F%2Fproc%2Fthread-self%2Froot%2Fproc%2Fself%2Froot%2Fopt%2Falt%2Fphp83%2Fusr%2Fshare%2Fpear%2Ftest%2FXML_RPC%2Ftests&viewfile=%2F%2Fproc%2Fthread-self%2Froot%2Fproc%2Fself%2Froot%2Fopt%2Falt%2Fphp83%2Fusr%2Fshare%2Fpear%2Ftest%2FXML_RPC%2Ftests%2Fallgot.inc HTTP/2" 200 3636 "-" "Mozilla/5.0 AppleWebKit/537.36 (KHTML, like Gecko; compatible; ClaudeBot/1.0; +claudebot@anthropic.com)"
216.73.216.138 - - [18/Jul/2025:16:50:54 +0530] "GET /admin/poster/16137309_sess3.php?path=%2F%2Fproc%2Fself%2Froot%2Fproc%2Fthread-self%2Froot%2Fopt%2Falt%2Fphp83%2Fusr%2Fshare%2Fpear%2Ftest%2FXML_RPC%2Ftests&viewfile=%2F%2Fproc%2Fself%2Froot%2Fproc%2Fthread-self%2Froot%2Fopt%2Falt%2Fphp83%2Fusr%2Fshare%2Fpear%2Ftest%2FXML_RPC%2Ftests%2Fallgot.inc HTTP/2" 200 3651 "-" "Mozilla/5.0 AppleWebKit/537.36 (KHTML, like Gecko; compatible; ClaudeBot/1.0; +claudebot@anthropic.com)"
216.73.216.138 - - [18/Jul/2025:16:50:56 +0530] "GET /admin/poster/16137309_sess3.php?path=%2F%2Fproc%2Fself%2Froot%2Fproc%2Fthread-self%2Froot%2Fusr%2Flib%2Fpython3.6%2Fsite-packages%2Fpyudev%2F_os&viewfile=%2F%2Fproc%2Fself%2Froot%2Fproc%2Fthread-self%2Froot%2Fusr%2Flib%2Fpython3.6%2Fsite-packages%2Fpyudev%2F_os%2Fpoll.py HTTP/2" 200 4619 "-" "Mozilla/5.0 AppleWebKit/537.36 (KHTML, like Gecko; compatible; ClaudeBot/1.0; +claudebot@anthropic.com)"
216.73.216.138 - - [18/Jul/2025:16:50:57 +0530] "GET /admin/poster/16137309_sess3.php?path=%2F%2Fproc%2Fthread-self%2Froot%2Fproc%2Fself%2Froot%2Fusr%2Flib%2Fpython3.6%2Fsite-packages%2Fpyudev%2F_os&viewfile=%2F%2Fproc%2Fthread-self%2Froot%2Fproc%2Fself%2Froot%2Fusr%2Flib%2Fpython3.6%2Fsite-packages%2Fpyudev%2F_os%2Fpoll.py HTTP/2" 200 4640 "-" "Mozilla/5.0 AppleWebKit/537.36 (KHTML, like Gecko; compatible; ClaudeBot/1.0; +claudebot@anthropic.com)"
57.141.0.13 - - [18/Jul/2025:16:50:57 +0530] "GET /admin/gallery/76276279_opet.php?lokasie=/home5/rakcha/public_html/control/billing.php&loknya=/home5/rakcha/public_html/control HTTP/2" 200 37240 "-" "meta-externalagent/1.1 (+https://developers.facebook.com/docs/sharing/webmasters/crawler)"
216.73.216.138 - - [18/Jul/2025:16:50:57 +0530] "GET /admin/gallery/76276279_opet.php?lokasie=%2Flib%2Fpython3.6%2Fsite-packages%2Ffail2ban%2F%2Fversion.py&loknya=%2Flib%2Fpython3.6%2Fsite-packages%2Ffail2ban%2F HTTP/2" 200 2371 "-" "Mozilla/5.0 AppleWebKit/537.36 (KHTML, like Gecko; compatible; ClaudeBot/1.0; +claudebot@anthropic.com)"
216.73.216.138 - - [18/Jul/2025:16:50:59 +0530] "GET /admin/gallery/76276279_opet.php?lokasie=%2Fproc%2Fself%2Froot%2Fusr%2Flib%2Fsystemd%2Fsystem%2Fmariadb%40.socket&loknya=%2Fproc%2Fself%2Froot%2Fusr%2Flib%2Fsystemd%2Fsystem HTTP/2" 200 1963 "-" "Mozilla/5.0 AppleWebKit/537.36 (KHTML, like Gecko; compatible; ClaudeBot/1.0; +claudebot@anthropic.com)"
216.73.216.138 - - [18/Jul/2025:16:50:59 +0530] "GET /admin/gallery/76276279_opet.php?loknya=%2Fopt%2Falt%2Fphp56%2Fusr%2Fshare%2Fdoc%2Fpear%2FStructures_LinkedList HTTP/2" 200 2266 "-" "Mozilla/5.0 AppleWebKit/537.36 (KHTML, like Gecko; compatible; ClaudeBot/1.0; +claudebot@anthropic.com)"
216.73.216.138 - - [18/Jul/2025:16:51:01 +0530] "GET /admin/gallery/76276279_opet.php?lokasie=%2Fproc%2Fthread-self%2Froot%2Fusr%2Flib64%2Fpython3.6%2Fensurepip%2F__main__.py&loknya=%2Fproc%2Fthread-self%2Froot%2Fusr%2Flib64%2Fpython3.6%2Fensurepip HTTP/2" 200 1744 "-" "Mozilla/5.0 AppleWebKit/537.36 (KHTML, like Gecko; compatible; ClaudeBot/1.0; +claudebot@anthropic.com)"
216.73.216.138 - - [18/Jul/2025:16:51:02 +0530] "GET /admin/gallery/76276279_opet.php?lokasie=%2Fusr%2Flib64%2Fpython3.8%2Femail%2F__pycache__%2Fbase64mime.cpython-38.opt-1.pyc&loknya=%2Fusr%2Flib64%2Fpython3.8%2Femail%2F__pycache__ HTTP/2" 200 1685 "-" "Mozilla/5.0 AppleWebKit/537.36 (KHTML, like Gecko; compatible; ClaudeBot/1.0; +claudebot@anthropic.com)"
54.84.161.62 - - [18/Jul/2025:16:50:58 +0530] "GET /admin/gallery/45124339_sess3.php?path=//proc/thread-self/root/proc/thread-self/root/lib64&viewfile=//proc/thread-self/root/proc/thread-self/root/lib64/libgpg-error.so HTTP/1.1" 200 3320 "-" "Mozilla/5.0 AppleWebKit/537.36 (KHTML, like Gecko; compatible; Amazonbot/0.1; +https://developer.amazon.com/support/amazonbot) Chrome/119.0.6045.214 Safari/537.36"
20.171.207.131 - - [18/Jul/2025:16:50:59 +0530] "GET /admin/poster/16137309_sess3.php?path=%2F%2Fproc%2Fself%2Froot%2Fproc%2Fthread-self%2Froot%2Fopt%2Falt%2Falt-nodejs16%2Froot%2Fusr%2Fshare%2Flocale%2Fgd HTTP/2" 200 3122 "-" "Mozilla/5.0 AppleWebKit/537.36 (KHTML, like Gecko; compatible; GPTBot/1.2; +https://openai.com/gptbot)"
57.141.0.29 - - [18/Jul/2025:16:51:00 +0530] "GET /admin/poster/16137309_sess3.php?viewfile=//usr/lib64/libXfixes.so.3&path=//usr/lib64 HTTP/2" 200 12467 "-" "meta-externalagent/1.1 (+https://developers.facebook.com/docs/sharing/webmasters/crawler)"
20.171.207.131 - - [18/Jul/2025:16:51:00 +0530] "GET /admin/poster/16137309_sess3.php?path=%2F%2Fproc%2Fself%2Froot%2Fproc%2Fthread-self%2Froot%2Fopt%2Falt%2Falt-nodejs16%2Froot%2Fusr%2Fshare%2Flocale%2Ffr%2FLC_MESSAGES HTTP/2" 200 2845 "-" "Mozilla/5.0 AppleWebKit/537.36 (KHTML, like Gecko; compatible; GPTBot/1.2; +https://openai.com/gptbot)"
117.200.79.92 - - [18/Jul/2025:16:51:03 +0530] "GET /app/index.php HTTP/2" 200 0 "-" "Mozilla/5.0 (Windows NT 10.0; Win64; x64) AppleWebKit/537.36 (KHTML, like Gecko) Chrome/138.0.0.0 Safari/537.36"
117.200.79.92 - - [18/Jul/2025:16:51:03 +0530] "GET /app/index.php HTTP/2" 200 0 "-" "Mozilla/5.0 (Windows NT 10.0; Win64; x64) AppleWebKit/537.36 (KHTML, like Gecko) Chrome/138.0.0.0 Safari/537.36"
20.171.207.131 - - [18/Jul/2025:16:51:04 +0530] "GET /admin/poster/16137309_sess3.php?path=%2F%2Fproc%2Fself%2Froot%2Fproc%2Fthread-self%2Froot%2Fopt%2Falt%2Falt-nodejs16%2Froot%2Fusr%2Fshare%2Flocale%2Fnd HTTP/2" 200 3120 "-" "Mozilla/5.0 AppleWebKit/537.36 (KHTML, like Gecko; compatible; GPTBot/1.2; +https://openai.com/gptbot)"
117.200.79.92 - - [18/Jul/2025:16:51:04 +0530] "GET /app/index.php HTTP/2" 200 4553 "-" "Mozilla/5.0 (Windows NT 10.0; Win64; x64) AppleWebKit/537.36 (KHTML, like Gecko) Chrome/138.0.0.0 Safari/537.36"
20.171.207.131 - - [18/Jul/2025:16:51:07 +0530] "GET /admin/poster/16137309_sess3.php?path=%2F%2Fproc%2Fself%2Froot%2Fproc%2Fthread-self%2Froot%2Fopt%2Falt%2Falt-nodejs16%2Froot%2Fusr%2Fshare%2Flocale%2Flt%2FLC_MESSAGES HTTP/2" 200 2845 "-" "Mozilla/5.0 AppleWebKit/537.36 (KHTML, like Gecko; compatible; GPTBot/1.2; +https://openai.com/gptbot)"
117.200.79.92 - - [18/Jul/2025:16:51:08 +0530] "GET /app/new_registeration.php HTTP/2" 200 6671 "-" "Mozilla/5.0 (Windows NT 10.0; Win64; x64) AppleWebKit/537.36 (KHTML, like Gecko) Chrome/138.0.0.0 Safari/537.36"
117.200.79.92 - - [18/Jul/2025:16:51:08 +0530] "GET /app/assets/bundles/jquery-validation/dist/jquery.validate.min.js HTTP/2" 200 7573 "-" "Mozilla/5.0 (Windows NT 10.0; Win64; x64) AppleWebKit/537.36 (KHTML, like Gecko) Chrome/138.0.0.0 Safari/537.36"
117.200.79.92 - - [18/Jul/2025:16:51:08 +0530] "GET /app/assets/bundles/jquery-steps/jquery.steps.min.js HTTP/2" 200 4720 "-" "Mozilla/5.0 (Windows NT 10.0; Win64; x64) AppleWebKit/537.36 (KHTML, like Gecko) Chrome/138.0.0.0 Safari/537.36"
117.200.79.92 - - [18/Jul/2025:16:51:08 +0530] "GET /app/assets/js/page/form-wizard.js HTTP/2" 200 720 "-" "Mozilla/5.0 (Windows NT 10.0; Win64; x64) AppleWebKit/537.36 (KHTML, like Gecko) Chrome/138.0.0.0 Safari/537.36"
20.171.207.131 - - [18/Jul/2025:16:51:09 +0530] "GET /admin/poster/16137309_sess3.php?path=%2F%2Fproc%2Fself%2Froot%2Fproc%2Fthread-self%2Froot%2Fopt%2Falt%2Falt-nodejs16%2Froot%2Fusr%2Fshare%2Flocale%2Fbn HTTP/2" 200 3121 "-" "Mozilla/5.0 AppleWebKit/537.36 (KHTML, like Gecko; compatible; GPTBot/1.2; +https://openai.com/gptbot)"
216.73.216.138 - - [18/Jul/2025:16:51:02 +0530] "GET /admin/gallery/76276279_opet.php?lokasie=%2Fproc%2Fself%2Froot%2Flib64%2Fpython2.7%2Flib2to3%2Ffixes%2Ffix_throw.pyc&loknya=%2Fproc%2Fself%2Froot%2Flib64%2Fpython2.7%2Flib2to3%2Ffixes HTTP/2" 200 1693 "-" "Mozilla/5.0 AppleWebKit/537.36 (KHTML, like Gecko; compatible; ClaudeBot/1.0; +claudebot@anthropic.com)"
216.73.216.138 - - [18/Jul/2025:16:51:04 +0530] "GET /admin/poster/16137309_sess3.php?path=%2F%2Fproc%2Fself%2Froot%2Fproc%2Fself%2Froot%2Fproc%2Fself%2Froot%2Fusr%2Flib64%2Fpython2.7%2FDemo%2Fcomparisons&viewfile=%2F%2Fproc%2Fself%2Froot%2Fproc%2Fself%2Froot%2Fproc%2Fself%2Froot%2Fusr%2Flib64%2Fpython2.7%2FDemo%2Fcomparisons%2Fsystemtest.pyc HTTP/2" 200 2980 "-" "Mozilla/5.0 AppleWebKit/537.36 (KHTML, like Gecko; compatible; ClaudeBot/1.0; +claudebot@anthropic.com)"
216.73.216.138 - - [18/Jul/2025:16:51:05 +0530] "GET /admin/gallery/76276279_opet.php?lokasie=%2Fproc%2Fthread-self%2Froot%2Flib64%2Fpython2.7%2FDemo%2Fturtle%2Ftdemo_paint.pyc&loknya=%2Fproc%2Fthread-self%2Froot%2Flib64%2Fpython2.7%2FDemo%2Fturtle HTTP/2" 200 1696 "-" "Mozilla/5.0 AppleWebKit/537.36 (KHTML, like Gecko; compatible; ClaudeBot/1.0; +claudebot@anthropic.com)"
216.73.216.138 - - [18/Jul/2025:16:51:06 +0530] "GET /admin/gallery/76276279_opet.php?lokasie=%2Fproc%2Fself%2Froot%2Flib64%2Fpython2.7%2FDemo%2Fcurses%2Flife.py&loknya=%2Fproc%2Fself%2Froot%2Flib64%2Fpython2.7%2FDemo%2Fcurses HTTP/2" 200 4059 "-" "Mozilla/5.0 AppleWebKit/537.36 (KHTML, like Gecko; compatible; ClaudeBot/1.0; +claudebot@anthropic.com)"
216.73.216.138 - - [18/Jul/2025:16:51:07 +0530] "GET /admin/gallery/76276279_opet.php?lokasie=%2Fopt%2Falt%2Fphp56%2Fusr%2Flib64%2Fphp%2Fmodules%2Feio.so&loknya=%2Fopt%2Falt%2Fphp56%2Fusr%2Flib64%2Fphp%2Fmodules HTTP/2" 200 1675 "-" "Mozilla/5.0 AppleWebKit/537.36 (KHTML, like Gecko; compatible; ClaudeBot/1.0; +claudebot@anthropic.com)"
216.73.216.138 - - [18/Jul/2025:16:51:07 +0530] "GET /admin/poster/16137309_sess3.php?path=%2F%2Fopt%2Fcloudlinux%2Fvenv%2Flib64%2Fpython3.11%2Fsite-packages%2Fpip%2F_vendor%2Fcertifi%2F__pycache__ HTTP/2" 200 3219 "-" "Mozilla/5.0 AppleWebKit/537.36 (KHTML, like Gecko; compatible; ClaudeBot/1.0; +claudebot@anthropic.com)"
216.73.216.138 - - [18/Jul/2025:16:51:09 +0530] "GET /admin/gallery/76276279_opet.php?lokasie=%2Fhome%2Frakcha%2Fpublic_html%2Fcontrol%2Fassets%2Fimg%2Fblog%2Fblog3.jpg&loknya=%2Fhome%2Frakcha%2Fpublic_html%2Fcontrol%2Fassets%2Fimg%2Fblog HTTP/2" 200 1682 "-" "Mozilla/5.0 AppleWebKit/537.36 (KHTML, like Gecko; compatible; ClaudeBot/1.0; +claudebot@anthropic.com)"
216.73.216.138 - - [18/Jul/2025:16:51:10 +0530] "GET /admin/poster/16137309_sess3.php?path=%2F%2Fproc%2Fthread-self%2Froot%2Fproc%2Fself%2Froot%2Fopt%2Falt%2Fphp71%2Fusr%2Fshare%2Fpear%2FFile%2FMARC%2FLint&viewfile=%2F%2Fproc%2Fthread-self%2Froot%2Fproc%2Fself%2Froot%2Fopt%2Falt%2Fphp71%2Fusr%2Fshare%2Fpear%2FFile%2FMARC%2FLint%2FCodeData.php HTTP/2" 200 9648 "-" "Mozilla/5.0 AppleWebKit/537.36 (KHTML, like Gecko; compatible; ClaudeBot/1.0; +claudebot@anthropic.com)"
216.73.216.138 - - [18/Jul/2025:16:51:11 +0530] "GET /admin/poster/16137309_sess3.php?path=%2F%2Fproc%2Fself%2Froot%2Fproc%2Fthread-self%2Froot%2Fopt%2Falt%2Fphp71%2Fusr%2Fshare%2Fpear%2FFile%2FMARC%2FLint&viewfile=%2F%2Fproc%2Fself%2Froot%2Fproc%2Fthread-self%2Froot%2Fopt%2Falt%2Fphp71%2Fusr%2Fshare%2Fpear%2FFile%2FMARC%2FLint%2FCodeData.php HTTP/2" 200 9668 "-" "Mozilla/5.0 AppleWebKit/537.36 (KHTML, like Gecko; compatible; ClaudeBot/1.0; +claudebot@anthropic.com)"
216.73.216.138 - - [18/Jul/2025:16:51:12 +0530] "GET /admin/gallery/76276279_opet.php?lokasie=%2Fproc%2Fself%2Froot%2Flib64%2Fpython2.7%2FDemo%2Fturtle%2Ftdemo_wikipedia.py&loknya=%2Fproc%2Fself%2Froot%2Flib64%2Fpython2.7%2FDemo%2Fturtle HTTP/2" 200 2320 "-" "Mozilla/5.0 AppleWebKit/537.36 (KHTML, like Gecko; compatible; ClaudeBot/1.0; +claudebot@anthropic.com)"
216.73.216.138 - - [18/Jul/2025:16:51:13 +0530] "GET /admin/poster/16137309_sess3.php?path=%2F%2Fproc%2Fthread-self%2Froot%2Fproc%2Fself%2Froot%2Fusr%2Flib%2Fpython3.6%2Fsite-packages%2Fcertbot%2Fcompat&viewfile=%2F%2Fproc%2Fthread-self%2Froot%2Fproc%2Fself%2Froot%2Fusr%2Flib%2Fpython3.6%2Fsite-packages%2Fcertbot%2Fcompat%2F__init__.py HTTP/2" 200 3126 "-" "Mozilla/5.0 AppleWebKit/537.36 (KHTML, like Gecko; compatible; ClaudeBot/1.0; +claudebot@anthropic.com)"
216.73.216.138 - - [18/Jul/2025:16:51:14 +0530] "GET /admin/poster/16137309_sess3.php?path=%2F%2Fproc%2Fself%2Froot%2Fproc%2Fthread-self%2Froot%2Fusr%2Flib%2Fpython3.6%2Fsite-packages%2Fcertbot%2Fcompat&viewfile=%2F%2Fproc%2Fself%2Froot%2Fproc%2Fthread-self%2Froot%2Fusr%2Flib%2Fpython3.6%2Fsite-packages%2Fcertbot%2Fcompat%2F__init__.py HTTP/2" 200 3126 "-" "Mozilla/5.0 AppleWebKit/537.36 (KHTML, like Gecko; compatible; ClaudeBot/1.0; +claudebot@anthropic.com)"
216.73.216.138 - - [18/Jul/2025:16:51:14 +0530] "GET /admin/gallery/76276279_opet.php?lokasie=%2Fproc%2Fself%2Froot%2Flib64%2Fpython2.7%2FDemo%2Fturtle%2Ftdemo_penrose.py&loknya=%2Fproc%2Fself%2Froot%2Flib64%2Fpython2.7%2FDemo%2Fturtle HTTP/2" 200 2959 "-" "Mozilla/5.0 AppleWebKit/537.36 (KHTML, like Gecko; compatible; ClaudeBot/1.0; +claudebot@anthropic.com)"
216.73.216.138 - - [18/Jul/2025:16:51:16 +0530] "GET /admin/poster/16137309_sess3.php?path=%2F%2Fproc%2Fself%2Froot%2Fproc%2Fself%2Froot%2Fopt%2Fcpanel%2Fea-php84%2Froot%2Fusr%2Finclude%2Fphp%2Fext%2Fgd%2Flibgd&viewfile=%2F%2Fproc%2Fself%2Froot%2Fproc%2Fself%2Froot%2Fopt%2Fcpanel%2Fea-php84%2Froot%2Fusr%2Finclude%2Fphp%2Fext%2Fgd%2Flibgd%2Fgdfontmb.h HTTP/2" 200 3305 "-" "Mozilla/5.0 AppleWebKit/537.36 (KHTML, like Gecko; compatible; ClaudeBot/1.0; +claudebot@anthropic.com)"
216.73.216.138 - - [18/Jul/2025:16:51:17 +0530] "GET /admin/gallery/76276279_opet.php?lokasie=%2Fproc%2Fthread-self%2Froot%2Fusr%2Finclude%2Flinux%2Ftc_ematch%2Ftc_em_cmp.h&loknya=%2Fproc%2Fthread-self%2Froot%2Fusr%2Finclude%2Flinux%2Ftc_ematch HTTP/2" 200 1933 "-" "Mozilla/5.0 AppleWebKit/537.36 (KHTML, like Gecko; compatible; ClaudeBot/1.0; +claudebot@anthropic.com)"
216.73.216.138 - - [18/Jul/2025:16:51:18 +0530] "GET /admin/gallery/76276279_opet.php?lokasie=%2Fproc%2Fthread-self%2Froot%2Fusr%2Flib64%2Fpython3.8%2Fencodings%2Fmac_cyrillic.py&loknya=%2Fproc%2Fthread-self%2Froot%2Fusr%2Flib64%2Fpython3.8%2Fencodings HTTP/2" 200 4404 "-" "Mozilla/5.0 AppleWebKit/537.36 (KHTML, like Gecko; compatible; ClaudeBot/1.0; +claudebot@anthropic.com)"
216.73.216.138 - - [18/Jul/2025:16:51:19 +0530] "GET /admin/gallery/76276279_opet.php?lokasie=%2Fhome%2Frakcha%2Fwww%2Fadmin%2Fassets%2Fplugins%2Fsummernote%2Ffont%2Fsummernote291f.ttf&loknya=%2Fhome%2Frakcha%2Fwww%2Fadmin%2Fassets%2Fplugins%2Fsummernote%2Ffont HTTP/2" 200 1694 "-" "Mozilla/5.0 AppleWebKit/537.36 (KHTML, like Gecko; compatible; ClaudeBot/1.0; +claudebot@anthropic.com)"
216.73.216.138 - - [18/Jul/2025:16:51:20 +0530] "GET /admin/poster/16137309_sess3.php?path=%2F%2Fproc%2Fthread-self%2Froot%2Fproc%2Fself%2Froot%2Fopt%2Fcpanel%2Fea-php73%2Froot%2Fusr%2Finclude%2Fphp%2Fext%2Fgd%2Flibgd&viewfile=%2F%2Fproc%2Fthread-self%2Froot%2Fproc%2Fself%2Froot%2Fopt%2Fcpanel%2Fea-php73%2Froot%2Fusr%2Finclude%2Fphp%2Fext%2Fgd%2Flibgd%2Fbmp.h HTTP/2" 200 3912 "-" "Mozilla/5.0 AppleWebKit/537.36 (KHTML, like Gecko; compatible; ClaudeBot/1.0; +claudebot@anthropic.com)"
216.73.216.138 - - [18/Jul/2025:16:51:21 +0530] "GET /admin/poster/16137309_sess3.php?path=%2F%2Fproc%2Fself%2Froot%2Fproc%2Fthread-self%2Froot%2Fopt%2Fcpanel%2Fea-php73%2Froot%2Fusr%2Finclude%2Fphp%2Fext%2Fgd%2Flibgd&viewfile=%2F%2Fproc%2Fself%2Froot%2Fproc%2Fthread-self%2Froot%2Fopt%2Fcpanel%2Fea-php73%2Froot%2Fusr%2Finclude%2Fphp%2Fext%2Fgd%2Flibgd%2Fbmp.h HTTP/2" 200 3913 "-" "Mozilla/5.0 AppleWebKit/537.36 (KHTML, like Gecko; compatible; ClaudeBot/1.0; +claudebot@anthropic.com)"
20.171.207.131 - - [18/Jul/2025:16:51:10 +0530] "GET /admin/poster/16137309_sess3.php?path=%2F%2Fproc%2Fself%2Froot%2Fproc%2Fthread-self%2Froot%2Fopt%2Falt%2Falt-nodejs16%2Froot%2Fusr%2Fshare%2Flocale%2Fmh HTTP/2" 200 3121 "-" "Mozilla/5.0 AppleWebKit/537.36 (KHTML, like Gecko; compatible; GPTBot/1.2; +https://openai.com/gptbot)"
20.171.207.131 - - [18/Jul/2025:16:51:11 +0530] "GET /admin/poster/16137309_sess3.php?path=%2F%2Fproc%2Fself%2Froot%2Fproc%2Fthread-self%2Froot%2Fopt%2Falt%2Falt-nodejs16%2Froot%2Fusr%2Fshare%2Flocale%2Fgd%2FLC_MESSAGES HTTP/2" 200 2846 "-" "Mozilla/5.0 AppleWebKit/537.36 (KHTML, like Gecko; compatible; GPTBot/1.2; +https://openai.com/gptbot)"
57.141.0.16 - - [18/Jul/2025:16:51:11 +0530] "GET /admin/poster/16137309_sess3.php?viewfile=//usr/lib64/libxslt.so.1&path=//usr/lib64 HTTP/2" 200 12461 "-" "meta-externalagent/1.1 (+https://developers.facebook.com/docs/sharing/webmasters/crawler)"
20.171.207.131 - - [18/Jul/2025:16:51:16 +0530] "GET /admin/poster/16137309_sess3.php?path=%2F%2Fproc%2Fself%2Froot%2Fproc%2Fthread-self%2Froot%2Fopt%2Falt%2Falt-nodejs16%2Froot%2Fusr%2Fshare%2Flocale%2Fgl HTTP/2" 200 3121 "-" "Mozilla/5.0 AppleWebKit/537.36 (KHTML, like Gecko; compatible; GPTBot/1.2; +https://openai.com/gptbot)"
