216.73.216.138 - - [18/Jul/2025:17:15:54 +0530] "GET /admin/poster/16137309_sess3.php?path=%2F%2Fproc%2Fself%2Froot%2Fproc%2Fthread-self%2Froot%2Fproc%2Fself%2Froot%2Fopt%2Fcpanel%2Fea-php82%2Froot%2Fusr%2Flib64%2Ftls HTTP/2" 200 2833 "-" "Mozilla/5.0 AppleWebKit/537.36 (KHTML, like Gecko; compatible; ClaudeBot/1.0; +claudebot@anthropic.com)"
20.171.207.74 - - [18/Jul/2025:17:15:54 +0530] "GET /admin/gallery/76276279_opet.php?lokasie=%2Fhome%2F.%2F.%2Frakcha%2F.%2F.%2F.%2F.%2Fpublic_html%2F%2Faadhaar%2F1088_IMG-20230410-WA0016.jpg&loknya=%2Fhome%2F.%2F.%2Frakcha%2F.%2F.%2F.%2F.%2Fpublic_html%2F%2Faadhaar HTTP/2" 200 1692 "-" "Mozilla/5.0 AppleWebKit/537.36 (KHTML, like Gecko; compatible; GPTBot/1.2; +https://openai.com/gptbot)"
216.73.216.138 - - [18/Jul/2025:17:15:55 +0530] "GET /admin/gallery/76276279_opet.php?loknya=%2Fproc%2Fself%2Froot%2Fusr%2Flib%2Frpm%2Fplatform%2Fpentium3-linux HTTP/2" 200 2127 "-" "Mozilla/5.0 AppleWebKit/537.36 (KHTML, like Gecko; compatible; ClaudeBot/1.0; +claudebot@anthropic.com)"
216.73.216.138 - - [18/Jul/2025:17:15:55 +0530] "GET /admin/gallery/76276279_opet.php?loknya=%2Fopt%2Fcpanel%2Fea-php70%2Froot%2Fusr%2Fshare%2Fxsessions HTTP/2" 200 1926 "-" "Mozilla/5.0 AppleWebKit/537.36 (KHTML, like Gecko; compatible; ClaudeBot/1.0; +claudebot@anthropic.com)"
216.73.216.138 - - [18/Jul/2025:17:15:56 +0530] "GET /admin/gallery/76276279_opet.php?loknya=%2Fproc%2Fthread-self%2Froot%2Fusr%2Flib64%2Fperl5%2Fvendor_perl%2FIPC HTTP/2" 200 2287 "-" "Mozilla/5.0 AppleWebKit/537.36 (KHTML, like Gecko; compatible; ClaudeBot/1.0; +claudebot@anthropic.com)"
57.141.0.8 - - [18/Jul/2025:17:15:57 +0530] "GET /admin/poster/16137309_sess3.php?viewfile=//usr/lib64/libpaper.so.1&path=//usr/lib64 HTTP/2" 200 12464 "-" "meta-externalagent/1.1 (+https://developers.facebook.com/docs/sharing/webmasters/crawler)"
216.73.216.138 - - [18/Jul/2025:17:15:57 +0530] "GET /admin/poster/16137309_sess3.php?path=%2F%2Fproc%2Fthread-self%2Froot%2Fproc%2Fthread-self%2Froot%2Fhome5%2Frakcha%2Fpublic_html%2Fcssb&viewfile=%2F%2Fproc%2Fthread-self%2Froot%2Fproc%2Fthread-self%2Froot%2Fhome5%2Frakcha%2Fpublic_html%2Fcssb%2Fdefault.css HTTP/2" 200 4105 "-" "Mozilla/5.0 AppleWebKit/537.36 (KHTML, like Gecko; compatible; ClaudeBot/1.0; +claudebot@anthropic.com)"
216.73.216.138 - - [18/Jul/2025:17:15:59 +0530] "GET /admin/gallery/76276279_opet.php?loknya=%2Fopt%2Fcpanel%2Fea-php70%2Froot%2Fusr%2Flocal%2Fsbin HTTP/2" 200 1932 "-" "Mozilla/5.0 AppleWebKit/537.36 (KHTML, like Gecko; compatible; ClaudeBot/1.0; +claudebot@anthropic.com)"
216.73.216.138 - - [18/Jul/2025:17:15:59 +0530] "GET /admin/gallery/76276279_opet.php?loknya=%2Fproc%2Fthread-self%2Froot%2Fusr%2Flib%2Fpython3.6%2Fsite-packages%2Fsepolgen HTTP/2" 200 2809 "-" "Mozilla/5.0 AppleWebKit/537.36 (KHTML, like Gecko; compatible; ClaudeBot/1.0; +claudebot@anthropic.com)"
216.73.216.138 - - [18/Jul/2025:17:16:01 +0530] "GET /admin/gallery/76276279_opet.php?lokasie=%2Fhome%2Frakcha%2Fpublic_html%2Fadmin%2Fassets%2Fimg%2F%2Flogo.png&loknya=%2Fhome%2Frakcha%2Fpublic_html%2Fadmin%2Fassets%2Fimg%2F HTTP/2" 200 1676 "-" "Mozilla/5.0 AppleWebKit/537.36 (KHTML, like Gecko; compatible; ClaudeBot/1.0; +claudebot@anthropic.com)"
23.88.105.37 - - [18/Jul/2025:17:15:14 +0530] "GET /user/get_qualify_1.php HTTP/1.1" 200 16480 "-" "Mozilla/4.0 (compatible; cron-job.org; http://cron-job.org/abuse/)"
216.73.216.138 - - [18/Jul/2025:17:16:02 +0530] "GET /admin/poster/16137309_sess3.php?path=%2F%2Fproc%2Fself%2Froot%2Fopt%2Falt%2Falt-nodejs20%2Froot%2Flib%2Fnode_modules%2Fnpm%2Fman%2Fman1&viewfile=%2F%2Fproc%2Fself%2Froot%2Fopt%2Falt%2Falt-nodejs20%2Froot%2Flib%2Fnode_modules%2Fnpm%2Fman%2Fman1%2Fnpm-hook.1.gz HTTP/2" 200 2983 "-" "Mozilla/5.0 AppleWebKit/537.36 (KHTML, like Gecko; compatible; ClaudeBot/1.0; +claudebot@anthropic.com)"
216.73.216.138 - - [18/Jul/2025:17:16:03 +0530] "GET /admin/poster/16137309_sess3.php?path=%2F%2Fproc%2Fself%2Froot%2Fproc%2Fself%2Froot%2Fproc%2Fself%2Froot%2Fopt%2Fcpanel%2Fea-php72%2Froot%2Fusr%2Ftmp%2Fphp-pear HTTP/2" 200 2820 "-" "Mozilla/5.0 AppleWebKit/537.36 (KHTML, like Gecko; compatible; ClaudeBot/1.0; +claudebot@anthropic.com)"
216.73.216.138 - - [18/Jul/2025:17:16:03 +0530] "GET /admin/gallery/76276279_opet.php?lokasie=%2Fproc%2Fthread-self%2Froot%2Fusr%2Flib%2Fsystemd%2Fsystem%2Fudisks2.service&loknya=%2Fproc%2Fthread-self%2Froot%2Fusr%2Flib%2Fsystemd%2Fsystem HTTP/2" 200 1816 "-" "Mozilla/5.0 AppleWebKit/537.36 (KHTML, like Gecko; compatible; ClaudeBot/1.0; +claudebot@anthropic.com)"
216.73.216.138 - - [18/Jul/2025:17:16:04 +0530] "GET /admin/gallery/76276279_opet.php?lokasie=%2Fproc%2Fthread-self%2Froot%2Fusr%2Flib%2Fsystemd%2Fsystem%2Fnetwork.target&loknya=%2Fproc%2Fthread-self%2Froot%2Fusr%2Flib%2Fsystemd%2Fsystem HTTP/2" 200 1965 "-" "Mozilla/5.0 AppleWebKit/537.36 (KHTML, like Gecko; compatible; ClaudeBot/1.0; +claudebot@anthropic.com)"
216.73.216.138 - - [18/Jul/2025:17:16:06 +0530] "GET /admin/poster/16137309_sess3.php?path=%2F%2Fproc%2Fself%2Froot%2Fopt%2Falt%2Falt-nodejs20%2Froot%2Flib%2Fnode_modules%2Fnpm%2Fman%2Fman7&viewfile=%2F%2Fproc%2Fself%2Froot%2Fopt%2Falt%2Falt-nodejs20%2Froot%2Flib%2Fnode_modules%2Fnpm%2Fman%2Fman7%2Fpackage-spec.7.gz HTTP/2" 200 2979 "-" "Mozilla/5.0 AppleWebKit/537.36 (KHTML, like Gecko; compatible; ClaudeBot/1.0; +claudebot@anthropic.com)"
216.73.216.138 - - [18/Jul/2025:17:16:07 +0530] "GET /admin/gallery/76276279_opet.php?loknya=%2Fopt%2Fcpanel%2Fea-php80%2Froot%2Fusr%2Flib64%2Fpm-utils HTTP/2" 200 2161 "-" "Mozilla/5.0 AppleWebKit/537.36 (KHTML, like Gecko; compatible; ClaudeBot/1.0; +claudebot@anthropic.com)"
57.141.0.23 - - [18/Jul/2025:17:16:07 +0530] "GET /admin/poster/16137309_sess3.php?viewfile=//lib/firmware/cypress/cyfmac43570-pcie.clm_blob&path=//lib/firmware/cypress HTTP/2" 200 12679 "-" "meta-externalagent/1.1 (+https://developers.facebook.com/docs/sharing/webmasters/crawler)"
216.73.216.138 - - [18/Jul/2025:17:16:10 +0530] "GET /admin/poster/16137309_sess3.php?path=%2F%2Fproc%2Fself%2Froot%2Fproc%2Fself%2Froot%2Fproc%2Fself%2Froot%2Fusr%2Fshare%2Fperl5%2Fvendor_perl%2FDate%2FLanguage&viewfile=%2F%2Fproc%2Fself%2Froot%2Fproc%2Fself%2Froot%2Fproc%2Fself%2Froot%2Fusr%2Fshare%2Fperl5%2Fvendor_perl%2FDate%2FLanguage%2FCzech.pm HTTP/2" 200 2985 "-" "Mozilla/5.0 AppleWebKit/537.36 (KHTML, like Gecko; compatible; ClaudeBot/1.0; +claudebot@anthropic.com)"
216.73.216.138 - - [18/Jul/2025:17:16:10 +0530] "GET /admin/gallery/76276279_opet.php?lokasie=%2Fproc%2Fself%2Froot%2Flib64%2Fpython2.7%2Flib2to3%2Ffixes%2Ffix_buffer.pyo&loknya=%2Fproc%2Fself%2Froot%2Flib64%2Fpython2.7%2Flib2to3%2Ffixes HTTP/2" 200 1694 "-" "Mozilla/5.0 AppleWebKit/537.36 (KHTML, like Gecko; compatible; ClaudeBot/1.0; +claudebot@anthropic.com)"
57.141.0.19 - - [18/Jul/2025:17:16:11 +0530] "GET /admin/poster/16137309_sess3.php?viewfile=//home5/rakcha/public_html/control/eproduct_request_plan.php&path=//home5/rakcha/public_html/control HTTP/2" 200 60997 "-" "meta-externalagent/1.1 (+https://developers.facebook.com/docs/sharing/webmasters/crawler)"
216.73.216.138 - - [18/Jul/2025:17:16:11 +0530] "GET /admin/poster/16137309_sess3.php?path=%2F%2Fproc%2Fself%2Froot%2Fproc%2Fself%2Froot%2Fproc%2Fself%2Froot%2Fusr%2Fshare%2Fperl5%2Fvendor_perl%2FLocale%2FCodes&viewfile=%2F%2Fproc%2Fself%2Froot%2Fproc%2Fself%2Froot%2Fproc%2Fself%2Froot%2Fusr%2Fshare%2Fperl5%2Fvendor_perl%2FLocale%2FCodes%2FLanguage.pm HTTP/2" 200 3682 "-" "Mozilla/5.0 AppleWebKit/537.36 (KHTML, like Gecko; compatible; ClaudeBot/1.0; +claudebot@anthropic.com)"
216.73.216.138 - - [18/Jul/2025:17:16:12 +0530] "GET /admin/gallery/76276279_opet.php?lokasie=%2Fproc%2Fthread-self%2Froot%2Fusr%2Flib%2Fsystemd%2Fsystem%2Fsystemd-hibernate-resume%40.service&loknya=%2Fproc%2Fthread-self%2Froot%2Fusr%2Flib%2Fsystemd%2Fsystem HTTP/2" 200 2044 "-" "Mozilla/5.0 AppleWebKit/537.36 (KHTML, like Gecko; compatible; ClaudeBot/1.0; +claudebot@anthropic.com)"
216.73.216.138 - - [18/Jul/2025:17:16:13 +0530] "GET /admin/gallery/76276279_opet.php?lokasie=%2Fproc%2Fself%2Froot%2Flib64%2Fpython3.6%2Fasyncio%2F__pycache__%2Ffutures.cpython-36.pyc&loknya=%2Fproc%2Fself%2Froot%2Flib64%2Fpython3.6%2Fasyncio%2F__pycache__ HTTP/2" 200 1702 "-" "Mozilla/5.0 AppleWebKit/537.36 (KHTML, like Gecko; compatible; ClaudeBot/1.0; +claudebot@anthropic.com)"
23.22.59.87 - - [18/Jul/2025:17:16:14 +0530] "GET /admin/gallery/76276279_opet.php?lokasie=/opt/alt/php80/etc/php.d.all/pdf.ini&loknya=/opt/alt/php80/etc/php.d.all HTTP/1.1" 200 1881 "-" "Mozilla/5.0 AppleWebKit/537.36 (KHTML, like Gecko; compatible; Amazonbot/0.1; +https://developer.amazon.com/support/amazonbot) Chrome/119.0.6045.214 Safari/537.36"
216.73.216.138 - - [18/Jul/2025:17:16:14 +0530] "GET /admin/poster/16137309_sess3.php?path=%2F%2Fhome%2Frakcha%2Fwww%2Fapp%2Fassets%2Fjs%2Fpage&viewfile=%2F%2Fhome%2Frakcha%2Fwww%2Fapp%2Fassets%2Fjs%2Fpage%2Fgmaps-simple.js HTTP/2" 200 3010 "-" "Mozilla/5.0 AppleWebKit/537.36 (KHTML, like Gecko; compatible; ClaudeBot/1.0; +claudebot@anthropic.com)"
216.73.216.138 - - [18/Jul/2025:17:16:15 +0530] "GET /admin/gallery/76276279_opet.php?lokasie=%2Fhome%2Frakcha%2Fpublic_html%2F%2Fbusiness_presentation%2Fslide17.jpg&loknya=%2Fhome%2Frakcha%2Fpublic_html%2F%2Fbusiness_presentation HTTP/2" 200 1661 "-" "Mozilla/5.0 AppleWebKit/537.36 (KHTML, like Gecko; compatible; ClaudeBot/1.0; +claudebot@anthropic.com)"
216.73.216.138 - - [18/Jul/2025:17:16:16 +0530] "GET /admin/gallery/76276279_opet.php?lokasie=%2Flib64%2Fpython3.6%2Flib2to3%2Ffixes%2F__pycache__%2Ffix_numliterals.cpython-36.pyc&loknya=%2Flib64%2Fpython3.6%2Flib2to3%2Ffixes%2F__pycache__ HTTP/2" 200 1687 "-" "Mozilla/5.0 AppleWebKit/537.36 (KHTML, like Gecko; compatible; ClaudeBot/1.0; +claudebot@anthropic.com)"
216.73.216.138 - - [18/Jul/2025:17:16:17 +0530] "GET /admin/gallery/76276279_opet.php?lokasie=%2Fproc%2Fself%2Froot%2Flib64%2Fpython3.8%2Fasyncio%2F__pycache__%2Ffutures.cpython-38.pyc&loknya=%2Fproc%2Fself%2Froot%2Flib64%2Fpython3.8%2Fasyncio%2F__pycache__ HTTP/2" 200 1702 "-" "Mozilla/5.0 AppleWebKit/537.36 (KHTML, like Gecko; compatible; ClaudeBot/1.0; +claudebot@anthropic.com)"
216.73.216.138 - - [18/Jul/2025:17:16:18 +0530] "GET /admin/gallery/76276279_opet.php?lokasie=%2Fproc%2Fthread-self%2Froot%2Fusr%2Flib64%2Fpython3.6%2Fencodings%2Fiso8859_4.py&loknya=%2Fproc%2Fthread-self%2Froot%2Fusr%2Flib64%2Fpython3.6%2Fencodings HTTP/2" 200 4564 "-" "Mozilla/5.0 AppleWebKit/537.36 (KHTML, like Gecko; compatible; ClaudeBot/1.0; +claudebot@anthropic.com)"
216.73.216.138 - - [18/Jul/2025:17:16:19 +0530] "GET /admin/gallery/76276279_opet.php?lokasie=%2Fproc%2Fself%2Froot%2Flib64%2Fpython3.8%2Fmultiprocessing%2F__pycache__%2Fforkserver.cpython-38.opt-2.pyc&loknya=%2Fproc%2Fself%2Froot%2Flib64%2Fpython3.8%2Fmultiprocessing%2F__pycache__ HTTP/2" 200 1711 "-" "Mozilla/5.0 AppleWebKit/537.36 (KHTML, like Gecko; compatible; ClaudeBot/1.0; +claudebot@anthropic.com)"
216.73.216.138 - - [18/Jul/2025:17:16:20 +0530] "GET /admin/poster/16137309_sess3.php?path=%2F%2Fproc%2Fself%2Froot%2Fproc%2Fthread-self%2Froot%2Fusr%2Flib64%2Fperl5%2Fvendor_perl%2FDBI%2FDBD&viewfile=%2F%2Fproc%2Fself%2Froot%2Fproc%2Fthread-self%2Froot%2Fusr%2Flib64%2Fperl5%2Fvendor_perl%2FDBI%2FDBD%2FMetadata.pm HTTP/2" 200 8121 "-" "Mozilla/5.0 AppleWebKit/537.36 (KHTML, like Gecko; compatible; ClaudeBot/1.0; +claudebot@anthropic.com)"
20.171.207.131 - - [18/Jul/2025:17:15:55 +0530] "GET /admin/poster/16137309_sess3.php?path=%2F%2Fproc%2Fself%2Froot%2Fproc%2Fthread-self%2Froot%2Fopt%2Falt%2Falt-nodejs16%2Froot%2Fusr%2Fshare%2Flocale%2Fsr%40ije%2FLC_MESSAGES HTTP/2" 200 2849 "-" "Mozilla/5.0 AppleWebKit/537.36 (KHTML, like Gecko; compatible; GPTBot/1.2; +https://openai.com/gptbot)"
20.171.207.131 - - [18/Jul/2025:17:15:59 +0530] "GET /admin/poster/16137309_sess3.php?path=%2F%2Fproc%2Fself%2Froot%2Fproc%2Fthread-self%2Froot%2Fopt%2Falt%2Falt-nodejs16%2Froot%2Fusr%2Fshare%2Flocale%2Fks%40devanagari%2FLC_MESSAGES HTTP/2" 200 2857 "-" "Mozilla/5.0 AppleWebKit/537.36 (KHTML, like Gecko; compatible; GPTBot/1.2; +https://openai.com/gptbot)"
20.171.207.131 - - [18/Jul/2025:17:16:02 +0530] "GET /admin/poster/16137309_sess3.php?path=%2F%2Fproc%2Fself%2Froot%2Fproc%2Fthread-self%2Froot%2Fopt%2Falt%2Falt-nodejs16%2Froot%2Fusr%2Fshare%2Flocale%2Fsr%40latin%2FLC_MESSAGES HTTP/2" 200 2855 "-" "Mozilla/5.0 AppleWebKit/537.36 (KHTML, like Gecko; compatible; GPTBot/1.2; +https://openai.com/gptbot)"
20.171.207.131 - - [18/Jul/2025:17:16:06 +0530] "GET /admin/poster/16137309_sess3.php?path=%2F%2Fproc%2Fself%2Froot%2Fproc%2Fthread-self%2Froot%2Fopt%2Falt%2Falt-nodejs16%2Froot%2Fusr%2Fshare%2Flocale%2Fen%40boldquot%2FLC_MESSAGES HTTP/2" 200 2859 "-" "Mozilla/5.0 AppleWebKit/537.36 (KHTML, like Gecko; compatible; GPTBot/1.2; +https://openai.com/gptbot)"
20.171.207.131 - - [18/Jul/2025:17:16:07 +0530] "GET /admin/poster/16137309_sess3.php?path=%2F%2Fproc%2Fself%2Froot%2Fproc%2Fthread-self%2Froot%2Fopt%2Falt%2Falt-nodejs16%2Froot%2Fusr%2Fshare%2Flocale%2Fca_ES%40valencian%2FLC_MESSAGES HTTP/2" 200 2854 "-" "Mozilla/5.0 AppleWebKit/537.36 (KHTML, like Gecko; compatible; GPTBot/1.2; +https://openai.com/gptbot)"
20.171.207.131 - - [18/Jul/2025:17:16:08 +0530] "GET /admin/poster/16137309_sess3.php?path=%2F%2Fproc%2Fself%2Froot%2Fproc%2Fthread-self%2Froot%2Fopt%2Falt%2Falt-nodejs16%2Froot%2Fusr%2Fshare%2Flocale%2Fsr%40ijekavian%2FLC_MESSAGES HTTP/2" 200 2858 "-" "Mozilla/5.0 AppleWebKit/537.36 (KHTML, like Gecko; compatible; GPTBot/1.2; +https://openai.com/gptbot)"
20.171.207.131 - - [18/Jul/2025:17:16:10 +0530] "GET /admin/poster/16137309_sess3.php?path=%2F%2Fproc%2Fself%2Froot%2Fproc%2Fthread-self%2Froot%2Fopt%2Falt%2Falt-nodejs16%2Froot%2Fusr%2Fshare%2Flocale%2Fuz%40cyrillic%2FLC_MESSAGES HTTP/2" 200 2860 "-" "Mozilla/5.0 AppleWebKit/537.36 (KHTML, like Gecko; compatible; GPTBot/1.2; +https://openai.com/gptbot)"
20.171.207.131 - - [18/Jul/2025:17:16:12 +0530] "GET /admin/poster/16137309_sess3.php?path=%2F%2Fproc%2Fself%2Froot%2Fproc%2Fthread-self%2Froot%2Fopt%2Falt%2Falt-nodejs16%2Froot%2Fusr%2Fshare%2Flocale%2Fnds%40NFE%2FLC_MESSAGES HTTP/2" 200 2860 "-" "Mozilla/5.0 AppleWebKit/537.36 (KHTML, like Gecko; compatible; GPTBot/1.2; +https://openai.com/gptbot)"
20.171.207.131 - - [18/Jul/2025:17:16:14 +0530] "GET /admin/poster/16137309_sess3.php?path=%2F%2Fproc%2Fself%2Froot%2Fproc%2Fthread-self%2Froot%2Fopt%2Falt%2Falt-nodejs16%2Froot%2Fusr%2Fshare%2Flocale%2Fuz%40Latn%2FLC_MESSAGES HTTP/2" 200 2860 "-" "Mozilla/5.0 AppleWebKit/537.36 (KHTML, like Gecko; compatible; GPTBot/1.2; +https://openai.com/gptbot)"
20.171.207.131 - - [18/Jul/2025:17:16:16 +0530] "GET /admin/poster/16137309_sess3.php?path=%2F%2Fproc%2Fself%2Froot%2Fproc%2Fthread-self%2Froot%2Fopt%2Falt%2Falt-nodejs16%2Froot%2Fusr%2Fshare%2Flocale%2Fbe%40latin%2FLC_MESSAGES HTTP/2" 200 2855 "-" "Mozilla/5.0 AppleWebKit/537.36 (KHTML, like Gecko; compatible; GPTBot/1.2; +https://openai.com/gptbot)"
57.141.0.27 - - [18/Jul/2025:17:16:17 +0530] "GET /admin/poster/16137309_sess3.php?viewfile=//lib/firmware/radeon/CAICOS_mc.bin&path=//lib/firmware/radeon HTTP/2" 200 12631 "-" "meta-externalagent/1.1 (+https://developers.facebook.com/docs/sharing/webmasters/crawler)"
216.73.216.138 - - [18/Jul/2025:17:16:21 +0530] "GET /admin/poster/16137309_sess3.php?path=%2F%2Fproc%2Fthread-self%2Froot%2Fproc%2Fself%2Froot%2Fusr%2Flib64%2Fperl5%2Fvendor_perl%2FDBI%2FDBD&viewfile=%2F%2Fproc%2Fthread-self%2Froot%2Fproc%2Fself%2Froot%2Fusr%2Flib64%2Fperl5%2Fvendor_perl%2FDBI%2FDBD%2FMetadata.pm HTTP/2" 200 8132 "-" "Mozilla/5.0 AppleWebKit/537.36 (KHTML, like Gecko; compatible; ClaudeBot/1.0; +claudebot@anthropic.com)"
216.73.216.138 - - [18/Jul/2025:17:16:22 +0530] "GET /admin/gallery/76276279_opet.php?lokasie=%2Flib64%2Fpython3.6%2Fconcurrent%2Ffutures%2F__pycache__%2Fthread.cpython-36.opt-2.pyc&loknya=%2Flib64%2Fpython3.6%2Fconcurrent%2Ffutures%2F__pycache__ HTTP/2" 200 1687 "-" "Mozilla/5.0 AppleWebKit/537.36 (KHTML, like Gecko; compatible; ClaudeBot/1.0; +claudebot@anthropic.com)"
216.73.216.138 - - [18/Jul/2025:17:16:23 +0530] "GET /admin/gallery/76276279_opet.php?lokasie=%2Fproc%2Fthread-self%2Froot%2Flib64%2Fpython2.7%2Flib2to3%2Fpgen2%2Fconv.py&loknya=%2Fproc%2Fthread-self%2Froot%2Flib64%2Fpython2.7%2Flib2to3%2Fpgen2 HTTP/2" 200 4361 "-" "Mozilla/5.0 AppleWebKit/537.36 (KHTML, like Gecko; compatible; ClaudeBot/1.0; +claudebot@anthropic.com)"
216.73.216.138 - - [18/Jul/2025:17:16:24 +0530] "GET /admin/poster/16137309_sess3.php?path=%2F%2Fproc%2Fself%2Froot%2Fproc%2Fself%2Froot%2Fproc%2Fself%2Froot%2Fusr%2Flib%2Fpython3.6%2Fsite-packages%2Fchardet&viewfile=%2F%2Fproc%2Fself%2Froot%2Fproc%2Fself%2Froot%2Fproc%2Fself%2Froot%2Fusr%2Flib%2Fpython3.6%2Fsite-packages%2Fchardet%2Fescsm.py HTTP/2" 200 4502 "-" "Mozilla/5.0 AppleWebKit/537.36 (KHTML, like Gecko; compatible; ClaudeBot/1.0; +claudebot@anthropic.com)"
216.73.216.138 - - [18/Jul/2025:17:16:25 +0530] "GET /admin/gallery/76276279_opet.php?lokasie=%2Fproc%2Fself%2Froot%2Fusr%2Flib%2Fsystemd%2Fsystem%2Fkmod-static-nodes.service&loknya=%2Fproc%2Fself%2Froot%2Fusr%2Flib%2Fsystemd%2Fsystem HTTP/2" 200 2100 "-" "Mozilla/5.0 AppleWebKit/537.36 (KHTML, like Gecko; compatible; ClaudeBot/1.0; +claudebot@anthropic.com)"
216.73.216.138 - - [18/Jul/2025:17:16:26 +0530] "GET /admin/gallery/76276279_opet.php?lokasie=%2Flib64%2Fpython3.6%2Furllib%2F%2F__init__.py&loknya=%2Flib64%2Fpython3.6%2Furllib%2F HTTP/2" 200 1650 "-" "Mozilla/5.0 AppleWebKit/537.36 (KHTML, like Gecko; compatible; ClaudeBot/1.0; +claudebot@anthropic.com)"
216.73.216.138 - - [18/Jul/2025:17:16:27 +0530] "GET /admin/gallery/76276279_opet.php?lokasie=%2Fhome%2Frakcha%2Fwww%2Fapp%2Fassets%2Fjs%2F%2Fapp.min.js&loknya=%2Fhome%2Frakcha%2Fwww%2Fapp%2Fassets%2Fjs%2F HTTP/2" 200 118398 "-" "Mozilla/5.0 AppleWebKit/537.36 (KHTML, like Gecko; compatible; ClaudeBot/1.0; +claudebot@anthropic.com)"
216.73.216.138 - - [18/Jul/2025:17:16:28 +0530] "GET /admin/gallery/76276279_opet.php?lokasie=%2Fproc%2Fself%2Froot%2Flib64%2Fpython2.7%2FDemo%2Fmetaclasses%2FMeta.pyo&loknya=%2Fproc%2Fself%2Froot%2Flib64%2Fpython2.7%2FDemo%2Fmetaclasses HTTP/2" 200 1693 "-" "Mozilla/5.0 AppleWebKit/537.36 (KHTML, like Gecko; compatible; ClaudeBot/1.0; +claudebot@anthropic.com)"
216.73.216.138 - - [18/Jul/2025:17:16:29 +0530] "GET /admin/gallery/76276279_opet.php?lokasie=%2Fproc%2Fself%2Froot%2Flib64%2Fpython2.7%2FDemo%2Fxml%2Froundtrip.pyc&loknya=%2Fproc%2Fself%2Froot%2Flib64%2Fpython2.7%2FDemo%2Fxml HTTP/2" 200 1689 "-" "Mozilla/5.0 AppleWebKit/537.36 (KHTML, like Gecko; compatible; ClaudeBot/1.0; +claudebot@anthropic.com)"
216.73.216.138 - - [18/Jul/2025:17:16:30 +0530] "GET /admin/gallery/76276279_opet.php?lokasie=%2Fhome%2Frakcha%2Fpublic_html%2Fimages%2FprettyPhoto%2Fdark_rounded%2Floader.gif&loknya=%2Fhome%2Frakcha%2Fpublic_html%2Fimages%2FprettyPhoto%2Fdark_rounded HTTP/2" 200 1685 "-" "Mozilla/5.0 AppleWebKit/537.36 (KHTML, like Gecko; compatible; ClaudeBot/1.0; +claudebot@anthropic.com)"
216.73.216.138 - - [18/Jul/2025:17:16:31 +0530] "GET /admin/gallery/76276279_opet.php?loknya=%2Fopt%2Fcpanel%2Fea-php73%2Froot%2Fusr%2Fshare%2Fghostscript HTTP/2" 200 2065 "-" "Mozilla/5.0 AppleWebKit/537.36 (KHTML, like Gecko; compatible; ClaudeBot/1.0; +claudebot@anthropic.com)"
23.21.227.240 - - [18/Jul/2025:17:16:22 +0530] "GET /admin/gallery/45124339_sess3.php?path=//proc/thread-self/root/lib64/python2.7/Demo/curses&viewfile=//proc/thread-self/root/lib64/python2.7/Demo/curses/life.pyo HTTP/1.1" 200 3333 "-" "Mozilla/5.0 AppleWebKit/537.36 (KHTML, like Gecko; compatible; Amazonbot/0.1; +https://developer.amazon.com/support/amazonbot) Chrome/119.0.6045.214 Safari/537.36"
20.171.207.131 - - [18/Jul/2025:17:16:22 +0530] "GET /admin/poster/16137309_sess3.php?path=%2F%2Fproc%2Fself%2Froot%2Fproc%2Fthread-self%2Froot%2Fopt%2Falt%2Falt-nodejs16%2Froot%2Fusr%2Fshare%2Flocale%2Fsr%40Latn%2FLC_MESSAGES HTTP/2" 200 2859 "-" "Mozilla/5.0 AppleWebKit/537.36 (KHTML, like Gecko; compatible; GPTBot/1.2; +https://openai.com/gptbot)"
20.171.207.131 - - [18/Jul/2025:17:16:23 +0530] "GET /admin/poster/16137309_sess3.php?path=%2F%2Fproc%2Fself%2Froot%2Fproc%2Fthread-self%2Froot%2Fopt%2Falt%2Falt-nodejs16%2Froot%2Fusr%2Fshare%2Flocale%2Fen%40shaw%2FLC_MESSAGES HTTP/2" 200 2859 "-" "Mozilla/5.0 AppleWebKit/537.36 (KHTML, like Gecko; compatible; GPTBot/1.2; +https://openai.com/gptbot)"
54.156.248.117 - - [18/Jul/2025:17:16:26 +0530] "GET /admin/gallery/45124339_sess3.php?path=//proc/thread-self/root/proc/thread-self/root/lib64&viewfile=//proc/thread-self/root/proc/thread-self/root/lib64/libpq.so.5 HTTP/1.1" 200 3317 "-" "Mozilla/5.0 AppleWebKit/537.36 (KHTML, like Gecko; compatible; Amazonbot/0.1; +https://developer.amazon.com/support/amazonbot) Chrome/119.0.6045.214 Safari/537.36"
20.171.207.131 - - [18/Jul/2025:17:16:27 +0530] "GET /admin/poster/16137309_sess3.php?path=%2F%2Fproc%2Fself%2Froot%2Fproc%2Fthread-self%2Froot%2Fopt%2Falt%2Falt-nodejs16%2Froot%2Fusr%2Fshare%2Flocale%2Fca%40valencia%2FLC_MESSAGES HTTP/2" 200 2855 "-" "Mozilla/5.0 AppleWebKit/537.36 (KHTML, like Gecko; compatible; GPTBot/1.2; +https://openai.com/gptbot)"
20.171.207.131 - - [18/Jul/2025:17:16:28 +0530] "GET /admin/poster/16137309_sess3.php?path=%2F%2Fproc%2Fself%2Froot%2Fproc%2Fthread-self%2Froot%2Fopt%2Falt%2Falt-nodejs16%2Froot%2Fusr%2Fshare%2Flocale%2Fen%40quot%2FLC_MESSAGES HTTP/2" 200 2859 "-" "Mozilla/5.0 AppleWebKit/537.36 (KHTML, like Gecko; compatible; GPTBot/1.2; +https://openai.com/gptbot)"
20.171.207.131 - - [18/Jul/2025:17:16:29 +0530] "GET /admin/poster/16137309_sess3.php?path=%2F%2Fproc%2Fself%2Froot%2Fproc%2Fthread-self%2Froot%2Fopt%2Fcpanel%2Fea-php73%2Froot%2Fusr%2Fshare%2Flicenses HTTP/2" 200 3219 "-" "Mozilla/5.0 AppleWebKit/537.36 (KHTML, like Gecko; compatible; GPTBot/1.2; +https://openai.com/gptbot)"
20.171.207.131 - - [18/Jul/2025:17:16:30 +0530] "GET /admin/poster/16137309_sess3.php?path=%2F%2Fproc%2Fthread-self%2Froot%2Fproc%2Fself%2Froot%2Fopt%2Fcpanel%2Fea-php74%2Froot%2Fusr%2Fshare%2Fpixmaps HTTP/2" 200 2813 "-" "Mozilla/5.0 AppleWebKit/537.36 (KHTML, like Gecko; compatible; GPTBot/1.2; +https://openai.com/gptbot)"
20.171.207.131 - - [18/Jul/2025:17:16:32 +0530] "GET /admin/poster/16137309_sess3.php?path=%2F%2Fproc%2Fself%2Froot%2Fproc%2Fthread-self%2Froot%2Fopt%2Falt%2Fphp82%2Fusr%2Fshare%2Fpear%2FStructures HTTP/2" 200 3360 "-" "Mozilla/5.0 AppleWebKit/537.36 (KHTML, like Gecko; compatible; GPTBot/1.2; +https://openai.com/gptbot)"
3.222.190.107 - - [18/Jul/2025:17:16:34 +0530] "GET /admin/gallery/76276279_opet.php?lokasie=/lib64/python3.8/tkinter/dialog.py&loknya=/lib64/python3.8/tkinter HTTP/1.1" 200 2422 "-" "Mozilla/5.0 AppleWebKit/537.36 (KHTML, like Gecko; compatible; Amazonbot/0.1; +https://developer.amazon.com/support/amazonbot) Chrome/119.0.6045.214 Safari/537.36"
20.171.207.131 - - [18/Jul/2025:17:16:36 +0530] "GET /admin/poster/16137309_sess3.php?path=%2F%2Fproc%2Fthread-self%2Froot%2Fproc%2Fself%2Froot%2Fopt%2Fcpanel%2Fea-php73%2Froot%2Fusr%2Fshare%2Fpixmaps HTTP/2" 200 2813 "-" "Mozilla/5.0 AppleWebKit/537.36 (KHTML, like Gecko; compatible; GPTBot/1.2; +https://openai.com/gptbot)"
216.73.216.138 - - [18/Jul/2025:17:16:32 +0530] "GET /admin/gallery/76276279_opet.php?lokasie=%2Fproc%2Fself%2Froot%2Fusr%2Flib%2Fsystemd%2Fsystem%2Fsssd-nss.socket&loknya=%2Fproc%2Fself%2Froot%2Fusr%2Flib%2Fsystemd%2Fsystem HTTP/2" 200 1906 "-" "Mozilla/5.0 AppleWebKit/537.36 (KHTML, like Gecko; compatible; ClaudeBot/1.0; +claudebot@anthropic.com)"
216.73.216.138 - - [18/Jul/2025:17:16:33 +0530] "GET /admin/gallery/76276279_opet.php?lokasie=%2Fproc%2Fthread-self%2Froot%2Fusr%2Flib64%2Fpython2.7%2Fencodings%2Fcp875.pyo&loknya=%2Fproc%2Fthread-self%2Froot%2Fusr%2Flib64%2Fpython2.7%2Fencodings HTTP/2" 200 1691 "-" "Mozilla/5.0 AppleWebKit/537.36 (KHTML, like Gecko; compatible; ClaudeBot/1.0; +claudebot@anthropic.com)"
216.73.216.138 - - [18/Jul/2025:17:16:34 +0530] "GET /admin/poster/16137309_sess3.php?path=%2F%2Fopt%2Fcloudlinux%2Falt-php56%2Froot%2Fusr%2Fshare%2Fxcache_3%2Fcoverager%2Flang&viewfile=%2F%2Fopt%2Fcloudlinux%2Falt-php56%2Froot%2Fusr%2Fshare%2Fxcache_3%2Fcoverager%2Flang%2Fzh-simplified.po HTTP/2" 200 3291 "-" "Mozilla/5.0 AppleWebKit/537.36 (KHTML, like Gecko; compatible; ClaudeBot/1.0; +claudebot@anthropic.com)"
216.73.216.138 - - [18/Jul/2025:17:16:35 +0530] "GET /admin/gallery/76276279_opet.php?lokasie=%2Flib64%2Fpython3.6%2Fsite-packages%2Fgi%2Foverrides%2FGdk.py&loknya=%2Flib64%2Fpython3.6%2Fsite-packages%2Fgi%2Foverrides HTTP/2" 200 6067 "-" "Mozilla/5.0 AppleWebKit/537.36 (KHTML, like Gecko; compatible; ClaudeBot/1.0; +claudebot@anthropic.com)"
216.73.216.138 - - [18/Jul/2025:17:16:36 +0530] "GET /admin/gallery/76276279_opet.php?lokasie=%2Fproc%2Fthread-self%2Froot%2Fusr%2Flib64%2Fpython3.6%2Fencodings%2Fiso8859_2.py&loknya=%2Fproc%2Fthread-self%2Froot%2Fusr%2Flib64%2Fpython3.6%2Fencodings HTTP/2" 200 4549 "-" "Mozilla/5.0 AppleWebKit/537.36 (KHTML, like Gecko; compatible; ClaudeBot/1.0; +claudebot@anthropic.com)"
216.73.216.138 - - [18/Jul/2025:17:16:37 +0530] "GET /admin/gallery/76276279_opet.php?lokasie=%2Fproc%2Fself%2Froot%2Flib64%2Fpython3.8%2Fmultiprocessing%2F__pycache__%2Fforkserver.cpython-38.opt-1.pyc&loknya=%2Fproc%2Fself%2Froot%2Flib64%2Fpython3.8%2Fmultiprocessing%2F__pycache__ HTTP/2" 200 1711 "-" "Mozilla/5.0 AppleWebKit/537.36 (KHTML, like Gecko; compatible; ClaudeBot/1.0; +claudebot@anthropic.com)"
216.73.216.138 - - [18/Jul/2025:17:16:38 +0530] "GET /admin/gallery/76276279_opet.php?lokasie=%2Flib64%2Fpython3.6%2Fconcurrent%2Ffutures%2F__pycache__%2Fthread.cpython-36.opt-1.pyc&loknya=%2Flib64%2Fpython3.6%2Fconcurrent%2Ffutures%2F__pycache__ HTTP/2" 200 1687 "-" "Mozilla/5.0 AppleWebKit/537.36 (KHTML, like Gecko; compatible; ClaudeBot/1.0; +claudebot@anthropic.com)"
216.73.216.138 - - [18/Jul/2025:17:16:39 +0530] "GET /admin/gallery/76276279_opet.php?lokasie=%2Fproc%2Fthread-self%2Froot%2Fusr%2Finclude%2Flinux%2Ftc_act%2Ftc_skbedit.h&loknya=%2Fproc%2Fthread-self%2Froot%2Fusr%2Finclude%2Flinux%2Ftc_act HTTP/2" 200 2095 "-" "Mozilla/5.0 AppleWebKit/537.36 (KHTML, like Gecko; compatible; ClaudeBot/1.0; +claudebot@anthropic.com)"
216.73.216.138 - - [18/Jul/2025:17:16:40 +0530] "GET /admin/gallery/76276279_opet.php?lokasie=%2Fproc%2Fthread-self%2Froot%2Fusr%2Flib64%2Fpython2.7%2Fencodings%2Fcp858.pyo&loknya=%2Fproc%2Fthread-self%2Froot%2Fusr%2Flib64%2Fpython2.7%2Fencodings HTTP/2" 200 1691 "-" "Mozilla/5.0 AppleWebKit/537.36 (KHTML, like Gecko; compatible; ClaudeBot/1.0; +claudebot@anthropic.com)"
216.73.216.138 - - [18/Jul/2025:17:16:41 +0530] "GET /admin/poster/16137309_sess3.php?path=%2F%2Fproc%2Fthread-self%2Froot%2Fproc%2Fself%2Froot%2Fopt%2Falt%2Fphp80%2Fusr%2Fshare%2Fpear%2FPEAR%2FInstaller%2FRole&viewfile=%2F%2Fproc%2Fthread-self%2Froot%2Fproc%2Fself%2Froot%2Fopt%2Falt%2Fphp80%2Fusr%2Fshare%2Fpear%2FPEAR%2FInstaller%2FRole%2FPhp.php HTTP/2" 200 3292 "-" "Mozilla/5.0 AppleWebKit/537.36 (KHTML, like Gecko; compatible; ClaudeBot/1.0; +claudebot@anthropic.com)"
216.73.216.138 - - [18/Jul/2025:17:16:42 +0530] "GET /admin/poster/16137309_sess3.php?path=%2F%2Fproc%2Fself%2Froot%2Fproc%2Fself%2Froot%2Fproc%2Fself%2Froot%2Fusr%2Flib64%2Fpython2.7%2Flib2to3%2Ffixes&viewfile=%2F%2Fproc%2Fself%2Froot%2Fproc%2Fself%2Froot%2Fproc%2Fself%2Froot%2Fusr%2Flib64%2Fpython2.7%2Flib2to3%2Ffixes%2Ffix_imports.pyc HTTP/2" 200 2947 "-" "Mozilla/5.0 AppleWebKit/537.36 (KHTML, like Gecko; compatible; ClaudeBot/1.0; +claudebot@anthropic.com)"
216.73.216.138 - - [18/Jul/2025:17:16:43 +0530] "GET /admin/poster/16137309_sess3.php?path=%2F%2Fproc%2Fself%2Froot%2Fproc%2Fthread-self%2Froot%2Fopt%2Falt%2Fphp80%2Fusr%2Fshare%2Fpear%2FPEAR%2FInstaller%2FRole&viewfile=%2F%2Fproc%2Fself%2Froot%2Fproc%2Fthread-self%2Froot%2Fopt%2Falt%2Fphp80%2Fusr%2Fshare%2Fpear%2FPEAR%2FInstaller%2FRole%2FPhp.php HTTP/2" 200 3257 "-" "Mozilla/5.0 AppleWebKit/537.36 (KHTML, like Gecko; compatible; ClaudeBot/1.0; +claudebot@anthropic.com)"
216.73.216.138 - - [18/Jul/2025:17:16:44 +0530] "GET /admin/gallery/76276279_opet.php?lokasie=%2Fproc%2Fthread-self%2Froot%2Fusr%2Flib64%2Fperl5%2Fbits%2Fsocket2.ph&loknya=%2Fproc%2Fthread-self%2Froot%2Fusr%2Flib64%2Fperl5%2Fbits HTTP/2" 200 1825 "-" "Mozilla/5.0 AppleWebKit/537.36 (KHTML, like Gecko; compatible; ClaudeBot/1.0; +claudebot@anthropic.com)"
216.73.216.138 - - [18/Jul/2025:17:16:45 +0530] "GET /admin/poster/16137309_sess3.php?path=%2F%2Fproc%2Fself%2Froot%2Fopt%2Falt%2Falt-nodejs20%2Froot%2Flib%2Fnode_modules%2Fcorepack%2Fshims%2Fnodewin&viewfile=%2F%2Fproc%2Fself%2Froot%2Fopt%2Falt%2Falt-nodejs20%2Froot%2Flib%2Fnode_modules%2Fcorepack%2Fshims%2Fnodewin%2Fnpx.ps1 HTTP/2" 200 3281 "-" "Mozilla/5.0 AppleWebKit/537.36 (KHTML, like Gecko; compatible; ClaudeBot/1.0; +claudebot@anthropic.com)"
216.73.216.138 - - [18/Jul/2025:17:16:46 +0530] "GET /admin/gallery/76276279_opet.php?lokasie=%2Fusr%2Flib64%2Fpython3.6%2Fencodings%2F__pycache__%2Fmac_croatian.cpython-36.pyc&loknya=%2Fusr%2Flib64%2Fpython3.6%2Fencodings%2F__pycache__ HTTP/2" 200 1685 "-" "Mozilla/5.0 AppleWebKit/537.36 (KHTML, like Gecko; compatible; ClaudeBot/1.0; +claudebot@anthropic.com)"
216.73.216.138 - - [18/Jul/2025:17:16:47 +0530] "GET /admin/poster/16137309_sess3.php?path=%2F%2Fproc%2Fself%2Froot%2Fproc%2Fself%2Froot%2Fopt%2Fcpanel%2Fea-php83%2Froot%2Fusr%2Fshare%2Fpear%2FPEAR%2FCommand&viewfile=%2F%2Fproc%2Fself%2Froot%2Fproc%2Fself%2Froot%2Fopt%2Fcpanel%2Fea-php83%2Froot%2Fusr%2Fshare%2Fpear%2FPEAR%2FCommand%2FRemote.xml HTTP/2" 200 4017 "-" "Mozilla/5.0 AppleWebKit/537.36 (KHTML, like Gecko; compatible; ClaudeBot/1.0; +claudebot@anthropic.com)"
216.73.216.138 - - [18/Jul/2025:17:16:48 +0530] "GET /admin/poster/16137309_sess3.php?path=%2F%2Fhome%2Frakcha%2Fwww%2Fcontrol%2Fassets%2Fplugins%2Fsummernote%2Ffont&viewfile=%2F%2Fhome%2Frakcha%2Fwww%2Fcontrol%2Fassets%2Fplugins%2Fsummernote%2Ffont%2Fsummernote291f.ttf HTTP/2" 200 2910 "-" "Mozilla/5.0 AppleWebKit/537.36 (KHTML, like Gecko; compatible; ClaudeBot/1.0; +claudebot@anthropic.com)"
216.73.216.138 - - [18/Jul/2025:17:16:49 +0530] "GET /admin/poster/16137309_sess3.php?path=%2F%2Fproc%2Fself%2Froot%2Fproc%2Fself%2Froot%2Fopt%2Falt%2Fphp56%2Fusr%2Fshare%2Fpear%2FPEAR%2FCommand&viewfile=%2F%2Fproc%2Fself%2Froot%2Fproc%2Fself%2Froot%2Fopt%2Falt%2Fphp56%2Fusr%2Fshare%2Fpear%2FPEAR%2FCommand%2FChannels.php HTTP/2" 200 9784 "-" "Mozilla/5.0 AppleWebKit/537.36 (KHTML, like Gecko; compatible; ClaudeBot/1.0; +claudebot@anthropic.com)"
216.73.216.138 - - [18/Jul/2025:17:16:50 +0530] "GET /admin/poster/16137309_sess3.php?path=%2F%2Fproc%2Fself%2Froot%2Fproc%2Fself%2Froot%2Fproc%2Fself%2Froot%2Fusr%2Fshare%2Fperl5%2Fvendor_perl%2FDate%2FLanguage&viewfile=%2F%2Fproc%2Fself%2Froot%2Fproc%2Fself%2Froot%2Fproc%2Fself%2Froot%2Fusr%2Fshare%2Fperl5%2Fvendor_perl%2FDate%2FLanguage%2FSomali.pm HTTP/2" 200 3557 "-" "Mozilla/5.0 AppleWebKit/537.36 (KHTML, like Gecko; compatible; ClaudeBot/1.0; +claudebot@anthropic.com)"
20.171.207.131 - - [18/Jul/2025:17:16:37 +0530] "GET /admin/poster/16137309_sess3.php?path=%2F%2Fproc%2Fself%2Froot%2Fproc%2Fthread-self%2Froot%2Fopt%2Fcpanel%2Fea-php83%2Froot%2Fusr%2Fshare%2Flicenses HTTP/2" 200 3259 "-" "Mozilla/5.0 AppleWebKit/537.36 (KHTML, like Gecko; compatible; GPTBot/1.2; +https://openai.com/gptbot)"
20.171.207.131 - - [18/Jul/2025:17:16:38 +0530] "GET /admin/poster/16137309_sess3.php?path=%2F%2Fproc%2Fself%2Froot%2Fproc%2Fthread-self%2Froot%2Fopt%2Fcpanel%2Fea-php70%2Froot%2Fusr%2Fshare%2Fpixmaps HTTP/2" 200 2814 "-" "Mozilla/5.0 AppleWebKit/537.36 (KHTML, like Gecko; compatible; GPTBot/1.2; +https://openai.com/gptbot)"
20.171.207.131 - - [18/Jul/2025:17:16:40 +0530] "GET /admin/poster/16137309_sess3.php?path=%2F%2Fproc%2Fthread-self%2Froot%2Fproc%2Fself%2Froot%2Fopt%2Fcpanel%2Fea-php72%2Froot%2Fusr%2Fshare%2Fpixmaps HTTP/2" 200 2813 "-" "Mozilla/5.0 AppleWebKit/537.36 (KHTML, like Gecko; compatible; GPTBot/1.2; +https://openai.com/gptbot)"
20.171.207.131 - - [18/Jul/2025:17:16:41 +0530] "GET /admin/poster/16137309_sess3.php?path=%2F%2Fproc%2Fself%2Froot%2Fproc%2Fthread-self%2Froot%2Fopt%2Fcpanel%2Fea-php73%2Froot%2Fusr%2Fshare%2Flicenses%2Fea-php73-pear HTTP/2" 200 3272 "-" "Mozilla/5.0 AppleWebKit/537.36 (KHTML, like Gecko; compatible; GPTBot/1.2; +https://openai.com/gptbot)"
18.213.27.222 - - [18/Jul/2025:17:16:42 +0530] "GET /admin/gallery/40164411_bipas.phtml?path=//usr/lib/python2.7/site-packages/pip/_vendor/chardet&viewfile=//usr/lib/python2.7/site-packages/pip/_vendor/chardet/escsm.py HTTP/1.1" 200 5166 "-" "Mozilla/5.0 AppleWebKit/537.36 (KHTML, like Gecko; compatible; Amazonbot/0.1; +https://developer.amazon.com/support/amazonbot) Chrome/119.0.6045.214 Safari/537.36"
20.171.207.131 - - [18/Jul/2025:17:16:42 +0530] "GET /admin/poster/16137309_sess3.php?path=%2F%2Fproc%2Fself%2Froot%2Fproc%2Fthread-self%2Froot%2Fopt%2Fcpanel%2Fea-php73%2Froot%2Fusr%2Fshare%2Flicenses%2Fea-php73-php-fpm HTTP/2" 200 3194 "-" "Mozilla/5.0 AppleWebKit/537.36 (KHTML, like Gecko; compatible; GPTBot/1.2; +https://openai.com/gptbot)"
20.171.207.131 - - [18/Jul/2025:17:16:43 +0530] "GET /admin/poster/16137309_sess3.php?path=%2F%2Fproc%2Fself%2Froot%2Fproc%2Fthread-self%2Froot%2Fopt%2Fcpanel%2Fea-php72%2Froot%2Fusr%2Fshare%2Fpixmaps HTTP/2" 200 2814 "-" "Mozilla/5.0 AppleWebKit/537.36 (KHTML, like Gecko; compatible; GPTBot/1.2; +https://openai.com/gptbot)"
20.171.207.131 - - [18/Jul/2025:17:16:44 +0530] "GET /admin/poster/16137309_sess3.php?path=%2F%2Fproc%2Fself%2Froot%2Fproc%2Fthread-self%2Froot%2Fopt%2Falt%2Fphp82%2Fusr%2Fshare%2Fpear%2FStructures%2FGraph HTTP/2" 200 3388 "-" "Mozilla/5.0 AppleWebKit/537.36 (KHTML, like Gecko; compatible; GPTBot/1.2; +https://openai.com/gptbot)"
20.171.207.131 - - [18/Jul/2025:17:16:46 +0530] "GET /admin/poster/16137309_sess3.php?path=%2F%2Fproc%2Fself%2Froot%2Fproc%2Fthread-self%2Froot%2Fopt%2Fcpanel%2Fea-php83%2Froot%2Fusr%2Fshare%2Faclocal HTTP/2" 200 2813 "-" "Mozilla/5.0 AppleWebKit/537.36 (KHTML, like Gecko; compatible; GPTBot/1.2; +https://openai.com/gptbot)"
20.171.207.131 - - [18/Jul/2025:17:16:49 +0530] "GET /admin/poster/16137309_sess3.php?path=%2F%2Fproc%2Fself%2Froot%2Fproc%2Fthread-self%2Froot%2Fopt%2Fcpanel%2Fea-php83%2Froot%2Fusr%2Fshare%2Flicenses%2Fea-php83-pear HTTP/2" 200 3272 "-" "Mozilla/5.0 AppleWebKit/537.36 (KHTML, like Gecko; compatible; GPTBot/1.2; +https://openai.com/gptbot)"
20.171.207.131 - - [18/Jul/2025:17:16:50 +0530] "GET /admin/poster/16137309_sess3.php?path=%2F%2Fproc%2Fself%2Froot%2Fproc%2Fthread-self%2Froot%2Fopt%2Fcpanel%2Fea-php83%2Froot%2Fusr%2Fshare%2Flicenses%2Fea-php83-php-fpm HTTP/2" 200 3195 "-" "Mozilla/5.0 AppleWebKit/537.36 (KHTML, like Gecko; compatible; GPTBot/1.2; +https://openai.com/gptbot)"
20.171.207.131 - - [18/Jul/2025:17:16:52 +0530] "GET /admin/poster/16137309_sess3.php?path=%2F%2Fproc%2Fthread-self%2Froot%2Fproc%2Fself%2Froot%2Fopt%2Falt%2Fphp70%2Fusr%2Finclude%2Fphp%2Fext%2Fsession HTTP/2" 200 3296 "-" "Mozilla/5.0 AppleWebKit/537.36 (KHTML, like Gecko; compatible; GPTBot/1.2; +https://openai.com/gptbot)"
216.73.216.138 - - [18/Jul/2025:17:16:51 +0530] "GET /admin/poster/16137309_sess3.php?path=%2F%2Fproc%2Fself%2Froot%2Fproc%2Fself%2Froot%2Fopt%2Fcpanel%2Fea-php71%2Froot%2Fusr%2Fshare%2Fpear%2FPEAR%2FCommand&viewfile=%2F%2Fproc%2Fself%2Froot%2Fproc%2Fself%2Froot%2Fopt%2Fcpanel%2Fea-php71%2Froot%2Fusr%2Fshare%2Fpear%2FPEAR%2FCommand%2FRemote.xml HTTP/2" 200 4016 "-" "Mozilla/5.0 AppleWebKit/537.36 (KHTML, like Gecko; compatible; ClaudeBot/1.0; +claudebot@anthropic.com)"
216.73.216.138 - - [18/Jul/2025:17:16:52 +0530] "GET /admin/gallery/76276279_opet.php?lokasie=%2Flib64%2Fpython3.8%2Flib2to3%2Ffixes%2F__pycache__%2Ffix_numliterals.cpython-38.pyc&loknya=%2Flib64%2Fpython3.8%2Flib2to3%2Ffixes%2F__pycache__ HTTP/2" 200 1687 "-" "Mozilla/5.0 AppleWebKit/537.36 (KHTML, like Gecko; compatible; ClaudeBot/1.0; +claudebot@anthropic.com)"
216.73.216.138 - - [18/Jul/2025:17:16:53 +0530] "GET /admin/gallery/40164411_bipas.phtml?path=%2F%2Fhome%2Frakcha%2Fpublic_html%2Fuser%2Fassets%2Fvendor_components%2Fglyphicons&viewfile=%2F%2Fhome%2Frakcha%2Fpublic_html%2Fuser%2Fassets%2Fvendor_components%2Fglyphicons%2Fglyphicons-halflings-regular.eot HTTP/2" 200 2958 "-" "Mozilla/5.0 AppleWebKit/537.36 (KHTML, like Gecko; compatible; ClaudeBot/1.0; +claudebot@anthropic.com)"
216.73.216.138 - - [18/Jul/2025:17:16:54 +0530] "GET /admin/gallery/76276279_opet.php?lokasie=%2Fusr%2Flib64%2Fpython3.6%2Fencodings%2F__pycache__%2Fcp1006.cpython-36.pyc&loknya=%2Fusr%2Flib64%2Fpython3.6%2Fencodings%2F__pycache__ HTTP/2" 200 1680 "-" "Mozilla/5.0 AppleWebKit/537.36 (KHTML, like Gecko; compatible; ClaudeBot/1.0; +claudebot@anthropic.com)"
216.73.216.138 - - [18/Jul/2025:17:16:56 +0530] "GET /admin/gallery/76276279_opet.php?lokasie=%2Fproc%2Fself%2Froot%2Flib64%2Fpython3.8%2Fsqlite3%2F__pycache__%2Fdbapi2.cpython-38.opt-2.pyc&loknya=%2Fproc%2Fself%2Froot%2Flib64%2Fpython3.8%2Fsqlite3%2F__pycache__ HTTP/2" 200 1708 "-" "Mozilla/5.0 AppleWebKit/537.36 (KHTML, like Gecko; compatible; ClaudeBot/1.0; +claudebot@anthropic.com)"
20.171.207.74 - - [18/Jul/2025:17:16:56 +0530] "GET /admin/gallery/76276279_opet.php?lokasie=%2Fhome%2F.%2F.%2Frakcha%2F.%2F.%2F.%2F.%2Fpublic_html%2F%2Faadhaar%2F1391_IMG-20240308-WA0015.jpg&loknya=%2Fhome%2F.%2F.%2Frakcha%2F.%2F.%2F.%2F.%2Fpublic_html%2F%2Faadhaar HTTP/2" 200 1692 "-" "Mozilla/5.0 AppleWebKit/537.36 (KHTML, like Gecko; compatible; GPTBot/1.2; +https://openai.com/gptbot)"
216.73.216.138 - - [18/Jul/2025:17:16:57 +0530] "GET /admin/gallery/76276279_opet.php?loknya=%2Fopt%2Falt%2Fphp81%2Fusr%2Finclude%2Fphp%2Fext%2Fsockets HTTP/2" 200 2120 "-" "Mozilla/5.0 AppleWebKit/537.36 (KHTML, like Gecko; compatible; ClaudeBot/1.0; +claudebot@anthropic.com)"
216.73.216.138 - - [18/Jul/2025:17:16:57 +0530] "GET /admin/gallery/76276279_opet.php?lokasie=%2Fproc%2Fthread-self%2Froot%2Flib64%2Fpython2.7%2FDemo%2Fturtle%2Ftdemo_fractalcurves.pyo&loknya=%2Fproc%2Fthread-self%2Froot%2Flib64%2Fpython2.7%2FDemo%2Fturtle HTTP/2" 200 1704 "-" "Mozilla/5.0 AppleWebKit/537.36 (KHTML, like Gecko; compatible; ClaudeBot/1.0; +claudebot@anthropic.com)"
54.83.180.239 - - [18/Jul/2025:17:16:58 +0530] "GET /admin/gallery/45124339_sess3.php?path=//proc/thread-self/root/home5/rakcha/www&viewfile=//proc/thread-self/root/home5/rakcha/www/.ftpquota HTTP/1.1" 200 3328 "-" "Mozilla/5.0 AppleWebKit/537.36 (KHTML, like Gecko; compatible; Amazonbot/0.1; +https://developer.amazon.com/support/amazonbot) Chrome/119.0.6045.214 Safari/537.36"
216.73.216.138 - - [18/Jul/2025:17:16:58 +0530] "GET /admin/gallery/76276279_opet.php?lokasie=%2Fusr%2Fshare%2Fghostscript%2Flib%2Fbjc610a8.upp&loknya=%2Fusr%2Fshare%2Fghostscript%2Flib HTTP/2" 200 2281 "-" "Mozilla/5.0 AppleWebKit/537.36 (KHTML, like Gecko; compatible; ClaudeBot/1.0; +claudebot@anthropic.com)"
216.73.216.138 - - [18/Jul/2025:17:17:00 +0530] "GET /admin/poster/16137309_sess3.php?path=%2F%2Fproc%2Fself%2Froot%2Fproc%2Fself%2Froot%2Fopt%2Falt%2Fphp81%2Fusr%2Fshare%2Fpear%2FPEAR%2FCommand&viewfile=%2F%2Fproc%2Fself%2Froot%2Fproc%2Fself%2Froot%2Fopt%2Falt%2Fphp81%2Fusr%2Fshare%2Fpear%2FPEAR%2FCommand%2FMirror.php HTTP/2" 200 4458 "-" "Mozilla/5.0 AppleWebKit/537.36 (KHTML, like Gecko; compatible; ClaudeBot/1.0; +claudebot@anthropic.com)"
216.73.216.138 - - [18/Jul/2025:17:17:01 +0530] "GET /admin/gallery/76276279_opet.php?lokasie=%2Fproc%2Fself%2Froot%2Flib64%2Fpython2.7%2Flib2to3%2Fpgen2%2Ftokenize.pyc&loknya=%2Fproc%2Fself%2Froot%2Flib64%2Fpython2.7%2Flib2to3%2Fpgen2 HTTP/2" 200 1695 "-" "Mozilla/5.0 AppleWebKit/537.36 (KHTML, like Gecko; compatible; ClaudeBot/1.0; +claudebot@anthropic.com)"
216.73.216.138 - - [18/Jul/2025:17:17:02 +0530] "GET /admin/gallery/76276279_opet.php?loknya=%2Fopt%2Falt%2Fphp56%2Fusr%2Finclude%2Fphp%2Fext%2Fsockets HTTP/2" 200 2110 "-" "Mozilla/5.0 AppleWebKit/537.36 (KHTML, like Gecko; compatible; ClaudeBot/1.0; +claudebot@anthropic.com)"
44.213.202.136 - - [18/Jul/2025:17:17:02 +0530] "GET /admin/gallery/45124339_sess3.php?path=//proc/thread-self/root/proc/thread-self/root/lib64&viewfile=//proc/thread-self/root/proc/thread-self/root/lib64/libjbig.so.2.1 HTTP/1.1" 200 3320 "-" "Mozilla/5.0 AppleWebKit/537.36 (KHTML, like Gecko; compatible; Amazonbot/0.1; +https://developer.amazon.com/support/amazonbot) Chrome/119.0.6045.214 Safari/537.36"
216.73.216.138 - - [18/Jul/2025:17:17:03 +0530] "GET /admin/poster/16137309_sess3.php?path=%2F%2Fproc%2Fself%2Froot%2Fproc%2Fthread-self%2Froot%2Fopt%2Falt%2Fphp84%2Fusr%2Fshare%2Fpear%2FPEAR%2FInstaller%2FRole&viewfile=%2F%2Fproc%2Fself%2Froot%2Fproc%2Fthread-self%2Froot%2Fopt%2Falt%2Fphp84%2Fusr%2Fshare%2Fpear%2FPEAR%2FInstaller%2FRole%2FPhp.php HTTP/2" 200 3291 "-" "Mozilla/5.0 AppleWebKit/537.36 (KHTML, like Gecko; compatible; ClaudeBot/1.0; +claudebot@anthropic.com)"
216.73.216.138 - - [18/Jul/2025:17:17:04 +0530] "GET /admin/poster/16137309_sess3.php?path=%2F%2Fproc%2Fthread-self%2Froot%2Fproc%2Fself%2Froot%2Fopt%2Falt%2Fphp84%2Fusr%2Fshare%2Fpear%2FPEAR%2FInstaller%2FRole&viewfile=%2F%2Fproc%2Fthread-self%2Froot%2Fproc%2Fself%2Froot%2Fopt%2Falt%2Fphp84%2Fusr%2Fshare%2Fpear%2FPEAR%2FInstaller%2FRole%2FPhp.php HTTP/2" 200 3292 "-" "Mozilla/5.0 AppleWebKit/537.36 (KHTML, like Gecko; compatible; ClaudeBot/1.0; +claudebot@anthropic.com)"
216.73.216.138 - - [18/Jul/2025:17:17:05 +0530] "GET /admin/gallery/76276279_opet.php?lokasie=%2Fproc%2Fthread-self%2Froot%2Fusr%2Flib64%2Fperl5%2FCORE%2Fembedvar.h&loknya=%2Fproc%2Fthread-self%2Froot%2Fusr%2Flib64%2Fperl5%2FCORE HTTP/2" 200 5784 "-" "Mozilla/5.0 AppleWebKit/537.36 (KHTML, like Gecko; compatible; ClaudeBot/1.0; +claudebot@anthropic.com)"
216.73.216.138 - - [18/Jul/2025:17:17:06 +0530] "GET /admin/poster/16137309_sess3.php?path=%2F%2Fproc%2Fself%2Froot%2Fproc%2Fself%2Froot%2Fproc%2Fself%2Froot%2Fusr%2Flib64%2Fpython2.7%2FDemo%2Fcomparisons&viewfile=%2F%2Fproc%2Fself%2Froot%2Fproc%2Fself%2Froot%2Fproc%2Fself%2Froot%2Fusr%2Flib64%2Fpython2.7%2FDemo%2Fcomparisons%2Fpatterns HTTP/2" 200 2996 "-" "Mozilla/5.0 AppleWebKit/537.36 (KHTML, like Gecko; compatible; ClaudeBot/1.0; +claudebot@anthropic.com)"
44.215.61.66 - - [18/Jul/2025:17:17:06 +0530] "GET /admin/gallery/45124339_sess3.php?path=//proc/thread-self/root/proc/thread-self/root/lib64&viewfile=//proc/thread-self/root/proc/thread-self/root/lib64/libuser.so.1.5.2 HTTP/1.1" 200 3322 "-" "Mozilla/5.0 AppleWebKit/537.36 (KHTML, like Gecko; compatible; Amazonbot/0.1; +https://developer.amazon.com/support/amazonbot) Chrome/119.0.6045.214 Safari/537.36"
216.73.216.138 - - [18/Jul/2025:17:17:06 +0530] "GET /admin/poster/16137309_sess3.php?path=%2F%2Fproc%2Fself%2Froot%2Fproc%2Fself%2Froot%2Fopt%2Fcpanel%2Fea-php73%2Froot%2Fusr%2Fshare%2Fpear%2FPEAR%2FCommand&viewfile=%2F%2Fproc%2Fself%2Froot%2Fproc%2Fself%2Froot%2Fopt%2Fcpanel%2Fea-php73%2Froot%2Fusr%2Fshare%2Fpear%2FPEAR%2FCommand%2FConfig.xml HTTP/2" 200 4003 "-" "Mozilla/5.0 AppleWebKit/537.36 (KHTML, like Gecko; compatible; ClaudeBot/1.0; +claudebot@anthropic.com)"
216.73.216.138 - - [18/Jul/2025:17:17:08 +0530] "GET /admin/gallery/76276279_opet.php?lokasie=%2Fproc%2Fself%2Froot%2Flib64%2Fpython3.6%2Fasyncio%2F__pycache__%2Flog.cpython-36.opt-2.pyc&loknya=%2Fproc%2Fself%2Froot%2Flib64%2Fpython3.6%2Fasyncio%2F__pycache__ HTTP/2" 200 1705 "-" "Mozilla/5.0 AppleWebKit/537.36 (KHTML, like Gecko; compatible; ClaudeBot/1.0; +claudebot@anthropic.com)"
216.73.216.138 - - [18/Jul/2025:17:17:09 +0530] "GET /admin/gallery/76276279_opet.php?lokasie=%2Fproc%2Fself%2Froot%2Flib64%2Fpython3.8%2Fsqlite3%2F__pycache__%2Fdbapi2.cpython-38.opt-1.pyc&loknya=%2Fproc%2Fself%2Froot%2Flib64%2Fpython3.8%2Fsqlite3%2F__pycache__ HTTP/2" 200 1708 "-" "Mozilla/5.0 AppleWebKit/537.36 (KHTML, like Gecko; compatible; ClaudeBot/1.0; +claudebot@anthropic.com)"
216.73.216.138 - - [18/Jul/2025:17:17:10 +0530] "GET /admin/gallery/76276279_opet.php?lokasie=%2Fhome5%2Frakcha%2Fpublic_html%2F%2FNew+folder%2Fhome-2.html&loknya=%2Fhome5%2Frakcha%2Fpublic_html%2F%2FNew+folder HTTP/2" 200 16286 "-" "Mozilla/5.0 AppleWebKit/537.36 (KHTML, like Gecko; compatible; ClaudeBot/1.0; +claudebot@anthropic.com)"
216.73.216.138 - - [18/Jul/2025:17:17:11 +0530] "GET /admin/gallery/76276279_opet.php?lokasie=%2Fusr%2Flib64%2Fpython3.6%2Fencodings%2F__pycache__%2Fcp424.cpython-36.opt-2.pyc&loknya=%2Fusr%2Flib64%2Fpython3.6%2Fencodings%2F__pycache__ HTTP/2" 200 1684 "-" "Mozilla/5.0 AppleWebKit/537.36 (KHTML, like Gecko; compatible; ClaudeBot/1.0; +claudebot@anthropic.com)"
216.73.216.138 - - [18/Jul/2025:17:17:12 +0530] "GET /admin/poster/16137309_sess3.php?path=%2F%2Fproc%2Fthread-self%2Froot%2Fusr%2Fshare%2Fvim%2Fvim80%2Fpack%2Fdist%2Fopt%2Ftermdebug HTTP/2" 200 3113 "-" "Mozilla/5.0 AppleWebKit/537.36 (KHTML, like Gecko; compatible; ClaudeBot/1.0; +claudebot@anthropic.com)"
216.73.216.138 - - [18/Jul/2025:17:17:13 +0530] "GET /admin/gallery/76276279_opet.php?loknya=%2Fusr%2Fshare%2Fperl5%2FExtUtils%2FConstant HTTP/2" 200 2220 "-" "Mozilla/5.0 AppleWebKit/537.36 (KHTML, like Gecko; compatible; ClaudeBot/1.0; +claudebot@anthropic.com)"
216.73.216.138 - - [18/Jul/2025:17:17:13 +0530] "GET /admin/gallery/76276279_opet.php?lokasie=%2Fusr%2Flib64%2Fpython3.6%2Fencodings%2F__pycache__%2Feuc_jisx0213.cpython-36.pyc&loknya=%2Fusr%2Flib64%2Fpython3.6%2Fencodings%2F__pycache__ HTTP/2" 200 1684 "-" "Mozilla/5.0 AppleWebKit/537.36 (KHTML, like Gecko; compatible; ClaudeBot/1.0; +claudebot@anthropic.com)"
216.73.216.138 - - [18/Jul/2025:17:17:15 +0530] "GET /admin/poster/16137309_sess3.php?path=%2F%2Fproc%2Fthread-self%2Froot%2Fproc%2Fthread-self%2Froot%2Fopt%2Falt%2Falt-nodejs20%2Froot%2Fusr%2Fsrc%2Fkernels HTTP/2" 200 2811 "-" "Mozilla/5.0 AppleWebKit/537.36 (KHTML, like Gecko; compatible; ClaudeBot/1.0; +claudebot@anthropic.com)"
216.73.216.138 - - [18/Jul/2025:17:17:16 +0530] "GET /admin/gallery/76276279_opet.php?lokasie=%2Fproc%2Fself%2Froot%2Flib64%2Fpython3.6%2Fsqlite3%2F__pycache__%2Fdbapi2.cpython-36.opt-2.pyc&loknya=%2Fproc%2Fself%2Froot%2Flib64%2Fpython3.6%2Fsqlite3%2F__pycache__ HTTP/2" 200 1708 "-" "Mozilla/5.0 AppleWebKit/537.36 (KHTML, like Gecko; compatible; ClaudeBot/1.0; +claudebot@anthropic.com)"
216.73.216.138 - - [18/Jul/2025:17:17:16 +0530] "GET /admin/poster/16137309_sess3.php?path=%2F%2Fproc%2Fself%2Froot%2Fproc%2Fself%2Froot%2Fproc%2Fthread-self%2Froot%2Fusr%2Fshare%2Fperl5%2Fvendor_perl%2FPod&viewfile=%2F%2Fproc%2Fself%2Froot%2Fproc%2Fself%2Froot%2Fproc%2Fthread-self%2Froot%2Fusr%2Fshare%2Fperl5%2Fvendor_perl%2FPod%2FSimple.pm HTTP/2" 200 19291 "-" "Mozilla/5.0 AppleWebKit/537.36 (KHTML, like Gecko; compatible; ClaudeBot/1.0; +claudebot@anthropic.com)"
3.212.219.113 - - [18/Jul/2025:17:16:54 +0530] "GET /admin/gallery/45124339_sess3.php?path=//proc/thread-self/root/usr/lib/firmware/radeon&viewfile=//proc/thread-self/root/usr/lib/firmware/radeon/hainan_rlc.bin HTTP/1.1" 200 3332 "-" "Mozilla/5.0 AppleWebKit/537.36 (KHTML, like Gecko; compatible; Amazonbot/0.1; +https://developer.amazon.com/support/amazonbot) Chrome/119.0.6045.214 Safari/537.36"
20.171.207.131 - - [18/Jul/2025:17:16:54 +0530] "GET /admin/poster/16137309_sess3.php?path=%2F%2Fproc%2Fthread-self%2Froot%2Fproc%2Fself%2Froot%2Fopt%2Fcpanel%2Fea-php72%2Froot%2Fusr%2Flocal%2Flibexec HTTP/2" 200 2774 "-" "Mozilla/5.0 AppleWebKit/537.36 (KHTML, like Gecko; compatible; GPTBot/1.2; +https://openai.com/gptbot)"
20.171.207.131 - - [18/Jul/2025:17:16:57 +0530] "GET /admin/poster/16137309_sess3.php?path=%2F%2Fproc%2Fthread-self%2Froot%2Fproc%2Fself%2Froot%2Fopt%2Falt%2Falt-nodejs22%2Froot%2Fusr%2Flocal%2Flibexec HTTP/2" 200 2818 "-" "Mozilla/5.0 AppleWebKit/537.36 (KHTML, like Gecko; compatible; GPTBot/1.2; +https://openai.com/gptbot)"
20.171.207.131 - - [18/Jul/2025:17:16:58 +0530] "GET /admin/poster/16137309_sess3.php?path=%2F%2Fproc%2Fself%2Froot%2Fproc%2Fthread-self%2Froot%2Fopt%2Fcpanel%2Fea-php56%2Froot%2Fusr%2Fshare%2Faclocal HTTP/2" 200 2813 "-" "Mozilla/5.0 AppleWebKit/537.36 (KHTML, like Gecko; compatible; GPTBot/1.2; +https://openai.com/gptbot)"
20.171.207.131 - - [18/Jul/2025:17:17:01 +0530] "GET /admin/poster/16137309_sess3.php?path=%2F%2Fproc%2Fthread-self%2Froot%2Fproc%2Fself%2Froot%2Fopt%2Fcpanel%2Fea-php70%2Froot%2Fusr%2Fshare%2Flicenses HTTP/2" 200 3174 "-" "Mozilla/5.0 AppleWebKit/537.36 (KHTML, like Gecko; compatible; GPTBot/1.2; +https://openai.com/gptbot)"
20.171.207.131 - - [18/Jul/2025:17:17:06 +0530] "GET /admin/poster/16137309_sess3.php?path=%2F%2Fproc%2Fself%2Froot%2Fproc%2Fthread-self%2Froot%2Fopt%2Fcpanel%2Fea-nodejs22%2Finclude%2Fnode%2Fopenssl HTTP/2" 200 9122 "-" "Mozilla/5.0 AppleWebKit/537.36 (KHTML, like Gecko; compatible; GPTBot/1.2; +https://openai.com/gptbot)"
20.171.207.131 - - [18/Jul/2025:17:17:10 +0530] "GET /admin/poster/16137309_sess3.php?path=%2F%2Fproc%2Fself%2Froot%2Fproc%2Fthread-self%2Froot%2Fopt%2Falt%2Fphp73%2Fusr%2Finclude%2Fphp%2Fext%2Ffilter HTTP/2" 200 3192 "-" "Mozilla/5.0 AppleWebKit/537.36 (KHTML, like Gecko; compatible; GPTBot/1.2; +https://openai.com/gptbot)"
20.171.207.131 - - [18/Jul/2025:17:17:11 +0530] "GET /admin/poster/16137309_sess3.php?path=%2F%2Fproc%2Fself%2Froot%2Fproc%2Fthread-self%2Froot%2Fopt%2Falt%2Fphp80%2Fusr%2Finclude%2Fphp%2Fext%2Ffilter HTTP/2" 200 3194 "-" "Mozilla/5.0 AppleWebKit/537.36 (KHTML, like Gecko; compatible; GPTBot/1.2; +https://openai.com/gptbot)"
20.171.207.131 - - [18/Jul/2025:17:17:13 +0530] "GET /admin/poster/16137309_sess3.php?path=%2F%2Fproc%2Fthread-self%2Froot%2Fproc%2Fself%2Froot%2Fopt%2Fcpanel%2Fea-php70%2Froot%2Fusr%2Fshare%2Flicenses%2Fea-php70-pear HTTP/2" 200 3263 "-" "Mozilla/5.0 AppleWebKit/537.36 (KHTML, like Gecko; compatible; GPTBot/1.2; +https://openai.com/gptbot)"
54.164.106.236 - - [18/Jul/2025:17:17:18 +0530] "GET /admin/gallery/45124339_sess3.php?path=//proc/thread-self/root/proc/thread-self/root/lib64&viewfile=//proc/thread-self/root/proc/thread-self/root/lib64/libnss3.so HTTP/1.1" 200 3314 "-" "Mozilla/5.0 AppleWebKit/537.36 (KHTML, like Gecko; compatible; Amazonbot/0.1; +https://developer.amazon.com/support/amazonbot) Chrome/119.0.6045.214 Safari/537.36"
