20.171.207.131 - - [18/Jul/2025:17:01:04 +0530] "GET /admin/poster/16137309_sess3.php?path=%2F%2Fproc%2Fself%2Froot%2Fproc%2Fthread-self%2Froot%2Fopt%2Falt%2Falt-nodejs16%2Froot%2Fusr%2Fshare%2Flocale%2Flam HTTP/2" 200 3121 "-" "Mozilla/5.0 AppleWebKit/537.36 (KHTML, like Gecko; compatible; GPTBot/1.2; +https://openai.com/gptbot)"
216.73.216.138 - - [18/Jul/2025:17:01:04 +0530] "GET /admin/gallery/76276279_opet.php?lokasie=%2Fhome%2Frakcha%2Fpublic_html%2Fuser%2Fassets%2Fvendor_components%2Fglyphicons%2Fglyphicons-halflings-regular.ttf&loknya=%2Fhome%2Frakcha%2Fpublic_html%2Fuser%2Fassets%2Fvendor_components%2Fglyphicons HTTP/2" 200 1713 "-" "Mozilla/5.0 AppleWebKit/537.36 (KHTML, like Gecko; compatible; ClaudeBot/1.0; +claudebot@anthropic.com)"
20.171.207.131 - - [18/Jul/2025:17:01:05 +0530] "GET /admin/poster/16137309_sess3.php?path=%2F%2Fproc%2Fself%2Froot%2Fproc%2Fthread-self%2Froot%2Fopt%2Falt%2Falt-nodejs16%2Froot%2Fusr%2Fshare%2Flocale%2Flad%2FLC_MESSAGES HTTP/2" 200 2851 "-" "Mozilla/5.0 AppleWebKit/537.36 (KHTML, like Gecko; compatible; GPTBot/1.2; +https://openai.com/gptbot)"
216.73.216.138 - - [18/Jul/2025:17:01:05 +0530] "GET /admin/poster/16137309_sess3.php?path=%2F%2Fproc%2Fself%2Froot%2Fproc%2Fthread-self%2Froot%2Fopt%2Fcpanel%2Fea-php80%2Froot%2Fusr%2Finclude%2Fphp%2Fext%2Fgd%2Flibgd HTTP/2" 200 3647 "-" "Mozilla/5.0 AppleWebKit/537.36 (KHTML, like Gecko; compatible; ClaudeBot/1.0; +claudebot@anthropic.com)"
216.73.216.138 - - [18/Jul/2025:17:01:06 +0530] "GET /admin/poster/16137309_sess3.php?path=%2F%2Fproc%2Fthread-self%2Froot%2Fproc%2Fself%2Froot%2Fopt%2Fcpanel%2Fea-php80%2Froot%2Fusr%2Finclude%2Fphp%2Fext%2Fgd%2Flibgd HTTP/2" 200 3660 "-" "Mozilla/5.0 AppleWebKit/537.36 (KHTML, like Gecko; compatible; ClaudeBot/1.0; +claudebot@anthropic.com)"
20.171.207.131 - - [18/Jul/2025:17:01:07 +0530] "GET /admin/poster/16137309_sess3.php?path=%2F%2Fproc%2Fself%2Froot%2Fproc%2Fthread-self%2Froot%2Fopt%2Falt%2Falt-nodejs16%2Froot%2Fusr%2Fshare%2Flocale%2Fgez%2FLC_MESSAGES HTTP/2" 200 2852 "-" "Mozilla/5.0 AppleWebKit/537.36 (KHTML, like Gecko; compatible; GPTBot/1.2; +https://openai.com/gptbot)"
216.73.216.138 - - [18/Jul/2025:17:01:07 +0530] "GET /admin/gallery/76276279_opet.php?loknya=%2Fopt%2Falt%2Fphp56%2Fusr%2Fshare%2Fpear%2FPEAR%2FChannelFile HTTP/2" 200 2133 "-" "Mozilla/5.0 AppleWebKit/537.36 (KHTML, like Gecko; compatible; ClaudeBot/1.0; +claudebot@anthropic.com)"
23.88.105.37 - - [18/Jul/2025:17:00:13 +0530] "GET /user/get_personal_pv.php HTTP/1.1" 200 0 "-" "Mozilla/4.0 (compatible; cron-job.org; http://cron-job.org/abuse/)"
216.73.216.138 - - [18/Jul/2025:17:01:08 +0530] "GET /admin/gallery/76276279_opet.php?lokasie=%2Fusr%2Flib64%2Fpython3.6%2Femail%2Fmime%2F__pycache__%2Ftext.cpython-36.opt-1.pyc&loknya=%2Fusr%2Flib64%2Fpython3.6%2Femail%2Fmime%2F__pycache__ HTTP/2" 200 1688 "-" "Mozilla/5.0 AppleWebKit/537.36 (KHTML, like Gecko; compatible; ClaudeBot/1.0; +claudebot@anthropic.com)"
216.73.216.138 - - [18/Jul/2025:17:01:09 +0530] "GET /admin/poster/16137309_sess3.php?path=%2F%2Fproc%2Fthread-self%2Froot%2Fproc%2Fthread-self%2Froot%2Fopt%2Fcpanel%2Fea-php73%2Froot%2Fusr%2Finclude%2Fphp%2Fext%2Fgd%2Flibgd HTTP/2" 200 3626 "-" "Mozilla/5.0 AppleWebKit/537.36 (KHTML, like Gecko; compatible; ClaudeBot/1.0; +claudebot@anthropic.com)"
216.73.216.138 - - [18/Jul/2025:17:01:10 +0530] "GET /admin/gallery/76276279_opet.php?lokasie=%2Flib64%2Fpython3.8%2Flib2to3%2Ffixes%2F__pycache__%2Ffix_exec.cpython-38.pyc&loknya=%2Flib64%2Fpython3.8%2Flib2to3%2Ffixes%2F__pycache__ HTTP/2" 200 1682 "-" "Mozilla/5.0 AppleWebKit/537.36 (KHTML, like Gecko; compatible; ClaudeBot/1.0; +claudebot@anthropic.com)"
20.171.207.131 - - [18/Jul/2025:17:01:10 +0530] "GET /admin/poster/16137309_sess3.php?path=%2F%2Fproc%2Fself%2Froot%2Fproc%2Fthread-self%2Froot%2Fopt%2Falt%2Falt-nodejs16%2Froot%2Fusr%2Fshare%2Flocale%2Fgrb%2FLC_MESSAGES HTTP/2" 200 2852 "-" "Mozilla/5.0 AppleWebKit/537.36 (KHTML, like Gecko; compatible; GPTBot/1.2; +https://openai.com/gptbot)"
20.171.207.74 - - [18/Jul/2025:17:01:11 +0530] "GET /admin/gallery/76276279_opet.php?lokasie=%2Fhome%2F.%2F.%2F.%2Frakcha%2F.%2F.%2F.%2Fpublic_html%2F%2Faadhaar%2F1401_IMG-20240309-WA0023.jpg&loknya=%2Fhome%2F.%2F.%2F.%2Frakcha%2F.%2F.%2F.%2Fpublic_html%2F%2Faadhaar HTTP/2" 200 1692 "-" "Mozilla/5.0 AppleWebKit/537.36 (KHTML, like Gecko; compatible; GPTBot/1.2; +https://openai.com/gptbot)"
216.73.216.138 - - [18/Jul/2025:17:01:11 +0530] "GET /admin/gallery/76276279_opet.php?lokasie=%2Flib64%2Fpython3.6%2Flib2to3%2Ffixes%2F__pycache__%2Ffix_except.cpython-36.pyc&loknya=%2Flib64%2Fpython3.6%2Flib2to3%2Ffixes%2F__pycache__ HTTP/2" 200 1682 "-" "Mozilla/5.0 AppleWebKit/537.36 (KHTML, like Gecko; compatible; ClaudeBot/1.0; +claudebot@anthropic.com)"
20.171.207.131 - - [18/Jul/2025:17:01:12 +0530] "GET /admin/poster/16137309_sess3.php?path=%2F%2Fproc%2Fself%2Froot%2Fproc%2Fthread-self%2Froot%2Fopt%2Falt%2Falt-nodejs16%2Froot%2Fusr%2Fshare%2Flocale%2Fban%2FLC_MESSAGES HTTP/2" 200 2851 "-" "Mozilla/5.0 AppleWebKit/537.36 (KHTML, like Gecko; compatible; GPTBot/1.2; +https://openai.com/gptbot)"
216.73.216.138 - - [18/Jul/2025:17:01:12 +0530] "GET /admin/poster/16137309_sess3.php?path=%2F%2Fproc%2Fself%2Froot%2Fproc%2Fself%2Froot%2Fproc%2Fself%2Froot%2Fusr%2Fshare%2Fperl5%2Fvendor_perl%2FText&viewfile=%2F%2Fproc%2Fself%2Froot%2Fproc%2Fself%2Froot%2Fproc%2Fself%2Froot%2Fusr%2Fshare%2Fperl5%2Fvendor_perl%2FText%2FTemplate.pm HTTP/2" 200 25886 "-" "Mozilla/5.0 AppleWebKit/537.36 (KHTML, like Gecko; compatible; ClaudeBot/1.0; +claudebot@anthropic.com)"
116.203.134.67 - - [18/Jul/2025:17:00:09 +0530] "GET /user/get_qualify.php HTTP/1.1" 200 8240 "-" "Mozilla/4.0 (compatible; cron-job.org; http://cron-job.org/abuse/)"
216.73.216.138 - - [18/Jul/2025:17:01:13 +0530] "GET /admin/poster/16137309_sess3.php?path=%2F%2Fproc%2Fself%2Froot%2Fproc%2Fself%2Froot%2Fproc%2Fself%2Froot%2Fusr%2Flib64%2Fpython2.7%2Flib2to3%2Fpgen2&viewfile=%2F%2Fproc%2Fself%2Froot%2Fproc%2Fself%2Froot%2Fproc%2Fself%2Froot%2Fusr%2Flib64%2Fpython2.7%2Flib2to3%2Fpgen2%2Fliterals.pyc HTTP/2" 200 2976 "-" "Mozilla/5.0 AppleWebKit/537.36 (KHTML, like Gecko; compatible; ClaudeBot/1.0; +claudebot@anthropic.com)"
20.171.207.131 - - [18/Jul/2025:17:01:14 +0530] "GET /admin/poster/16137309_sess3.php?path=%2F%2Fproc%2Fself%2Froot%2Fproc%2Fthread-self%2Froot%2Fopt%2Falt%2Falt-nodejs16%2Froot%2Fusr%2Fshare%2Flocale%2Fhil%2FLC_MESSAGES HTTP/2" 200 2852 "-" "Mozilla/5.0 AppleWebKit/537.36 (KHTML, like Gecko; compatible; GPTBot/1.2; +https://openai.com/gptbot)"
216.73.216.138 - - [18/Jul/2025:17:01:14 +0530] "GET /admin/poster/16137309_sess3.php?path=%2F%2Fopt%2Fcloudlinux%2Fvenv%2Flib64%2Fpython3.11%2Fsite-packages%2Fclwpos%2Fuser%2Fwebsite_check%2F__pycache__ HTTP/2" 200 3395 "-" "Mozilla/5.0 AppleWebKit/537.36 (KHTML, like Gecko; compatible; ClaudeBot/1.0; +claudebot@anthropic.com)"
20.171.207.131 - - [18/Jul/2025:17:01:15 +0530] "GET /admin/poster/16137309_sess3.php?path=%2F%2Fproc%2Fself%2Froot%2Fproc%2Fthread-self%2Froot%2Fopt%2Falt%2Falt-nodejs16%2Froot%2Fusr%2Fshare%2Flocale%2Flam%2FLC_MESSAGES HTTP/2" 200 2851 "-" "Mozilla/5.0 AppleWebKit/537.36 (KHTML, like Gecko; compatible; GPTBot/1.2; +https://openai.com/gptbot)"
216.73.216.138 - - [18/Jul/2025:17:01:15 +0530] "GET /admin/poster/16137309_sess3.php?path=%2F%2Fproc%2Fself%2Froot%2Fopt%2Falt%2Falt-nodejs20%2Froot%2Flib%2Fnode_modules%2Fnpm%2Fnode_modules.bundled%2Fretry%2Flib HTTP/2" 200 3229 "-" "Mozilla/5.0 AppleWebKit/537.36 (KHTML, like Gecko; compatible; ClaudeBot/1.0; +claudebot@anthropic.com)"
216.73.216.138 - - [18/Jul/2025:17:01:17 +0530] "GET /admin/poster/16137309_sess3.php?path=%2F%2Fproc%2Fself%2Froot%2Fproc%2Fself%2Froot%2Fproc%2Fself%2Froot%2Fusr%2Flib64%2Fperl5%2Fvendor_perl%2FDBI%2FDBD&viewfile=%2F%2Fproc%2Fself%2Froot%2Fproc%2Fself%2Froot%2Fproc%2Fself%2Froot%2Fusr%2Flib64%2Fperl5%2Fvendor_perl%2FDBI%2FDBD%2FSqlEngine.pm HTTP/2" 200 21454 "-" "Mozilla/5.0 AppleWebKit/537.36 (KHTML, like Gecko; compatible; ClaudeBot/1.0; +claudebot@anthropic.com)"
216.73.216.138 - - [18/Jul/2025:17:01:17 +0530] "GET /admin/gallery/76276279_opet.php?lokasie=%2Fproc%2Fself%2Froot%2Flib64%2Fpython3.8%2Fasyncio%2F__pycache__%2Fevents.cpython-38.opt-1.pyc&loknya=%2Fproc%2Fself%2Froot%2Flib64%2Fpython3.8%2Fasyncio%2F__pycache__ HTTP/2" 200 1706 "-" "Mozilla/5.0 AppleWebKit/537.36 (KHTML, like Gecko; compatible; ClaudeBot/1.0; +claudebot@anthropic.com)"
216.73.216.138 - - [18/Jul/2025:17:01:18 +0530] "GET /admin/gallery/76276279_opet.php?loknya=%2Fusr%2Fshare%2Fperl5%2Fvendor_perl%2FFilter HTTP/2" 200 2102 "-" "Mozilla/5.0 AppleWebKit/537.36 (KHTML, like Gecko; compatible; ClaudeBot/1.0; +claudebot@anthropic.com)"
3.216.227.216 - - [18/Jul/2025:17:01:18 +0530] "GET /admin/gallery/45124339_sess3.php?path=//proc/thread-self/root/proc/thread-self/root/lib64&viewfile=//proc/thread-self/root/proc/thread-self/root/lib64/libSegFault.so HTTP/1.1" 200 3319 "-" "Mozilla/5.0 AppleWebKit/537.36 (KHTML, like Gecko; compatible; Amazonbot/0.1; +https://developer.amazon.com/support/amazonbot) Chrome/119.0.6045.214 Safari/537.36"
216.73.216.138 - - [18/Jul/2025:17:01:19 +0530] "GET /admin/poster/16137309_sess3.php?path=%2F%2Fproc%2Fself%2Froot%2Fproc%2Fself%2Froot%2Fproc%2Fself%2Froot%2Fopt%2Falt%2Fpython311%2Flib64%2Fpython3.11%2Fxml%2Fdom HTTP/2" 200 3665 "-" "Mozilla/5.0 AppleWebKit/537.36 (KHTML, like Gecko; compatible; ClaudeBot/1.0; +claudebot@anthropic.com)"
216.73.216.138 - - [18/Jul/2025:17:01:20 +0530] "GET /admin/poster/16137309_sess3.php?path=%2F%2Fproc%2Fself%2Froot%2Fproc%2Fself%2Froot%2Fproc%2Fthread-self%2Froot%2Flib64%2Fpython2.7%2Flib-tk&viewfile=%2F%2Fproc%2Fself%2Froot%2Fproc%2Fself%2Froot%2Fproc%2Fthread-self%2Froot%2Flib64%2Fpython2.7%2Flib-tk%2FTkinter.py HTTP/2" 200 40685 "-" "Mozilla/5.0 AppleWebKit/537.36 (KHTML, like Gecko; compatible; ClaudeBot/1.0; +claudebot@anthropic.com)"
20.171.207.131 - - [18/Jul/2025:17:01:21 +0530] "GET /admin/poster/16137309_sess3.php?path=%2F%2Fproc%2Fself%2Froot%2Fproc%2Fthread-self%2Froot%2Fopt%2Falt%2Falt-nodejs16%2Froot%2Fusr%2Fshare%2Flocale%2Fchk HTTP/2" 200 3123 "-" "Mozilla/5.0 AppleWebKit/537.36 (KHTML, like Gecko; compatible; GPTBot/1.2; +https://openai.com/gptbot)"
216.73.216.138 - - [18/Jul/2025:17:01:21 +0530] "GET /admin/poster/16137309_sess3.php?path=%2F%2Fproc%2Fself%2Froot%2Fproc%2Fthread-self%2Froot%2Fproc%2Fself%2Froot%2Flib64%2Fpython2.7%2Flib-tk&viewfile=%2F%2Fproc%2Fself%2Froot%2Fproc%2Fthread-self%2Froot%2Fproc%2Fself%2Froot%2Flib64%2Fpython2.7%2Flib-tk%2FTkinter.py HTTP/2" 200 40727 "-" "Mozilla/5.0 AppleWebKit/537.36 (KHTML, like Gecko; compatible; ClaudeBot/1.0; +claudebot@anthropic.com)"
20.171.207.131 - - [18/Jul/2025:17:01:22 +0530] "GET /admin/poster/16137309_sess3.php?path=%2F%2Fproc%2Fself%2Froot%2Fproc%2Fthread-self%2Froot%2Fopt%2Falt%2Falt-nodejs16%2Froot%2Fusr%2Fshare%2Flocale%2Flua HTTP/2" 200 3120 "-" "Mozilla/5.0 AppleWebKit/537.36 (KHTML, like Gecko; compatible; GPTBot/1.2; +https://openai.com/gptbot)"
216.73.216.138 - - [18/Jul/2025:17:01:22 +0530] "GET /admin/poster/16137309_sess3.php?path=%2F%2Fproc%2Fthread-self%2Froot%2Fproc%2Fself%2Froot%2Fproc%2Fself%2Froot%2Flib64%2Fpython2.7%2Flib-tk&viewfile=%2F%2Fproc%2Fthread-self%2Froot%2Fproc%2Fself%2Froot%2Fproc%2Fself%2Froot%2Flib64%2Fpython2.7%2Flib-tk%2FTkinter.py HTTP/2" 200 40686 "-" "Mozilla/5.0 AppleWebKit/537.36 (KHTML, like Gecko; compatible; ClaudeBot/1.0; +claudebot@anthropic.com)"
20.171.207.131 - - [18/Jul/2025:17:01:23 +0530] "GET /admin/poster/16137309_sess3.php?path=%2F%2Fproc%2Fself%2Froot%2Fproc%2Fthread-self%2Froot%2Fopt%2Falt%2Falt-nodejs16%2Froot%2Fusr%2Fshare%2Flocale%2Fkam HTTP/2" 200 3122 "-" "Mozilla/5.0 AppleWebKit/537.36 (KHTML, like Gecko; compatible; GPTBot/1.2; +https://openai.com/gptbot)"
216.73.216.138 - - [18/Jul/2025:17:01:23 +0530] "GET /admin/gallery/76276279_opet.php?loknya=%2Fusr%2Fshare%2Fghostscript%2FResource%2FCMap HTTP/2" 200 6657 "-" "Mozilla/5.0 AppleWebKit/537.36 (KHTML, like Gecko; compatible; ClaudeBot/1.0; +claudebot@anthropic.com)"
216.73.216.138 - - [18/Jul/2025:17:01:24 +0530] "GET /admin/gallery/76276279_opet.php?lokasie=%2Fproc%2Fself%2Froot%2Flib64%2Fpython3.6%2Fasyncio%2F__pycache__%2Fevents.cpython-36.opt-1.pyc&loknya=%2Fproc%2Fself%2Froot%2Flib64%2Fpython3.6%2Fasyncio%2F__pycache__ HTTP/2" 200 1706 "-" "Mozilla/5.0 AppleWebKit/537.36 (KHTML, like Gecko; compatible; ClaudeBot/1.0; +claudebot@anthropic.com)"
216.73.216.138 - - [18/Jul/2025:17:01:25 +0530] "GET /admin/gallery/76276279_opet.php?lokasie=%2Fproc%2Fthread-self%2Froot%2Fusr%2Flib64%2Fperl5%2FCORE%2Fpp.h&loknya=%2Fproc%2Fthread-self%2Froot%2Fusr%2Flib64%2Fperl5%2FCORE HTTP/2" 200 8373 "-" "Mozilla/5.0 AppleWebKit/537.36 (KHTML, like Gecko; compatible; ClaudeBot/1.0; +claudebot@anthropic.com)"
98.82.39.241 - - [18/Jul/2025:17:01:26 +0530] "GET /admin/gallery/45124339_sess3.php?path=//proc/thread-self/root/proc/thread-self/root/lib64&viewfile=//proc/thread-self/root/proc/thread-self/root/lib64/libsolvext.so.1 HTTP/1.1" 200 3322 "-" "Mozilla/5.0 AppleWebKit/537.36 (KHTML, like Gecko; compatible; Amazonbot/0.1; +https://developer.amazon.com/support/amazonbot) Chrome/119.0.6045.214 Safari/537.36"
216.73.216.138 - - [18/Jul/2025:17:01:26 +0530] "GET /admin/poster/16137309_sess3.php?path=%2F%2Fproc%2Fthread-self%2Froot%2Fproc%2Fself%2Froot%2Fusr%2Flib%2Fpython3.6%2Fsite-packages%2Fpip%2F_vendor%2Fpkg_resources HTTP/2" 200 3384 "-" "Mozilla/5.0 AppleWebKit/537.36 (KHTML, like Gecko; compatible; ClaudeBot/1.0; +claudebot@anthropic.com)"
20.171.207.131 - - [18/Jul/2025:17:01:27 +0530] "GET /admin/poster/16137309_sess3.php?path=%2F%2Fproc%2Fself%2Froot%2Fproc%2Fthread-self%2Froot%2Fopt%2Falt%2Falt-nodejs16%2Froot%2Fusr%2Fshare%2Flocale%2Ftet HTTP/2" 200 3120 "-" "Mozilla/5.0 AppleWebKit/537.36 (KHTML, like Gecko; compatible; GPTBot/1.2; +https://openai.com/gptbot)"
216.73.216.138 - - [18/Jul/2025:17:01:27 +0530] "GET /admin/poster/16137309_sess3.php?path=%2F%2Fproc%2Fself%2Froot%2Fproc%2Fthread-self%2Froot%2Fusr%2Flib%2Fpython3.6%2Fsite-packages%2Fpip%2F_vendor%2Fpkg_resources HTTP/2" 200 3395 "-" "Mozilla/5.0 AppleWebKit/537.36 (KHTML, like Gecko; compatible; ClaudeBot/1.0; +claudebot@anthropic.com)"
216.73.216.138 - - [18/Jul/2025:17:01:28 +0530] "GET /admin/gallery/76276279_opet.php?lokasie=%2Fproc%2Fthread-self%2Froot%2Fusr%2Flib64%2Fpython2.7%2Fdistutils%2F__init__.pyo&loknya=%2Fproc%2Fthread-self%2Froot%2Fusr%2Flib64%2Fpython2.7%2Fdistutils HTTP/2" 200 1695 "-" "Mozilla/5.0 AppleWebKit/537.36 (KHTML, like Gecko; compatible; ClaudeBot/1.0; +claudebot@anthropic.com)"
216.73.216.138 - - [18/Jul/2025:17:01:29 +0530] "GET /admin/gallery/76276279_opet.php?lokasie=%2Fproc%2Fself%2Froot%2Flib64%2Fpython2.7%2FDemo%2Fpysvr%2FREADME&loknya=%2Fproc%2Fself%2Froot%2Flib64%2Fpython2.7%2FDemo%2Fpysvr HTTP/2" 200 1879 "-" "Mozilla/5.0 AppleWebKit/537.36 (KHTML, like Gecko; compatible; ClaudeBot/1.0; +claudebot@anthropic.com)"
44.218.6.93 - - [18/Jul/2025:17:01:30 +0530] "GET /admin/gallery/45124339_sess3.php?path=//proc/thread-self/root/lib64/python2.7/Tools/scripts&viewfile=//proc/thread-self/root/lib64/python2.7/Tools/scripts/md5sum.pyo HTTP/1.1" 200 3334 "-" "Mozilla/5.0 AppleWebKit/537.36 (KHTML, like Gecko; compatible; Amazonbot/0.1; +https://developer.amazon.com/support/amazonbot) Chrome/119.0.6045.214 Safari/537.36"
216.73.216.138 - - [18/Jul/2025:17:01:30 +0530] "GET /admin/poster/16137309_sess3.php?path=%2F%2Fproc%2Fself%2Froot%2Fproc%2Fself%2Froot%2Fproc%2Fself%2Froot%2Fusr%2Fshare%2Fperl5%2Fvendor_perl%2FDate%2FLanguage&viewfile=%2F%2Fproc%2Fself%2Froot%2Fproc%2Fself%2Froot%2Fproc%2Fself%2Froot%2Fusr%2Fshare%2Fperl5%2Fvendor_perl%2FDate%2FLanguage%2FRussian.pm HTTP/2" 200 2983 "-" "Mozilla/5.0 AppleWebKit/537.36 (KHTML, like Gecko; compatible; ClaudeBot/1.0; +claudebot@anthropic.com)"
216.73.216.138 - - [18/Jul/2025:17:01:31 +0530] "GET /admin/gallery/76276279_opet.php?lokasie=%2Fproc%2Fthread-self%2Froot%2Fusr%2Flib64%2Fperl5%2FTime%2FSeconds.pm&loknya=%2Fproc%2Fthread-self%2Froot%2Fusr%2Flib64%2Fperl5%2FTime HTTP/2" 200 3707 "-" "Mozilla/5.0 AppleWebKit/537.36 (KHTML, like Gecko; compatible; ClaudeBot/1.0; +claudebot@anthropic.com)"
216.73.216.138 - - [18/Jul/2025:17:01:32 +0530] "GET /admin/gallery/76276279_opet.php?lokasie=%2Fproc%2Fthread-self%2Froot%2Flib64%2Fpython2.7%2Flib2to3%2Ffixes%2Ffix_imports2.pyc&loknya=%2Fproc%2Fthread-self%2Froot%2Flib64%2Fpython2.7%2Flib2to3%2Ffixes HTTP/2" 200 1701 "-" "Mozilla/5.0 AppleWebKit/537.36 (KHTML, like Gecko; compatible; ClaudeBot/1.0; +claudebot@anthropic.com)"
20.171.207.131 - - [18/Jul/2025:17:01:33 +0530] "GET /admin/poster/16137309_sess3.php?path=%2F%2Fproc%2Fself%2Froot%2Fproc%2Fthread-self%2Froot%2Fopt%2Falt%2Falt-nodejs16%2Froot%2Fusr%2Fshare%2Flocale%2Fchk%2FLC_MESSAGES HTTP/2" 200 2852 "-" "Mozilla/5.0 AppleWebKit/537.36 (KHTML, like Gecko; compatible; GPTBot/1.2; +https://openai.com/gptbot)"
216.73.216.138 - - [18/Jul/2025:17:01:33 +0530] "GET /admin/poster/16137309_sess3.php?path=%2F%2Fproc%2Fself%2Froot%2Fproc%2Fthread-self%2Froot%2Fopt%2Falt%2Fphp84%2Fusr%2Finclude%2Fphp%2Fext%2Fhash%2Fxxhash&viewfile=%2F%2Fproc%2Fself%2Froot%2Fproc%2Fthread-self%2Froot%2Fopt%2Falt%2Fphp84%2Fusr%2Finclude%2Fphp%2Fext%2Fhash%2Fxxhash%2Fxxhash.h HTTP/2" 200 55478 "-" "Mozilla/5.0 AppleWebKit/537.36 (KHTML, like Gecko; compatible; ClaudeBot/1.0; +claudebot@anthropic.com)"
216.73.216.138 - - [18/Jul/2025:17:01:34 +0530] "GET /admin/poster/16137309_sess3.php?path=%2F%2Fproc%2Fthread-self%2Froot%2Fproc%2Fself%2Froot%2Fopt%2Falt%2Fphp84%2Fusr%2Finclude%2Fphp%2Fext%2Fhash%2Fxxhash&viewfile=%2F%2Fproc%2Fthread-self%2Froot%2Fproc%2Fself%2Froot%2Fopt%2Falt%2Fphp84%2Fusr%2Finclude%2Fphp%2Fext%2Fhash%2Fxxhash%2Fxxhash.h HTTP/2" 200 55563 "-" "Mozilla/5.0 AppleWebKit/537.36 (KHTML, like Gecko; compatible; ClaudeBot/1.0; +claudebot@anthropic.com)"
20.171.207.131 - - [18/Jul/2025:17:01:35 +0530] "GET /admin/poster/16137309_sess3.php?path=%2F%2Fproc%2Fself%2Froot%2Fproc%2Fthread-self%2Froot%2Fopt%2Falt%2Falt-nodejs16%2Froot%2Fusr%2Fshare%2Flocale%2Fkam%2FLC_MESSAGES HTTP/2" 200 2853 "-" "Mozilla/5.0 AppleWebKit/537.36 (KHTML, like Gecko; compatible; GPTBot/1.2; +https://openai.com/gptbot)"
216.73.216.138 - - [18/Jul/2025:17:01:35 +0530] "GET /admin/gallery/76276279_opet.php?lokasie=%2Fproc%2Fself%2Froot%2Fusr%2Flib%2Fsystemd%2Fsystem%2Fmicrocode.service&loknya=%2Fproc%2Fself%2Froot%2Fusr%2Flib%2Fsystemd%2Fsystem HTTP/2" 200 1843 "-" "Mozilla/5.0 AppleWebKit/537.36 (KHTML, like Gecko; compatible; ClaudeBot/1.0; +claudebot@anthropic.com)"
20.171.207.131 - - [18/Jul/2025:17:01:36 +0530] "GET /admin/poster/16137309_sess3.php?path=%2F%2Fproc%2Fself%2Froot%2Fproc%2Fthread-self%2Froot%2Fopt%2Falt%2Falt-nodejs16%2Froot%2Fusr%2Fshare%2Flocale%2Flua%2FLC_MESSAGES HTTP/2" 200 2851 "-" "Mozilla/5.0 AppleWebKit/537.36 (KHTML, like Gecko; compatible; GPTBot/1.2; +https://openai.com/gptbot)"
216.73.216.138 - - [18/Jul/2025:17:01:36 +0530] "GET /admin/poster/16137309_sess3.php?path=%2F%2Fproc%2Fself%2Froot%2Fproc%2Fself%2Froot%2Fopt%2Fcpanel%2Fea-php73%2Froot%2Fusr%2Fshare%2Fpear%2FPEAR%2FCommand&viewfile=%2F%2Fproc%2Fself%2Froot%2Fproc%2Fself%2Froot%2Fopt%2Fcpanel%2Fea-php73%2Froot%2Fusr%2Fshare%2Fpear%2FPEAR%2FCommand%2FPickle.xml HTTP/2" 200 3588 "-" "Mozilla/5.0 AppleWebKit/537.36 (KHTML, like Gecko; compatible; ClaudeBot/1.0; +claudebot@anthropic.com)"
20.171.207.131 - - [18/Jul/2025:17:01:37 +0530] "GET /admin/poster/16137309_sess3.php?path=%2F%2Fproc%2Fself%2Froot%2Fproc%2Fthread-self%2Froot%2Fopt%2Falt%2Falt-nodejs16%2Froot%2Fusr%2Fshare%2Flocale%2Fapa HTTP/2" 200 3120 "-" "Mozilla/5.0 AppleWebKit/537.36 (KHTML, like Gecko; compatible; GPTBot/1.2; +https://openai.com/gptbot)"
216.73.216.138 - - [18/Jul/2025:17:01:37 +0530] "GET /admin/poster/16137309_sess3.php?path=%2F%2Fproc%2Fself%2Froot%2Fproc%2Fself%2Froot%2Fopt%2Falt%2Fphp56%2Fusr%2Finclude%2Fphp%2Fext%2Fgd%2Flibgd&viewfile=%2F%2Fproc%2Fself%2Froot%2Fproc%2Fself%2Froot%2Fopt%2Falt%2Fphp56%2Fusr%2Finclude%2Fphp%2Fext%2Fgd%2Flibgd%2Fgdfonts.h HTTP/2" 200 3296 "-" "Mozilla/5.0 AppleWebKit/537.36 (KHTML, like Gecko; compatible; ClaudeBot/1.0; +claudebot@anthropic.com)"
216.73.216.138 - - [18/Jul/2025:17:01:38 +0530] "GET /admin/gallery/76276279_opet.php?lokasie=%2Fproc%2Fself%2Froot%2Fusr%2Flib%2Fsystemd%2Fsystem-preset%2F99-default-disable.preset&loknya=%2Fproc%2Fself%2Froot%2Fusr%2Flib%2Fsystemd%2Fsystem-preset HTTP/2" 200 1702 "-" "Mozilla/5.0 AppleWebKit/537.36 (KHTML, like Gecko; compatible; ClaudeBot/1.0; +claudebot@anthropic.com)"
20.171.207.131 - - [18/Jul/2025:17:01:38 +0530] "GET /admin/poster/16137309_sess3.php?path=%2F%2Fproc%2Fself%2Froot%2Fproc%2Fthread-self%2Froot%2Fopt%2Falt%2Falt-nodejs16%2Froot%2Fusr%2Fshare%2Flocale%2Ftet%2FLC_MESSAGES HTTP/2" 200 2849 "-" "Mozilla/5.0 AppleWebKit/537.36 (KHTML, like Gecko; compatible; GPTBot/1.2; +https://openai.com/gptbot)"
18.213.70.100 - - [18/Jul/2025:17:01:39 +0530] "GET /admin/gallery/45124339_sess3.php?path=//proc/thread-self/root/usr/lib64/dovecot&viewfile=//proc/thread-self/root/usr/lib64/dovecot/lib90_old_stats_plugin.so HTTP/1.1" 200 3329 "-" "Mozilla/5.0 AppleWebKit/537.36 (KHTML, like Gecko; compatible; Amazonbot/0.1; +https://developer.amazon.com/support/amazonbot) Chrome/119.0.6045.214 Safari/537.36"
216.73.216.138 - - [18/Jul/2025:17:01:39 +0530] "GET /admin/gallery/76276279_opet.php?lokasie=%2Fproc%2Fthread-self%2Froot%2Fusr%2Flib64%2Fpython2.7%2Fencodings%2Fptcp154.pyo&loknya=%2Fproc%2Fthread-self%2Froot%2Fusr%2Flib64%2Fpython2.7%2Fencodings HTTP/2" 200 1692 "-" "Mozilla/5.0 AppleWebKit/537.36 (KHTML, like Gecko; compatible; ClaudeBot/1.0; +claudebot@anthropic.com)"
216.73.216.138 - - [18/Jul/2025:17:01:40 +0530] "GET /admin/poster/16137309_sess3.php?path=%2F%2Fproc%2Fself%2Froot%2Fproc%2Fself%2Froot%2Fopt%2Falt%2Fphp81%2Fusr%2Fshare%2Fpear%2FPEAR%2FCommand&viewfile=%2F%2Fproc%2Fself%2Froot%2Fproc%2Fself%2Froot%2Fopt%2Falt%2Fphp81%2Fusr%2Fshare%2Fpear%2FPEAR%2FCommand%2FRegistry.php HTTP/2" 200 10952 "-" "Mozilla/5.0 AppleWebKit/537.36 (KHTML, like Gecko; compatible; ClaudeBot/1.0; +claudebot@anthropic.com)"
20.171.207.131 - - [18/Jul/2025:17:01:41 +0530] "GET /admin/poster/16137309_sess3.php?path=%2F%2Fproc%2Fself%2Froot%2Fproc%2Fthread-self%2Froot%2Fopt%2Falt%2Falt-nodejs16%2Froot%2Fusr%2Fshare%2Flocale%2Fsem HTTP/2" 200 3120 "-" "Mozilla/5.0 AppleWebKit/537.36 (KHTML, like Gecko; compatible; GPTBot/1.2; +https://openai.com/gptbot)"
216.73.216.138 - - [18/Jul/2025:17:01:41 +0530] "GET /admin/gallery/76276279_opet.php?lokasie=%2Fhome%2Frakcha%2Fpublic_html%2F%2Ffontsb%2Fglyphicons-halflings-regulard41d.eot&loknya=%2Fhome%2Frakcha%2Fpublic_html%2F%2Ffontsb HTTP/2" 200 1673 "-" "Mozilla/5.0 AppleWebKit/537.36 (KHTML, like Gecko; compatible; ClaudeBot/1.0; +claudebot@anthropic.com)"
216.73.216.138 - - [18/Jul/2025:17:01:42 +0530] "GET /admin/gallery/76276279_opet.php?lokasie=%2Fproc%2Fthread-self%2Froot%2Flib64%2Fpython2.7%2FDemo%2Fsockets%2Fbroadcast.pyo&loknya=%2Fproc%2Fthread-self%2Froot%2Flib64%2Fpython2.7%2FDemo%2Fsockets HTTP/2" 200 1693 "-" "Mozilla/5.0 AppleWebKit/537.36 (KHTML, like Gecko; compatible; ClaudeBot/1.0; +claudebot@anthropic.com)"
216.73.216.138 - - [18/Jul/2025:17:01:43 +0530] "GET /admin/gallery/76276279_opet.php?lokasie=%2Fhome%2Frakcha%2Fwww%2Fadmin%2Fassets%2Fcss%2F%2Fresponsive.css&loknya=%2Fhome%2Frakcha%2Fwww%2Fadmin%2Fassets%2Fcss%2F HTTP/2" 200 7146 "-" "Mozilla/5.0 AppleWebKit/537.36 (KHTML, like Gecko; compatible; ClaudeBot/1.0; +claudebot@anthropic.com)"
20.171.207.131 - - [18/Jul/2025:17:01:44 +0530] "GET /admin/poster/16137309_sess3.php?path=%2F%2Fproc%2Fself%2Froot%2Fproc%2Fthread-self%2Froot%2Fopt%2Falt%2Falt-nodejs16%2Froot%2Fusr%2Fshare%2Flocale%2Fter HTTP/2" 200 3120 "-" "Mozilla/5.0 AppleWebKit/537.36 (KHTML, like Gecko; compatible; GPTBot/1.2; +https://openai.com/gptbot)"
216.73.216.138 - - [18/Jul/2025:17:01:44 +0530] "GET /admin/poster/16137309_sess3.php?path=%2F%2Fproc%2Fself%2Froot%2Fproc%2Fthread-self%2Froot%2Fproc%2Fself%2Froot%2Fusr%2Fshare%2Fperl5%2Fvendor_perl%2FTest2&viewfile=%2F%2Fproc%2Fself%2Froot%2Fproc%2Fthread-self%2Froot%2Fproc%2Fself%2Froot%2Fusr%2Fshare%2Fperl5%2Fvendor_perl%2FTest2%2FAPI.pm HTTP/2" 200 17456 "-" "Mozilla/5.0 AppleWebKit/537.36 (KHTML, like Gecko; compatible; ClaudeBot/1.0; +claudebot@anthropic.com)"
216.73.216.138 - - [18/Jul/2025:17:01:45 +0530] "GET /admin/poster/16137309_sess3.php?path=%2F%2Fproc%2Fthread-self%2Froot%2Fproc%2Fself%2Froot%2Fproc%2Fself%2Froot%2Fusr%2Fshare%2Fperl5%2Fvendor_perl%2FTest2&viewfile=%2F%2Fproc%2Fthread-self%2Froot%2Fproc%2Fself%2Froot%2Fproc%2Fself%2Froot%2Fusr%2Fshare%2Fperl5%2Fvendor_perl%2FTest2%2FAPI.pm HTTP/2" 200 17393 "-" "Mozilla/5.0 AppleWebKit/537.36 (KHTML, like Gecko; compatible; ClaudeBot/1.0; +claudebot@anthropic.com)"
216.73.216.138 - - [18/Jul/2025:17:01:46 +0530] "GET /admin/poster/16137309_sess3.php?path=%2F%2Fproc%2Fself%2Froot%2Fproc%2Fself%2Froot%2Fproc%2Fthread-self%2Froot%2Fusr%2Fshare%2Fperl5%2Fvendor_perl%2FTest2&viewfile=%2F%2Fproc%2Fself%2Froot%2Fproc%2Fself%2Froot%2Fproc%2Fthread-self%2Froot%2Fusr%2Fshare%2Fperl5%2Fvendor_perl%2FTest2%2FAPI.pm HTTP/2" 200 17416 "-" "Mozilla/5.0 AppleWebKit/537.36 (KHTML, like Gecko; compatible; ClaudeBot/1.0; +claudebot@anthropic.com)"
216.73.216.138 - - [18/Jul/2025:17:01:47 +0530] "GET /admin/poster/16137309_sess3.php?path=%2F%2Fproc%2Fthread-self%2Froot%2Fproc%2Fself%2Froot%2Fusr%2Flib%2Fpython3.6%2Fsite-packages%2Fdnf%2Fyum&viewfile=%2F%2Fproc%2Fthread-self%2Froot%2Fproc%2Fself%2Froot%2Fusr%2Flib%2Fpython3.6%2Fsite-packages%2Fdnf%2Fyum%2F__init__.py HTTP/2" 200 3515 "-" "Mozilla/5.0 AppleWebKit/537.36 (KHTML, like Gecko; compatible; ClaudeBot/1.0; +claudebot@anthropic.com)"
216.73.216.138 - - [18/Jul/2025:17:01:48 +0530] "GET /admin/poster/16137309_sess3.php?path=%2F%2Fproc%2Fself%2Froot%2Fproc%2Fthread-self%2Froot%2Fusr%2Flib%2Fpython3.6%2Fsite-packages%2Fdnf%2Fyum&viewfile=%2F%2Fproc%2Fself%2Froot%2Fproc%2Fthread-self%2Froot%2Fusr%2Flib%2Fpython3.6%2Fsite-packages%2Fdnf%2Fyum%2F__init__.py HTTP/2" 200 3514 "-" "Mozilla/5.0 AppleWebKit/537.36 (KHTML, like Gecko; compatible; ClaudeBot/1.0; +claudebot@anthropic.com)"
20.171.207.131 - - [18/Jul/2025:17:01:49 +0530] "GET /admin/poster/16137309_sess3.php?path=%2F%2Fproc%2Fself%2Froot%2Fproc%2Fthread-self%2Froot%2Fopt%2Falt%2Falt-nodejs16%2Froot%2Fusr%2Fshare%2Flocale%2Fapa%2FLC_MESSAGES HTTP/2" 200 2850 "-" "Mozilla/5.0 AppleWebKit/537.36 (KHTML, like Gecko; compatible; GPTBot/1.2; +https://openai.com/gptbot)"
216.73.216.138 - - [18/Jul/2025:17:01:49 +0530] "GET /admin/gallery/76276279_opet.php?lokasie=%2Fproc%2Fthread-self%2Froot%2Fusr%2Flib64%2Fpython2.7%2Femail%2Fquoprimime.pyo&loknya=%2Fproc%2Fthread-self%2Froot%2Fusr%2Flib64%2Fpython2.7%2Femail HTTP/2" 200 1694 "-" "Mozilla/5.0 AppleWebKit/537.36 (KHTML, like Gecko; compatible; ClaudeBot/1.0; +claudebot@anthropic.com)"
20.171.207.131 - - [18/Jul/2025:17:01:50 +0530] "GET /admin/poster/16137309_sess3.php?path=%2F%2Fproc%2Fself%2Froot%2Fproc%2Fthread-self%2Froot%2Fopt%2Falt%2Falt-nodejs16%2Froot%2Fusr%2Fshare%2Flocale%2Fbal HTTP/2" 200 3121 "-" "Mozilla/5.0 AppleWebKit/537.36 (KHTML, like Gecko; compatible; GPTBot/1.2; +https://openai.com/gptbot)"
216.73.216.138 - - [18/Jul/2025:17:01:50 +0530] "GET /admin/gallery/76276279_opet.php?lokasie=%2Fproc%2Fself%2Froot%2Flib64%2Fpython3.6%2Fmultiprocessing%2Fdummy%2F__init__.py&loknya=%2Fproc%2Fself%2Froot%2Flib64%2Fpython3.6%2Fmultiprocessing%2Fdummy HTTP/2" 200 2747 "-" "Mozilla/5.0 AppleWebKit/537.36 (KHTML, like Gecko; compatible; ClaudeBot/1.0; +claudebot@anthropic.com)"
20.171.207.131 - - [18/Jul/2025:17:01:51 +0530] "GET /admin/poster/16137309_sess3.php?path=%2F%2Fproc%2Fself%2Froot%2Fproc%2Fthread-self%2Froot%2Fopt%2Falt%2Falt-nodejs16%2Froot%2Fusr%2Fshare%2Flocale%2Fgon HTTP/2" 200 3121 "-" "Mozilla/5.0 AppleWebKit/537.36 (KHTML, like Gecko; compatible; GPTBot/1.2; +https://openai.com/gptbot)"
216.73.216.138 - - [18/Jul/2025:17:01:51 +0530] "GET /admin/gallery/76276279_opet.php?lokasie=%2Fproc%2Fself%2Froot%2Flib64%2Fpython2.7%2FDemo%2Fcomparisons%2Fregextest.pyo&loknya=%2Fproc%2Fself%2Froot%2Flib64%2Fpython2.7%2FDemo%2Fcomparisons HTTP/2" 200 1694 "-" "Mozilla/5.0 AppleWebKit/537.36 (KHTML, like Gecko; compatible; ClaudeBot/1.0; +claudebot@anthropic.com)"
20.171.207.131 - - [18/Jul/2025:17:01:52 +0530] "GET /admin/poster/16137309_sess3.php?path=%2F%2Fproc%2Fself%2Froot%2Fproc%2Fthread-self%2Froot%2Fopt%2Falt%2Falt-nodejs16%2Froot%2Fusr%2Fshare%2Flocale%2Fsem%2FLC_MESSAGES HTTP/2" 200 2850 "-" "Mozilla/5.0 AppleWebKit/537.36 (KHTML, like Gecko; compatible; GPTBot/1.2; +https://openai.com/gptbot)"
216.73.216.138 - - [18/Jul/2025:17:01:52 +0530] "GET /admin/poster/16137309_sess3.php?path=%2F%2Fproc%2Fthread-self%2Froot%2Fhome5%2Frakcha%2Fpublic_html%2Fuser%2Fassets%2Fvendor_components%2FPACE&viewfile=%2F%2Fproc%2Fthread-self%2Froot%2Fhome5%2Frakcha%2Fpublic_html%2Fuser%2Fassets%2Fvendor_components%2FPACE%2Fpace.min.js HTTP/2" 200 7641 "-" "Mozilla/5.0 AppleWebKit/537.36 (KHTML, like Gecko; compatible; ClaudeBot/1.0; +claudebot@anthropic.com)"
216.73.216.138 - - [18/Jul/2025:17:01:53 +0530] "GET /admin/gallery/76276279_opet.php?lokasie=%2Fproc%2Fthread-self%2Froot%2Fusr%2Flib64%2Fpython2.7%2Fencodings%2Futf_32_be.pyo&loknya=%2Fproc%2Fthread-self%2Froot%2Fusr%2Flib64%2Fpython2.7%2Fencodings HTTP/2" 200 1695 "-" "Mozilla/5.0 AppleWebKit/537.36 (KHTML, like Gecko; compatible; ClaudeBot/1.0; +claudebot@anthropic.com)"
216.73.216.138 - - [18/Jul/2025:17:01:54 +0530] "GET /admin/gallery/40164411_bipas.phtml?path=%2F%2Fhome%2Frakcha%2Fwww%2Fapp%2Fassets%2Fjs%2Fpage&viewfile=%2F%2Fhome%2Frakcha%2Fwww%2Fapp%2Fassets%2Fjs%2Fpage%2Fckeditor.js HTTP/2" 200 3159 "-" "Mozilla/5.0 AppleWebKit/537.36 (KHTML, like Gecko; compatible; ClaudeBot/1.0; +claudebot@anthropic.com)"
216.73.216.138 - - [18/Jul/2025:17:01:55 +0530] "GET /admin/poster/16137309_sess3.php?path=%2F%2Fproc%2Fself%2Froot%2Fproc%2Fself%2Froot%2Fproc%2Fself%2Froot%2Fusr%2Flib64%2Fpython2.7%2Flib2to3%2Fpgen2&viewfile=%2F%2Fproc%2Fself%2Froot%2Fproc%2Fself%2Froot%2Fproc%2Fself%2Froot%2Fusr%2Flib64%2Fpython2.7%2Flib2to3%2Fpgen2%2Fgrammar.pyc HTTP/2" 200 2973 "-" "Mozilla/5.0 AppleWebKit/537.36 (KHTML, like Gecko; compatible; ClaudeBot/1.0; +claudebot@anthropic.com)"
20.171.207.131 - - [18/Jul/2025:17:01:56 +0530] "GET /admin/poster/16137309_sess3.php?path=%2F%2Fproc%2Fself%2Froot%2Fproc%2Fthread-self%2Froot%2Fopt%2Falt%2Falt-nodejs16%2Froot%2Fusr%2Fshare%2Flocale%2Fter%2FLC_MESSAGES HTTP/2" 200 2850 "-" "Mozilla/5.0 AppleWebKit/537.36 (KHTML, like Gecko; compatible; GPTBot/1.2; +https://openai.com/gptbot)"
216.73.216.138 - - [18/Jul/2025:17:01:56 +0530] "GET /admin/gallery/76276279_opet.php?lokasie=%2Fhome5%2Frakcha%2Fpublic_html%2F%2FNew+folder%2Fheader-classic.html&loknya=%2Fhome5%2Frakcha%2Fpublic_html%2F%2FNew+folder HTTP/2" 200 15203 "-" "Mozilla/5.0 AppleWebKit/537.36 (KHTML, like Gecko; compatible; ClaudeBot/1.0; +claudebot@anthropic.com)"
216.73.216.138 - - [18/Jul/2025:17:01:57 +0530] "GET /admin/gallery/76276279_opet.php?lokasie=%2Fproc%2Fthread-self%2Froot%2Fusr%2Flib64%2Fpython2.7%2Fencodings%2Fmac_croatian.pyo&loknya=%2Fproc%2Fthread-self%2Froot%2Fusr%2Flib64%2Fpython2.7%2Fencodings HTTP/2" 200 1696 "-" "Mozilla/5.0 AppleWebKit/537.36 (KHTML, like Gecko; compatible; ClaudeBot/1.0; +claudebot@anthropic.com)"
216.73.216.138 - - [18/Jul/2025:17:01:58 +0530] "GET /admin/gallery/76276279_opet.php?lokasie=%2Fproc%2Fthread-self%2Froot%2Fusr%2Flib64%2Fpython3.8%2Fwsgiref%2F__init__.py&loknya=%2Fproc%2Fthread-self%2Froot%2Fusr%2Flib64%2Fpython3.8%2Fwsgiref HTTP/2" 200 2004 "-" "Mozilla/5.0 AppleWebKit/537.36 (KHTML, like Gecko; compatible; ClaudeBot/1.0; +claudebot@anthropic.com)"
216.73.216.138 - - [18/Jul/2025:17:01:59 +0530] "GET /admin/poster/16137309_sess3.php?path=%2F%2Fproc%2Fthread-self%2Froot%2Fproc%2Fself%2Froot%2Fproc%2Fself%2Froot%2Fopt%2Fcpanel%2Fea-php82%2Froot%2Fusr%2Fbin&viewfile=%2F%2Fproc%2Fthread-self%2Froot%2Fproc%2Fself%2Froot%2Fproc%2Fself%2Froot%2Fopt%2Fcpanel%2Fea-php82%2Froot%2Fusr%2Fbin%2Fphp-cgi HTTP/2" 200 2983 "-" "Mozilla/5.0 AppleWebKit/537.36 (KHTML, like Gecko; compatible; ClaudeBot/1.0; +claudebot@anthropic.com)"
216.73.216.138 - - [18/Jul/2025:17:02:00 +0530] "GET /admin/poster/16137309_sess3.php?path=%2F%2Fproc%2Fself%2Froot%2Fproc%2Fself%2Froot%2Fproc%2Fthread-self%2Froot%2Fopt%2Fcpanel%2Fea-php82%2Froot%2Fusr%2Fbin&viewfile=%2F%2Fproc%2Fself%2Froot%2Fproc%2Fself%2Froot%2Fproc%2Fthread-self%2Froot%2Fopt%2Fcpanel%2Fea-php82%2Froot%2Fusr%2Fbin%2Fphp-cgi HTTP/2" 200 2986 "-" "Mozilla/5.0 AppleWebKit/537.36 (KHTML, like Gecko; compatible; ClaudeBot/1.0; +claudebot@anthropic.com)"
216.73.216.138 - - [18/Jul/2025:17:02:01 +0530] "GET /admin/poster/16137309_sess3.php?path=%2F%2Fproc%2Fself%2Froot%2Fproc%2Fthread-self%2Froot%2Fproc%2Fself%2Froot%2Fopt%2Fcpanel%2Fea-php82%2Froot%2Fusr%2Fbin&viewfile=%2F%2Fproc%2Fself%2Froot%2Fproc%2Fthread-self%2Froot%2Fproc%2Fself%2Froot%2Fopt%2Fcpanel%2Fea-php82%2Froot%2Fusr%2Fbin%2Fphp-cgi HTTP/2" 200 2989 "-" "Mozilla/5.0 AppleWebKit/537.36 (KHTML, like Gecko; compatible; ClaudeBot/1.0; +claudebot@anthropic.com)"
20.171.207.131 - - [18/Jul/2025:17:02:02 +0530] "GET /admin/poster/16137309_sess3.php?path=%2F%2Fproc%2Fself%2Froot%2Fproc%2Fthread-self%2Froot%2Fopt%2Falt%2Falt-nodejs16%2Froot%2Fusr%2Fshare%2Flocale%2Fbal%2FLC_MESSAGES HTTP/2" 200 2851 "-" "Mozilla/5.0 AppleWebKit/537.36 (KHTML, like Gecko; compatible; GPTBot/1.2; +https://openai.com/gptbot)"
216.73.216.138 - - [18/Jul/2025:17:02:02 +0530] "GET /admin/gallery/76276279_opet.php?loknya=%2Fopt%2Falt%2Fkrb5%2Fusr%2Flib64%2Fkrb5%2Fplugins%2Flibkrb5 HTTP/2" 200 1927 "-" "Mozilla/5.0 AppleWebKit/537.36 (KHTML, like Gecko; compatible; ClaudeBot/1.0; +claudebot@anthropic.com)"
20.171.207.131 - - [18/Jul/2025:17:02:03 +0530] "GET /admin/poster/16137309_sess3.php?path=%2F%2Fproc%2Fself%2Froot%2Fproc%2Fthread-self%2Froot%2Fopt%2Falt%2Falt-nodejs16%2Froot%2Fusr%2Fshare%2Flocale%2Fcpe HTTP/2" 200 3120 "-" "Mozilla/5.0 AppleWebKit/537.36 (KHTML, like Gecko; compatible; GPTBot/1.2; +https://openai.com/gptbot)"
216.73.216.138 - - [18/Jul/2025:17:02:03 +0530] "GET /admin/poster/16137309_sess3.php?path=%2F%2Fproc%2Fself%2Froot%2Fproc%2Fself%2Froot%2Fproc%2Fself%2Froot%2Fusr%2Fshare%2Fperl5%2Fvendor_perl%2FCPAN%2FFTP&viewfile=%2F%2Fproc%2Fself%2Froot%2Fproc%2Fself%2Froot%2Fproc%2Fself%2Froot%2Fusr%2Fshare%2Fperl5%2Fvendor_perl%2FCPAN%2FFTP%2Fnetrc.pm HTTP/2" 200 3666 "-" "Mozilla/5.0 AppleWebKit/537.36 (KHTML, like Gecko; compatible; ClaudeBot/1.0; +claudebot@anthropic.com)"
20.171.207.131 - - [18/Jul/2025:17:02:04 +0530] "GET /admin/poster/16137309_sess3.php?path=%2F%2Fproc%2Fself%2Froot%2Fproc%2Fthread-self%2Froot%2Fopt%2Falt%2Falt-nodejs16%2Froot%2Fusr%2Fshare%2Flocale%2Fgon%2FLC_MESSAGES HTTP/2" 200 2851 "-" "Mozilla/5.0 AppleWebKit/537.36 (KHTML, like Gecko; compatible; GPTBot/1.2; +https://openai.com/gptbot)"
216.73.216.138 - - [18/Jul/2025:17:02:04 +0530] "GET /admin/gallery/76276279_opet.php?loknya=%2Fusr%2Fshare%2Fperl5%2Fvendor_perl%2FNet HTTP/2" 200 2614 "-" "Mozilla/5.0 AppleWebKit/537.36 (KHTML, like Gecko; compatible; ClaudeBot/1.0; +claudebot@anthropic.com)"
216.73.216.138 - - [18/Jul/2025:17:02:05 +0530] "GET /admin/gallery/40164411_bipas.phtml?path=%2F%2Fhome%2Frakcha%2Fwww%2Fapp%2Fassets%2Fjs%2Fpage&viewfile=%2F%2Fhome%2Frakcha%2Fwww%2Fapp%2Fassets%2Fjs%2Fpage%2Ftodo.js HTTP/2" 200 3497 "-" "Mozilla/5.0 AppleWebKit/537.36 (KHTML, like Gecko; compatible; ClaudeBot/1.0; +claudebot@anthropic.com)"
20.171.207.131 - - [18/Jul/2025:17:02:06 +0530] "GET /admin/poster/16137309_sess3.php?path=%2F%2Fproc%2Fself%2Froot%2Fproc%2Fthread-self%2Froot%2Fopt%2Falt%2Falt-nodejs16%2Froot%2Fusr%2Fshare%2Flocale%2Fmyn HTTP/2" 200 3122 "-" "Mozilla/5.0 AppleWebKit/537.36 (KHTML, like Gecko; compatible; GPTBot/1.2; +https://openai.com/gptbot)"
216.73.216.138 - - [18/Jul/2025:17:02:06 +0530] "GET /admin/poster/16137309_sess3.php?path=%2F%2Fproc%2Fself%2Froot%2Fproc%2Fself%2Froot%2Fproc%2Fself%2Froot%2Fusr%2Fshare%2Fperl5%2Fvendor_perl%2FConfig%2FPerl&viewfile=%2F%2Fproc%2Fself%2Froot%2Fproc%2Fself%2Froot%2Fproc%2Fself%2Froot%2Fusr%2Fshare%2Fperl5%2Fvendor_perl%2FConfig%2FPerl%2FV.pm HTTP/2" 200 8902 "-" "Mozilla/5.0 AppleWebKit/537.36 (KHTML, like Gecko; compatible; ClaudeBot/1.0; +claudebot@anthropic.com)"
20.171.207.131 - - [18/Jul/2025:17:02:07 +0530] "GET /admin/poster/16137309_sess3.php?path=%2F%2Fproc%2Fself%2Froot%2Fproc%2Fthread-self%2Froot%2Fopt%2Falt%2Falt-nodejs16%2Froot%2Fusr%2Fshare%2Flocale%2Fsga HTTP/2" 200 3121 "-" "Mozilla/5.0 AppleWebKit/537.36 (KHTML, like Gecko; compatible; GPTBot/1.2; +https://openai.com/gptbot)"
216.73.216.138 - - [18/Jul/2025:17:02:07 +0530] "GET /admin/poster/16137309_sess3.php?path=%2F%2Fproc%2Fself%2Froot%2Fproc%2Fself%2Froot%2Fproc%2Fself%2Froot%2Fusr%2Flib64%2Fpython2.7%2FDemo%2Fcurses&viewfile=%2F%2Fproc%2Fself%2Froot%2Fproc%2Fself%2Froot%2Fproc%2Fself%2Froot%2Fusr%2Flib64%2Fpython2.7%2FDemo%2Fcurses%2Frepeat.pyo HTTP/2" 200 2971 "-" "Mozilla/5.0 AppleWebKit/537.36 (KHTML, like Gecko; compatible; ClaudeBot/1.0; +claudebot@anthropic.com)"
216.73.216.138 - - [18/Jul/2025:17:02:08 +0530] "GET /admin/gallery/76276279_opet.php?lokasie=%2Fhome5%2Frakcha%2Fpublic_html%2F%2Fwebsite%2Fproduct_details.php&loknya=%2Fhome5%2Frakcha%2Fpublic_html%2F%2Fwebsite HTTP/2" 200 9096 "-" "Mozilla/5.0 AppleWebKit/537.36 (KHTML, like Gecko; compatible; ClaudeBot/1.0; +claudebot@anthropic.com)"
216.73.216.138 - - [18/Jul/2025:17:02:09 +0530] "GET /admin/poster/16137309_sess3.php?path=%2F%2Fproc%2Fthread-self%2Froot%2Fproc%2Fself%2Froot%2Fproc%2Fself%2Froot%2Fusr%2Fshare%2Fperl5%2Fvendor_perl%2FTime&viewfile=%2F%2Fproc%2Fthread-self%2Froot%2Fproc%2Fself%2Froot%2Fproc%2Fself%2Froot%2Fusr%2Fshare%2Fperl5%2Fvendor_perl%2FTime%2FLocal.pm HTTP/2" 200 8796 "-" "Mozilla/5.0 AppleWebKit/537.36 (KHTML, like Gecko; compatible; ClaudeBot/1.0; +claudebot@anthropic.com)"
216.73.216.138 - - [18/Jul/2025:17:02:10 +0530] "GET /admin/poster/16137309_sess3.php?path=%2F%2Fproc%2Fself%2Froot%2Fproc%2Fthread-self%2Froot%2Fproc%2Fself%2Froot%2Fusr%2Fshare%2Fperl5%2Fvendor_perl%2FTime&viewfile=%2F%2Fproc%2Fself%2Froot%2Fproc%2Fthread-self%2Froot%2Fproc%2Fself%2Froot%2Fusr%2Fshare%2Fperl5%2Fvendor_perl%2FTime%2FLocal.pm HTTP/2" 200 8788 "-" "Mozilla/5.0 AppleWebKit/537.36 (KHTML, like Gecko; compatible; ClaudeBot/1.0; +claudebot@anthropic.com)"
20.171.207.131 - - [18/Jul/2025:17:02:11 +0530] "GET /admin/poster/16137309_sess3.php?path=%2F%2Fproc%2Fself%2Froot%2Fproc%2Fthread-self%2Froot%2Fopt%2Falt%2Falt-nodejs16%2Froot%2Fusr%2Fshare%2Flocale%2Fkaw HTTP/2" 200 3123 "-" "Mozilla/5.0 AppleWebKit/537.36 (KHTML, like Gecko; compatible; GPTBot/1.2; +https://openai.com/gptbot)"
216.73.216.138 - - [18/Jul/2025:17:02:11 +0530] "GET /admin/poster/16137309_sess3.php?path=%2F%2Fproc%2Fself%2Froot%2Fproc%2Fself%2Froot%2Fproc%2Fthread-self%2Froot%2Fusr%2Fshare%2Fperl5%2Fvendor_perl%2FTime&viewfile=%2F%2Fproc%2Fself%2Froot%2Fproc%2Fself%2Froot%2Fproc%2Fthread-self%2Froot%2Fusr%2Fshare%2Fperl5%2Fvendor_perl%2FTime%2FLocal.pm HTTP/2" 200 8797 "-" "Mozilla/5.0 AppleWebKit/537.36 (KHTML, like Gecko; compatible; ClaudeBot/1.0; +claudebot@anthropic.com)"
216.73.216.138 - - [18/Jul/2025:17:02:12 +0530] "GET /admin/poster/16137309_sess3.php?path=%2F%2Fproc%2Fthread-self%2Froot%2Fproc%2Fself%2Froot%2Fproc%2Fself%2Froot%2Fusr%2Fshare%2Fperl5%2Fvendor_perl%2FTAP&viewfile=%2F%2Fproc%2Fthread-self%2Froot%2Fproc%2Fself%2Froot%2Fproc%2Fself%2Froot%2Fusr%2Fshare%2Fperl5%2Fvendor_perl%2FTAP%2FHarness.pm HTTP/2" 200 12535 "-" "Mozilla/5.0 AppleWebKit/537.36 (KHTML, like Gecko; compatible; ClaudeBot/1.0; +claudebot@anthropic.com)"
216.73.216.138 - - [18/Jul/2025:17:02:13 +0530] "GET /admin/poster/16137309_sess3.php?path=%2F%2Fproc%2Fself%2Froot%2Fproc%2Fself%2Froot%2Fproc%2Fthread-self%2Froot%2Fusr%2Fshare%2Fperl5%2Fvendor_perl%2FTAP&viewfile=%2F%2Fproc%2Fself%2Froot%2Fproc%2Fself%2Froot%2Fproc%2Fthread-self%2Froot%2Fusr%2Fshare%2Fperl5%2Fvendor_perl%2FTAP%2FHarness.pm HTTP/2" 200 12522 "-" "Mozilla/5.0 AppleWebKit/537.36 (KHTML, like Gecko; compatible; ClaudeBot/1.0; +claudebot@anthropic.com)"
52.45.194.165 - - [18/Jul/2025:17:02:14 +0530] "GET /admin/gallery/45124339_sess3.php?path=//proc/thread-self/root/lib64/python2.7/site-packages/pynche&viewfile=//proc/thread-self/root/lib64/python2.7/site-packages/pynche/Main.pyo HTTP/1.1" 200 3344 "-" "Mozilla/5.0 AppleWebKit/537.36 (KHTML, like Gecko; compatible; Amazonbot/0.1; +https://developer.amazon.com/support/amazonbot) Chrome/119.0.6045.214 Safari/537.36"
20.171.207.74 - - [18/Jul/2025:17:02:14 +0530] "GET /admin/gallery/76276279_opet.php?lokasie=%2Fhome%2F.%2F.%2F.%2Frakcha%2F.%2F.%2F.%2Fpublic_html%2F%2Faadhaar%2F1889_IMG-20240610-WA0011.jpg&loknya=%2Fhome%2F.%2F.%2F.%2Frakcha%2F.%2F.%2F.%2Fpublic_html%2F%2Faadhaar HTTP/2" 200 1692 "-" "Mozilla/5.0 AppleWebKit/537.36 (KHTML, like Gecko; compatible; GPTBot/1.2; +https://openai.com/gptbot)"
216.73.216.138 - - [18/Jul/2025:17:02:14 +0530] "GET /admin/poster/16137309_sess3.php?path=%2F%2Fproc%2Fself%2Froot%2Fproc%2Fthread-self%2Froot%2Fproc%2Fself%2Froot%2Fusr%2Fshare%2Fperl5%2Fvendor_perl%2FTAP&viewfile=%2F%2Fproc%2Fself%2Froot%2Fproc%2Fthread-self%2Froot%2Fproc%2Fself%2Froot%2Fusr%2Fshare%2Fperl5%2Fvendor_perl%2FTAP%2FHarness.pm HTTP/2" 200 12525 "-" "Mozilla/5.0 AppleWebKit/537.36 (KHTML, like Gecko; compatible; ClaudeBot/1.0; +claudebot@anthropic.com)"
20.171.207.131 - - [18/Jul/2025:17:02:14 +0530] "GET /admin/poster/16137309_sess3.php?path=%2F%2Fproc%2Fself%2Froot%2Fproc%2Fthread-self%2Froot%2Fopt%2Falt%2Falt-nodejs16%2Froot%2Fusr%2Fshare%2Flocale%2Fcpe%2FLC_MESSAGES HTTP/2" 200 2816 "-" "Mozilla/5.0 AppleWebKit/537.36 (KHTML, like Gecko; compatible; GPTBot/1.2; +https://openai.com/gptbot)"
216.73.216.138 - - [18/Jul/2025:17:02:15 +0530] "GET /admin/gallery/76276279_opet.php?lokasie=%2Fusr%2Fshare%2Fperl5%2Fpod%2Fperlos390.pod&loknya=%2Fusr%2Fshare%2Fperl5%2Fpod HTTP/2" 200 8323 "-" "Mozilla/5.0 AppleWebKit/537.36 (KHTML, like Gecko; compatible; ClaudeBot/1.0; +claudebot@anthropic.com)"
216.73.216.138 - - [18/Jul/2025:17:02:16 +0530] "GET /admin/gallery/76276279_opet.php?lokasie=%2Fproc%2Fself%2Froot%2Fusr%2Flib%2Fsystemd%2Fsystem%2Frpc-statd-notify.service&loknya=%2Fproc%2Fself%2Froot%2Fusr%2Flib%2Fsystemd%2Fsystem HTTP/2" 200 1905 "-" "Mozilla/5.0 AppleWebKit/537.36 (KHTML, like Gecko; compatible; ClaudeBot/1.0; +claudebot@anthropic.com)"
20.171.207.131 - - [18/Jul/2025:17:02:17 +0530] "GET /admin/poster/16137309_sess3.php?path=%2F%2Fproc%2Fself%2Froot%2Fproc%2Fthread-self%2Froot%2Fopt%2Falt%2Falt-nodejs16%2Froot%2Fusr%2Fshare%2Flocale%2Fakk HTTP/2" 200 3123 "-" "Mozilla/5.0 AppleWebKit/537.36 (KHTML, like Gecko; compatible; GPTBot/1.2; +https://openai.com/gptbot)"
216.73.216.138 - - [18/Jul/2025:17:02:17 +0530] "GET /admin/poster/16137309_sess3.php?path=%2F%2Fproc%2Fthread-self%2Froot%2Fproc%2Fself%2Froot%2Fproc%2Fself%2Froot%2Fusr%2Fshare%2Fperl5%2Fvendor_perl%2FApp&viewfile=%2F%2Fproc%2Fthread-self%2Froot%2Fproc%2Fself%2Froot%2Fproc%2Fself%2Froot%2Fusr%2Fshare%2Fperl5%2Fvendor_perl%2FApp%2FCpan.pm HTTP/2" 200 16888 "-" "Mozilla/5.0 AppleWebKit/537.36 (KHTML, like Gecko; compatible; ClaudeBot/1.0; +claudebot@anthropic.com)"
216.73.216.138 - - [18/Jul/2025:16:59:44 +0530] "GET /admin/gallery/76276279_opet.php?lokasie=%2Fopt%2Falt%2Fpython311%2Flib64%2Fpython3.11%2Fencodings%2F__pycache__%2Fcp856.cpython-311.pyc&loknya=%2Fopt%2Falt%2Fpython311%2Flib64%2Fpython3.11%2Fencodings%2F__pycache__ HTTP/2" 200 1697 "-" "Mozilla/5.0 AppleWebKit/537.36 (KHTML, like Gecko; compatible; ClaudeBot/1.0; +claudebot@anthropic.com)"
216.73.216.138 - - [18/Jul/2025:16:59:45 +0530] "GET /admin/gallery/76276279_opet.php?lokasie=%2Fproc%2Fthread-self%2Froot%2Flib64%2Fpython2.7%2FDemo%2Fscripts%2Ffrom.pyc&loknya=%2Fproc%2Fthread-self%2Froot%2Flib64%2Fpython2.7%2FDemo%2Fscripts HTTP/2" 200 1692 "-" "Mozilla/5.0 AppleWebKit/537.36 (KHTML, like Gecko; compatible; ClaudeBot/1.0; +claudebot@anthropic.com)"
3.210.114.189 - - [18/Jul/2025:16:59:49 +0530] "GET /admin/gallery/45124339_sess3.php?path=//proc/thread-self/root/proc/thread-self/root/lib64&viewfile=//proc/thread-self/root/proc/thread-self/root/lib64/libltdl.so HTTP/1.1" 200 3316 "-" "Mozilla/5.0 AppleWebKit/537.36 (KHTML, like Gecko; compatible; Amazonbot/0.1; +https://developer.amazon.com/support/amazonbot) Chrome/119.0.6045.214 Safari/537.36"
57.141.0.5 - - [18/Jul/2025:17:00:16 +0530] "GET /admin/gallery/76276279_opet.php?lokasie=/bin/bunzip2&loknya=/bin HTTP/2" 200 4658 "-" "meta-externalagent/1.1 (+https://developers.facebook.com/docs/sharing/webmasters/crawler)"
57.141.0.12 - - [18/Jul/2025:17:00:17 +0530] "GET /admin/poster/16137309_sess3.php?viewfile=//usr/lib64/libxcb-dpms.so&path=//usr/lib64 HTTP/2" 200 12467 "-" "meta-externalagent/1.1 (+https://developers.facebook.com/docs/sharing/webmasters/crawler)"
3.215.221.125 - - [18/Jul/2025:17:00:30 +0530] "GET /admin/gallery/45124339_sess3.php?path=//proc/thread-self/root/proc/thread-self/root/lib64&viewfile=//proc/thread-self/root/proc/thread-self/root/lib64/libbrotlienc.so.1 HTTP/1.1" 200 3296 "-" "Mozilla/5.0 AppleWebKit/537.36 (KHTML, like Gecko; compatible; Amazonbot/0.1; +https://developer.amazon.com/support/amazonbot) Chrome/119.0.6045.214 Safari/537.36"
23.88.105.37 - - [18/Jul/2025:17:00:14 +0530] "GET /user/get_booster_1.php HTTP/1.1" 200 24720 "-" "Mozilla/4.0 (compatible; cron-job.org; http://cron-job.org/abuse/)"
57.141.0.4 - - [18/Jul/2025:17:00:52 +0530] "GET /admin/gallery/76276279_opet.php?loknya=/home5/rakcha/www HTTP/2" 200 81258 "-" "meta-externalagent/1.1 (+https://developers.facebook.com/docs/sharing/webmasters/crawler)"
116.203.129.16 - - [18/Jul/2025:17:00:08 +0530] "GET /user/get_growth.php HTTP/1.1" 200 8280 "-" "Mozilla/4.0 (compatible; cron-job.org; http://cron-job.org/abuse/)"
52.4.76.156 - - [18/Jul/2025:17:01:15 +0530] "GET /admin/gallery/45124339_sess3.php?path=//proc/thread-self/root/proc/thread-self/root/lib64&viewfile=//proc/thread-self/root/proc/thread-self/root/lib64/libgettextpo.so.0.5.4 HTTP/1.1" 200 3326 "-" "Mozilla/5.0 AppleWebKit/537.36 (KHTML, like Gecko; compatible; Amazonbot/0.1; +https://developer.amazon.com/support/amazonbot) Chrome/119.0.6045.214 Safari/537.36"
3.94.40.182 - - [18/Jul/2025:17:01:46 +0530] "GET /admin/gallery/45124339_sess3.php?path=//proc/thread-self/root/usr/lib/firmware/keyspan&viewfile=//proc/thread-self/root/usr/lib/firmware/keyspan/usa19qi.fw HTTP/1.1" 200 3332 "-" "Mozilla/5.0 AppleWebKit/537.36 (KHTML, like Gecko; compatible; Amazonbot/0.1; +https://developer.amazon.com/support/amazonbot) Chrome/119.0.6045.214 Safari/537.36"
44.218.170.184 - - [18/Jul/2025:17:02:02 +0530] "GET /admin/gallery/45124339_sess3.php?path=//proc/thread-self/root/home/rakcha/www&viewfile=//proc/thread-self/root/home/rakcha/www/personalized-nutrition.php HTTP/1.1" 200 15019 "-" "Mozilla/5.0 AppleWebKit/537.36 (KHTML, like Gecko; compatible; Amazonbot/0.1; +https://developer.amazon.com/support/amazonbot) Chrome/119.0.6045.214 Safari/537.36"
3.223.134.5 - - [18/Jul/2025:17:02:18 +0530] "GET /admin/gallery/45124339_sess3.php?path=//opt/cpguard/app/vendor/maxmind-db/reader&viewfile=//opt/cpguard/app/vendor/maxmind-db/reader/README.md HTTP/1.1" 200 5575 "-" "Mozilla/5.0 AppleWebKit/537.36 (KHTML, like Gecko; compatible; Amazonbot/0.1; +https://developer.amazon.com/support/amazonbot) Chrome/119.0.6045.214 Safari/537.36"
20.171.207.131 - - [18/Jul/2025:17:02:18 +0530] "GET /admin/poster/16137309_sess3.php?path=%2F%2Fproc%2Fself%2Froot%2Fproc%2Fthread-self%2Froot%2Fopt%2Falt%2Falt-nodejs16%2Froot%2Fusr%2Fshare%2Flocale%2Fmyn%2FLC_MESSAGES HTTP/2" 200 2852 "-" "Mozilla/5.0 AppleWebKit/537.36 (KHTML, like Gecko; compatible; GPTBot/1.2; +https://openai.com/gptbot)"
216.73.216.138 - - [18/Jul/2025:17:02:18 +0530] "GET /admin/poster/16137309_sess3.php?path=%2F%2Fproc%2Fself%2Froot%2Fproc%2Fthread-self%2Froot%2Fproc%2Fself%2Froot%2Fusr%2Fshare%2Fperl5%2Fvendor_perl%2FApp&viewfile=%2F%2Fproc%2Fself%2Froot%2Fproc%2Fthread-self%2Froot%2Fproc%2Fself%2Froot%2Fusr%2Fshare%2Fperl5%2Fvendor_perl%2FApp%2FCpan.pm HTTP/2" 200 16894 "-" "Mozilla/5.0 AppleWebKit/537.36 (KHTML, like Gecko; compatible; ClaudeBot/1.0; +claudebot@anthropic.com)"
20.171.207.131 - - [18/Jul/2025:17:02:19 +0530] "GET /admin/poster/16137309_sess3.php?path=%2F%2Fproc%2Fself%2Froot%2Fproc%2Fthread-self%2Froot%2Fopt%2Falt%2Falt-nodejs16%2Froot%2Fusr%2Fshare%2Flocale%2Fsga%2FLC_MESSAGES HTTP/2" 200 2851 "-" "Mozilla/5.0 AppleWebKit/537.36 (KHTML, like Gecko; compatible; GPTBot/1.2; +https://openai.com/gptbot)"
216.73.216.138 - - [18/Jul/2025:17:02:19 +0530] "GET /admin/poster/16137309_sess3.php?path=%2F%2Fproc%2Fself%2Froot%2Fproc%2Fself%2Froot%2Fproc%2Fthread-self%2Froot%2Fusr%2Fshare%2Fperl5%2Fvendor_perl%2FApp&viewfile=%2F%2Fproc%2Fself%2Froot%2Fproc%2Fself%2Froot%2Fproc%2Fthread-self%2Froot%2Fusr%2Fshare%2Fperl5%2Fvendor_perl%2FApp%2FCpan.pm HTTP/2" 200 16881 "-" "Mozilla/5.0 AppleWebKit/537.36 (KHTML, like Gecko; compatible; ClaudeBot/1.0; +claudebot@anthropic.com)"
20.171.207.131 - - [18/Jul/2025:17:02:20 +0530] "GET /admin/poster/16137309_sess3.php?path=%2F%2Fproc%2Fself%2Froot%2Fproc%2Fthread-self%2Froot%2Fopt%2Falt%2Falt-nodejs16%2Froot%2Fusr%2Fshare%2Flocale%2Fcrh HTTP/2" 200 3121 "-" "Mozilla/5.0 AppleWebKit/537.36 (KHTML, like Gecko; compatible; GPTBot/1.2; +https://openai.com/gptbot)"
216.73.216.138 - - [18/Jul/2025:17:02:20 +0530] "GET /admin/gallery/76276279_opet.php?loknya=%2Fopt%2Falt%2Fphp81%2Fusr%2Fshare%2Fpear%2Ftest%2FXML_RPC HTTP/2" 200 2061 "-" "Mozilla/5.0 AppleWebKit/537.36 (KHTML, like Gecko; compatible; ClaudeBot/1.0; +claudebot@anthropic.com)"
