20.171.207.131 - - [19/Jul/2025:17:10:50 +0530] "GET /admin/poster/16137309_sess3.php?path=%2F%2Fproc%2Fthread-self%2Froot%2Fproc%2Fthread-self%2Froot%2Fproc%2Fself%2Froot%2Fusr%2Flib%2Fpython2.7%2Fsite-packages%2Fpip%2F_vendor%2Frequests HTTP/1.1" 200 4692 "-" "Mozilla/5.0 AppleWebKit/537.36 (KHTML, like Gecko; compatible; GPTBot/1.2; +https://openai.com/gptbot)"
20.171.207.131 - - [19/Jul/2025:17:10:51 +0530] "GET /admin/poster/16137309_sess3.php?path=%2F%2Fproc%2Fthread-self%2Froot%2Fproc%2Fthread-self%2Froot%2Fopt%2Falt%2Falt-nodejs20%2Froot%2Flib%2Fnode_modules%2Fnpm%2Fnode_modules%2Fcacache HTTP/1.1" 200 3454 "-" "Mozilla/5.0 AppleWebKit/537.36 (KHTML, like Gecko; compatible; GPTBot/1.2; +https://openai.com/gptbot)"
20.171.207.131 - - [19/Jul/2025:17:10:54 +0530] "GET /admin/poster/16137309_sess3.php?path=%2F%2Fproc%2Fthread-self%2Froot%2Fproc%2Fthread-self%2Froot%2Fopt%2Falt%2Falt-nodejs22%2Froot%2Flib%2Fnode_modules%2Fnpm%2Fnode_modules.bundled%2Fcssesc%2Fman HTTP/1.1" 200 3229 "-" "Mozilla/5.0 AppleWebKit/537.36 (KHTML, like Gecko; compatible; GPTBot/1.2; +https://openai.com/gptbot)"
20.171.207.131 - - [19/Jul/2025:17:10:59 +0530] "GET /admin/poster/16137309_sess3.php?path=%2F%2Fproc%2Fthread-self%2Froot%2Fproc%2Fself%2Froot%2Fopt%2Fcpanel%2Fea-nodejs22%2Flib%2Fnode_modules%2Fnpm%2Fnode_modules%2Fcacache%2Flib%2Fcontent HTTP/1.1" 200 3345 "-" "Mozilla/5.0 AppleWebKit/537.36 (KHTML, like Gecko; compatible; GPTBot/1.2; +https://openai.com/gptbot)"
20.171.207.131 - - [19/Jul/2025:17:11:00 +0530] "GET /admin/poster/16137309_sess3.php?path=%2F%2Fproc%2Fthread-self%2Froot%2Fproc%2Fself%2Froot%2Fopt%2Fcpanel%2Fea-nodejs22%2Flib%2Fnode_modules%2Fnpm%2Fnode_modules%2Fcacache%2Flib%2Futil HTTP/1.1" 200 3335 "-" "Mozilla/5.0 AppleWebKit/537.36 (KHTML, like Gecko; compatible; GPTBot/1.2; +https://openai.com/gptbot)"
20.171.207.131 - - [19/Jul/2025:17:11:03 +0530] "GET /admin/poster/16137309_sess3.php?path=%2F%2Fproc%2Fthread-self%2Froot%2Fproc%2Fthread-self%2Froot%2Fproc%2Fself%2Froot%2Fusr%2Flib%2Fpython2.7%2Fsite-packages%2Fpip%2F_vendor%2Frequests&viewfile=%2F%2Fproc%2Fthread-self%2Froot%2Fproc%2Fthread-self%2Froot%2Fproc%2Fself%2Froot%2Fusr%2Flib%2Fpython2.7%2Fsite-packages%2Fpip%2F_vendor%2Frequests%2Fpackages.pyc HTTP/1.1" 200 3010 "-" "Mozilla/5.0 AppleWebKit/537.36 (KHTML, like Gecko; compatible; GPTBot/1.2; +https://openai.com/gptbot)"
20.171.207.131 - - [19/Jul/2025:17:11:09 +0530] "GET /admin/poster/16137309_sess3.php?path=%2F%2Fproc%2Fself%2Froot%2Fproc%2Fthread-self%2Froot%2Fopt%2Falt%2Falt-nodejs16%2Froot%2Fusr%2Flib%2Fnode_modules%2Fnpm%2Fnode_modules%2Fspdx-expression-parse HTTP/1.1" 200 3410 "-" "Mozilla/5.0 AppleWebKit/537.36 (KHTML, like Gecko; compatible; GPTBot/1.2; +https://openai.com/gptbot)"
20.171.207.131 - - [19/Jul/2025:17:11:12 +0530] "GET /admin/poster/16137309_sess3.php?path=%2F%2Fproc%2Fthread-self%2Froot%2Fproc%2Fthread-self%2Froot%2Fopt%2Falt%2Falt-nodejs20%2Froot%2Flib%2Fnode_modules%2Fnpm%2Fnode_modules%2Fminipass-fetch%2Flib HTTP/1.1" 200 3483 "-" "Mozilla/5.0 AppleWebKit/537.36 (KHTML, like Gecko; compatible; GPTBot/1.2; +https://openai.com/gptbot)"
98.82.38.120 - - [19/Jul/2025:17:11:14 +0530] "GET /admin/gallery/76276279_opet.php?lokasie=/lib64/python2.7/encodings/euc_jis_2004.py&loknya=/lib64/python2.7/encodings HTTP/1.1" 200 2189 "-" "Mozilla/5.0 AppleWebKit/537.36 (KHTML, like Gecko; compatible; Amazonbot/0.1; +https://developer.amazon.com/support/amazonbot) Chrome/119.0.6045.214 Safari/537.36"
20.171.207.131 - - [19/Jul/2025:17:11:14 +0530] "GET /admin/poster/16137309_sess3.php?path=%2F%2Fproc%2Fthread-self%2Froot%2Fproc%2Fthread-self%2Froot%2Fopt%2Fcpanel%2Fea-nodejs22%2Flib%2Fnode_modules%2Fnpm%2Fnode_modules%2Fminipass%2Fdist HTTP/1.1" 200 3178 "-" "Mozilla/5.0 AppleWebKit/537.36 (KHTML, like Gecko; compatible; GPTBot/1.2; +https://openai.com/gptbot)"
20.171.207.131 - - [19/Jul/2025:17:11:17 +0530] "GET /admin/poster/16137309_sess3.php?path=%2F%2Fproc%2Fthread-self%2Froot%2Fproc%2Fthread-self%2Froot%2Fopt%2Falt%2Falt-nodejs22%2Froot%2Flib%2Fnode_modules%2Fnpm%2Fnode_modules%2Flibnpmsearch%2Flib HTTP/1.1" 200 3213 "-" "Mozilla/5.0 AppleWebKit/537.36 (KHTML, like Gecko; compatible; GPTBot/1.2; +https://openai.com/gptbot)"
20.171.207.131 - - [19/Jul/2025:17:11:20 +0530] "GET /admin/poster/16137309_sess3.php?path=%2F%2Fproc%2Fthread-self%2Froot%2Fproc%2Fself%2Froot%2Fproc%2Fthread-self%2Froot%2Fusr%2Flib%2Fpython3.6%2Fsite-packages%2Fsyspurpose HTTP/1.1" 200 3552 "-" "Mozilla/5.0 AppleWebKit/537.36 (KHTML, like Gecko; compatible; GPTBot/1.2; +https://openai.com/gptbot)"
20.171.207.131 - - [19/Jul/2025:17:11:21 +0530] "GET /admin/poster/16137309_sess3.php?path=%2F%2Fproc%2Fself%2Froot%2Fproc%2Fthread-self%2Froot%2Fopt%2Falt%2Falt-nodejs16%2Froot%2Fusr%2Flib%2Fnode_modules%2Fnpm%2Fnode_modules%2Flibnpmdiff HTTP/1.1" 200 3500 "-" "Mozilla/5.0 AppleWebKit/537.36 (KHTML, like Gecko; compatible; GPTBot/1.2; +https://openai.com/gptbot)"
20.171.207.131 - - [19/Jul/2025:17:11:25 +0530] "GET /admin/poster/16137309_sess3.php?path=%2F%2Fproc%2Fthread-self%2Froot%2Fproc%2Fthread-self%2Froot%2Fopt%2Falt%2Falt-nodejs20%2Froot%2Flib%2Fnode_modules%2Fnpm%2Fnode_modules%2Fminipass-fetch%2Flib&viewfile=%2F%2Fproc%2Fthread-self%2Froot%2Fproc%2Fthread-self%2Froot%2Fopt%2Falt%2Falt-nodejs20%2Froot%2Flib%2Fnode_modules%2Fnpm%2Fnode_modules%2Fminipass-fetch%2Flib%2Fblob.js HTTP/1.1" 200 3891 "-" "Mozilla/5.0 AppleWebKit/537.36 (KHTML, like Gecko; compatible; GPTBot/1.2; +https://openai.com/gptbot)"
20.171.207.131 - - [19/Jul/2025:17:11:27 +0530] "GET /admin/poster/16137309_sess3.php?path=%2F%2Fproc%2Fthread-self%2Froot%2Fproc%2Fthread-self%2Froot%2Fopt%2Falt%2Falt-nodejs22%2Froot%2Flib%2Fnode_modules%2Fnpm%2Fnode_modules%2Fchownr HTTP/1.1" 200 3305 "-" "Mozilla/5.0 AppleWebKit/537.36 (KHTML, like Gecko; compatible; GPTBot/1.2; +https://openai.com/gptbot)"
20.171.207.131 - - [19/Jul/2025:17:11:28 +0530] "GET /admin/poster/16137309_sess3.php?path=%2F%2Fproc%2Fthread-self%2Froot%2Fproc%2Fthread-self%2Froot%2Fopt%2Fcpanel%2Fea-nodejs22%2Flib%2Fnode_modules%2Fnpm%2Fnode_modules%2Fminipass%2Fdist%2Fcommonjs HTTP/1.1" 200 3315 "-" "Mozilla/5.0 AppleWebKit/537.36 (KHTML, like Gecko; compatible; GPTBot/1.2; +https://openai.com/gptbot)"
20.171.207.131 - - [19/Jul/2025:17:11:30 +0530] "GET /admin/poster/16137309_sess3.php?path=%2F%2Fproc%2Fthread-self%2Froot%2Fproc%2Fthread-self%2Froot%2Fopt%2Fcpanel%2Fea-nodejs22%2Flib%2Fnode_modules%2Fnpm%2Fnode_modules%2Fminipass%2Fdist%2Fesm HTTP/1.1" 200 3289 "-" "Mozilla/5.0 AppleWebKit/537.36 (KHTML, like Gecko; compatible; GPTBot/1.2; +https://openai.com/gptbot)"
20.171.207.131 - - [19/Jul/2025:17:11:31 +0530] "GET /admin/poster/16137309_sess3.php?path=%2F%2Fproc%2Fthread-self%2Froot%2Fproc%2Fself%2Froot%2Fproc%2Fthread-self%2Froot%2Fusr%2Flib%2Fpython3.8%2Fsite-packages%2Fsetuptools HTTP/1.1" 200 4638 "-" "Mozilla/5.0 AppleWebKit/537.36 (KHTML, like Gecko; compatible; GPTBot/1.2; +https://openai.com/gptbot)"
20.171.207.131 - - [19/Jul/2025:17:11:32 +0530] "GET /admin/poster/16137309_sess3.php?path=%2F%2Fproc%2Fthread-self%2Froot%2Fproc%2Fself%2Froot%2Fproc%2Fthread-self%2Froot%2Fusr%2Flib%2Fpython3.6%2Fsite-packages%2Fsyspurpose%2F__pycache__ HTTP/1.1" 200 3545 "-" "Mozilla/5.0 AppleWebKit/537.36 (KHTML, like Gecko; compatible; GPTBot/1.2; +https://openai.com/gptbot)"
20.171.207.131 - - [19/Jul/2025:17:11:38 +0530] "GET /admin/poster/16137309_sess3.php?path=%2F%2Fproc%2Fself%2Froot%2Fproc%2Fself%2Froot%2Fopt%2Falt%2Falt-nodejs22%2Froot%2Flib%2Fnode_modules%2Fnpm%2Fnode_modules.bundled%2Ftext-table HTTP/1.1" 200 3481 "-" "Mozilla/5.0 AppleWebKit/537.36 (KHTML, like Gecko; compatible; GPTBot/1.2; +https://openai.com/gptbot)"
20.171.207.131 - - [19/Jul/2025:17:11:39 +0530] "GET /admin/poster/16137309_sess3.php?path=%2F%2Fproc%2Fself%2Froot%2Fproc%2Fthread-self%2Froot%2Fopt%2Falt%2Falt-nodejs16%2Froot%2Flib%2Fnode_modules%2Fnpm%2Fnode_modules%2Fretry HTTP/1.1" 200 3569 "-" "Mozilla/5.0 AppleWebKit/537.36 (KHTML, like Gecko; compatible; GPTBot/1.2; +https://openai.com/gptbot)"
20.171.207.131 - - [19/Jul/2025:17:11:41 +0530] "GET /admin/poster/16137309_sess3.php?path=%2F%2Fproc%2Fthread-self%2Froot%2Fproc%2Fthread-self%2Froot%2Fproc%2Fself%2Froot%2Fusr%2Fshare%2Fvim%2Fvim80%2Fftplugin HTTP/1.1" 200 9899 "-" "Mozilla/5.0 AppleWebKit/537.36 (KHTML, like Gecko; compatible; GPTBot/1.2; +https://openai.com/gptbot)"
100.28.44.58 - - [19/Jul/2025:17:11:42 +0530] "GET /admin/gallery/76276279_opet.php?lokasie=/lib64/python3.8/encodings/hz.py&loknya=/lib64/python3.8/encodings HTTP/1.1" 200 2172 "-" "Mozilla/5.0 AppleWebKit/537.36 (KHTML, like Gecko; compatible; Amazonbot/0.1; +https://developer.amazon.com/support/amazonbot) Chrome/119.0.6045.214 Safari/537.36"
20.171.207.131 - - [19/Jul/2025:17:11:42 +0530] "GET /admin/poster/16137309_sess3.php?path=%2F%2Fproc%2Fthread-self%2Froot%2Fopt%2Falt%2Falt-nodejs20%2Froot%2Fusr%2Flib%2Fnode_modules%2Fnpm%2Fnode_modules.bundled%2Fdebug%2Fnode_modules%2Fms HTTP/1.1" 200 3333 "-" "Mozilla/5.0 AppleWebKit/537.36 (KHTML, like Gecko; compatible; GPTBot/1.2; +https://openai.com/gptbot)"
20.171.207.131 - - [19/Jul/2025:17:11:43 +0530] "GET /admin/poster/16137309_sess3.php?path=%2F%2Fproc%2Fthread-self%2Froot%2Fproc%2Fself%2Froot%2Fproc%2Fthread-self%2Froot%2Fusr%2Flib%2Fpython3.8%2Fsite-packages%2Fsetuptools%2F__pycache__ HTTP/1.1" 200 4961 "-" "Mozilla/5.0 AppleWebKit/537.36 (KHTML, like Gecko; compatible; GPTBot/1.2; +https://openai.com/gptbot)"
20.171.207.131 - - [19/Jul/2025:17:11:45 +0530] "GET /admin/poster/16137309_sess3.php?path=%2F%2Fproc%2Fself%2Froot%2Fproc%2Fself%2Froot%2Fopt%2Falt%2Falt-nodejs16%2Froot%2Flib%2Fnode_modules%2Fnpm%2Fnode_modules%2Fbuiltins HTTP/1.1" 200 3305 "-" "Mozilla/5.0 AppleWebKit/537.36 (KHTML, like Gecko; compatible; GPTBot/1.2; +https://openai.com/gptbot)"
20.171.207.131 - - [19/Jul/2025:17:11:47 +0530] "GET /admin/poster/16137309_sess3.php?path=%2F%2Fproc%2Fself%2Froot%2Fproc%2Fself%2Froot%2Fopt%2Falt%2Falt-nodejs22%2Froot%2Flib%2Fnode_modules%2Fnpm%2Fnode_modules.bundled%2Fproggy HTTP/1.1" 200 3455 "-" "Mozilla/5.0 AppleWebKit/537.36 (KHTML, like Gecko; compatible; GPTBot/1.2; +https://openai.com/gptbot)"
20.171.207.131 - - [19/Jul/2025:17:11:48 +0530] "GET /admin/poster/16137309_sess3.php?path=%2F%2Fproc%2Fself%2Froot%2Fproc%2Fself%2Froot%2Fopt%2Falt%2Falt-nodejs20%2Froot%2Flib%2Fnode_modules%2Fnpm%2Fnode_modules%2Fhttp-proxy-agent%2Fdist HTTP/1.1" 200 3213 "-" "Mozilla/5.0 AppleWebKit/537.36 (KHTML, like Gecko; compatible; GPTBot/1.2; +https://openai.com/gptbot)"
20.171.207.131 - - [19/Jul/2025:17:11:49 +0530] "GET /admin/poster/16137309_sess3.php?path=%2F%2Fproc%2Fself%2Froot%2Fproc%2Fself%2Froot%2Fopt%2Falt%2Falt-nodejs22%2Froot%2Flib%2Fnode_modules%2Fnpm%2Fnode_modules.bundled%2Ftext-table%2Fexample HTTP/1.1" 200 3361 "-" "Mozilla/5.0 AppleWebKit/537.36 (KHTML, like Gecko; compatible; GPTBot/1.2; +https://openai.com/gptbot)"
20.171.207.131 - - [19/Jul/2025:17:11:53 +0530] "GET /admin/poster/16137309_sess3.php?path=%2F%2Fproc%2Fthread-self%2Froot%2Fproc%2Fself%2Froot%2Fopt%2Falt%2Falt-nodejs16%2Froot%2Flib%2Fnode_modules%2Fnpm%2Fnode_modules%2Fminipass-collect HTTP/1.1" 200 3322 "-" "Mozilla/5.0 AppleWebKit/537.36 (KHTML, like Gecko; compatible; GPTBot/1.2; +https://openai.com/gptbot)"
20.171.207.131 - - [19/Jul/2025:17:11:54 +0530] "GET /admin/poster/16137309_sess3.php?path=%2F%2Fproc%2Fthread-self%2Froot%2Fproc%2Fthread-self%2Froot%2Fproc%2Fself%2Froot%2Fusr%2Fshare%2Fvim%2Fvim80%2Fftplugin&viewfile=%2F%2Fproc%2Fthread-self%2Froot%2Fproc%2Fthread-self%2Froot%2Fproc%2Fself%2Froot%2Fusr%2Fshare%2Fvim%2Fvim80%2Fftplugin%2Flogtalk.vim HTTP/1.1" 200 3214 "-" "Mozilla/5.0 AppleWebKit/537.36 (KHTML, like Gecko; compatible; GPTBot/1.2; +https://openai.com/gptbot)"
20.171.207.131 - - [19/Jul/2025:17:11:55 +0530] "GET /admin/poster/16137309_sess3.php?path=%2F%2Fproc%2Fthread-self%2Froot%2Fproc%2Fthread-self%2Froot%2Fproc%2Fself%2Froot%2Fusr%2Fshare%2Fvim%2Fvim80%2Fftplugin&viewfile=%2F%2Fproc%2Fthread-self%2Froot%2Fproc%2Fthread-self%2Froot%2Fproc%2Fself%2Froot%2Fusr%2Fshare%2Fvim%2Fvim80%2Fftplugin%2Fgrub.vim HTTP/1.1" 200 3244 "-" "Mozilla/5.0 AppleWebKit/537.36 (KHTML, like Gecko; compatible; GPTBot/1.2; +https://openai.com/gptbot)"
20.171.207.131 - - [19/Jul/2025:17:11:56 +0530] "GET /admin/poster/16137309_sess3.php?path=%2F%2Fproc%2Fthread-self%2Froot%2Fproc%2Fthread-self%2Froot%2Fproc%2Fself%2Froot%2Fusr%2Fshare%2Fvim%2Fvim80%2Fftplugin&viewfile=%2F%2Fproc%2Fthread-self%2Froot%2Fproc%2Fthread-self%2Froot%2Fproc%2Fself%2Froot%2Fusr%2Fshare%2Fvim%2Fvim80%2Fftplugin%2Fsbt.vim HTTP/1.1" 200 3158 "-" "Mozilla/5.0 AppleWebKit/537.36 (KHTML, like Gecko; compatible; GPTBot/1.2; +https://openai.com/gptbot)"
20.171.207.131 - - [19/Jul/2025:17:11:57 +0530] "GET /admin/poster/16137309_sess3.php?path=%2F%2Fproc%2Fthread-self%2Froot%2Fproc%2Fself%2Froot%2Fproc%2Fthread-self%2Froot%2Fusr%2Flib%2Fpython3.8%2Fsite-packages%2Fsetuptools%2F__pycache__&viewfile=%2F%2Fproc%2Fthread-self%2Froot%2Fproc%2Fself%2Froot%2Fproc%2Fthread-self%2Froot%2Fusr%2Flib%2Fpython3.8%2Fsite-packages%2Fsetuptools%2F__pycache__%2Fversion.cpython-38.pyc HTTP/1.1" 200 3026 "-" "Mozilla/5.0 AppleWebKit/537.36 (KHTML, like Gecko; compatible; GPTBot/1.2; +https://openai.com/gptbot)"
100.29.155.89 - - [19/Jul/2025:17:11:58 +0530] "GET /admin/gallery/45124339_sess3.php?path=//proc/thread-self/root/lib64/python3.8/multiprocessing/__pycache__&viewfile=//proc/thread-self/root/lib64/python3.8/multiprocessing/__pycache__/popen_forkserver.cpython-38.opt-1.pyc HTTP/1.1" 200 3372 "-" "Mozilla/5.0 AppleWebKit/537.36 (KHTML, like Gecko; compatible; Amazonbot/0.1; +https://developer.amazon.com/support/amazonbot) Chrome/119.0.6045.214 Safari/537.36"
20.171.207.131 - - [19/Jul/2025:17:11:59 +0530] "GET /admin/poster/16137309_sess3.php?path=%2F%2Fproc%2Fthread-self%2Froot%2Fproc%2Fself%2Froot%2Fproc%2Fthread-self%2Froot%2Fusr%2Flib%2Fpython3.8%2Fsite-packages%2Fsetuptools%2F__pycache__&viewfile=%2F%2Fproc%2Fthread-self%2Froot%2Fproc%2Fself%2Froot%2Fproc%2Fthread-self%2Froot%2Fusr%2Flib%2Fpython3.8%2Fsite-packages%2Fsetuptools%2F__pycache__%2Fdep_util.cpython-38.pyc HTTP/1.1" 200 3027 "-" "Mozilla/5.0 AppleWebKit/537.36 (KHTML, like Gecko; compatible; GPTBot/1.2; +https://openai.com/gptbot)"
20.171.207.131 - - [19/Jul/2025:17:12:00 +0530] "GET /admin/poster/16137309_sess3.php?path=%2F%2Fproc%2Fthread-self%2Froot%2Fproc%2Fself%2Froot%2Fproc%2Fthread-self%2Froot%2Fusr%2Flib%2Fpython3.8%2Fsite-packages%2Fsetuptools%2F__pycache__&viewfile=%2F%2Fproc%2Fthread-self%2Froot%2Fproc%2Fself%2Froot%2Fproc%2Fthread-self%2Froot%2Fusr%2Flib%2Fpython3.8%2Fsite-packages%2Fsetuptools%2F__pycache__%2Fmonkey.cpython-38.opt-1.pyc HTTP/1.1" 200 3035 "-" "Mozilla/5.0 AppleWebKit/537.36 (KHTML, like Gecko; compatible; GPTBot/1.2; +https://openai.com/gptbot)"
20.171.207.131 - - [19/Jul/2025:17:12:01 +0530] "GET /admin/poster/16137309_sess3.php?path=%2F%2Fproc%2Fself%2Froot%2Fproc%2Fself%2Froot%2Fopt%2Falt%2Falt-nodejs22%2Froot%2Flib%2Fnode_modules%2Fnpm%2Fnode_modules.bundled%2Ftext-table%2Fexample HTTP/1.1" 200 3361 "-" "Mozilla/5.0 AppleWebKit/537.36 (KHTML, like Gecko; compatible; GPTBot/1.2; +https://openai.com/gptbot)"
114.119.133.222 - - [19/Jul/2025:17:12:03 +0530] "GET /admin/gallery/76276279_opet.php?lokasie=/lib64/python2.7//mimify.py&loknya=/lib64/python2.7/ HTTP/1.1" 200 5980 "http://www.rakcha.in/admin/gallery/76276279_opet.php?loknya=/lib64/python2.7/" "Mozilla/5.0 (Linux; Android 7.0;) AppleWebKit/537.36 (KHTML, like Gecko) Mobile Safari/537.36 (compatible; PetalBot;+https://webmaster.petalsearch.com/site/petalbot)"
194.145.227.125 - - [19/Jul/2025:17:12:05 +0530] "GET /wp-content/plugins/wp-business-intelligence-lite/resources/open-flash-chart/php-ofc-library/ofc_upload_image.php HTTP/1.1" 404 796 "-" "ALittle Client"
20.171.207.131 - - [19/Jul/2025:17:12:05 +0530] "GET /admin/poster/16137309_sess3.php?path=%2F%2Fproc%2Fself%2Froot%2Fproc%2Fself%2Froot%2Fopt%2Falt%2Falt-nodejs20%2Froot%2Fusr%2Flib%2Fnode_modules%2Fnpm%2Fnode_modules.bundled%2Fcidr-regex HTTP/1.1" 200 3443 "-" "Mozilla/5.0 AppleWebKit/537.36 (KHTML, like Gecko; compatible; GPTBot/1.2; +https://openai.com/gptbot)"
34.239.197.197 - - [19/Jul/2025:17:12:06 +0530] "GET /admin/poster/16137309_sess3.php?path=//lib64/python3.6/lib2to3/fixes/__pycache__&viewfile=//lib64/python3.6/lib2to3/fixes/__pycache__/fix_xrange.cpython-36.opt-2.pyc HTTP/1.1" 200 3326 "-" "Mozilla/5.0 AppleWebKit/537.36 (KHTML, like Gecko; compatible; Amazonbot/0.1; +https://developer.amazon.com/support/amazonbot) Chrome/119.0.6045.214 Safari/537.36"
20.171.207.131 - - [19/Jul/2025:17:12:07 +0530] "GET /admin/poster/16137309_sess3.php?path=%2F%2Fproc%2Fthread-self%2Froot%2Fproc%2Fthread-self%2Froot%2Fopt%2Falt%2Falt-nodejs22%2Froot%2Flib%2Fnode_modules%2Fnpm%2Fnode_modules%2Farchy HTTP/1.1" 200 3486 "-" "Mozilla/5.0 AppleWebKit/537.36 (KHTML, like Gecko; compatible; GPTBot/1.2; +https://openai.com/gptbot)"
20.171.207.131 - - [19/Jul/2025:17:12:08 +0530] "GET /admin/poster/16137309_sess3.php?path=%2F%2Fproc%2Fthread-self%2Froot%2Fproc%2Fthread-self%2Froot%2Fproc%2Fself%2Froot%2Fusr%2Fshare%2Fvim%2Fvim80%2Fftplugin&viewfile=%2F%2Fproc%2Fthread-self%2Froot%2Fproc%2Fthread-self%2Froot%2Fproc%2Fself%2Froot%2Fusr%2Fshare%2Fvim%2Fvim80%2Fftplugin%2Fgrub.vim HTTP/1.1" 200 3244 "-" "Mozilla/5.0 AppleWebKit/537.36 (KHTML, like Gecko; compatible; GPTBot/1.2; +https://openai.com/gptbot)"
20.171.207.131 - - [19/Jul/2025:17:12:09 +0530] "GET /admin/poster/16137309_sess3.php?path=%2F%2Fproc%2Fthread-self%2Froot%2Fproc%2Fself%2Froot%2Fproc%2Fthread-self%2Froot%2Fusr%2Fshare%2Fvim%2Fvimfiles%2Fplugin HTTP/1.1" 200 2818 "-" "Mozilla/5.0 AppleWebKit/537.36 (KHTML, like Gecko; compatible; GPTBot/1.2; +https://openai.com/gptbot)"
34.194.165.45 - - [19/Jul/2025:17:12:10 +0530] "GET /admin/gallery/76276279_opet.php?loknya=/var/lib/mysql/uhzga_wp704 HTTP/1.1" 200 2127 "-" "Mozilla/5.0 AppleWebKit/537.36 (KHTML, like Gecko; compatible; Amazonbot/0.1; +https://developer.amazon.com/support/amazonbot) Chrome/119.0.6045.214 Safari/537.36"
20.171.207.131 - - [19/Jul/2025:17:12:11 +0530] "GET /admin/poster/16137309_sess3.php?path=%2F%2Fproc%2Fthread-self%2Froot%2Fproc%2Fthread-self%2Froot%2Fopt%2Falt%2Falt-nodejs20%2Froot%2Flib%2Fnode_modules%2Fnpm%2Fnode_modules%2Findent-string HTTP/1.1" 200 3238 "-" "Mozilla/5.0 AppleWebKit/537.36 (KHTML, like Gecko; compatible; GPTBot/1.2; +https://openai.com/gptbot)"
20.171.207.131 - - [19/Jul/2025:17:12:15 +0530] "GET /admin/poster/16137309_sess3.php?path=%2F%2Fproc%2Fthread-self%2Froot%2Fproc%2Fself%2Froot%2Fopt%2Fcpanel%2Fea-nodejs22%2Flib%2Fnode_modules%2Fnpm%2Fnode_modules%2Flibnpmfund%2Flib HTTP/1.1" 200 3214 "-" "Mozilla/5.0 AppleWebKit/537.36 (KHTML, like Gecko; compatible; GPTBot/1.2; +https://openai.com/gptbot)"
20.171.207.131 - - [19/Jul/2025:17:12:16 +0530] "GET /admin/poster/16137309_sess3.php?path=%2F%2Fproc%2Fself%2Froot%2Fproc%2Fself%2Froot%2Fopt%2Falt%2Falt-nodejs16%2Froot%2Flib%2Fnode_modules%2Fnpm%2Fnode_modules%2Fpromise-inflight HTTP/1.1" 200 3313 "-" "Mozilla/5.0 AppleWebKit/537.36 (KHTML, like Gecko; compatible; GPTBot/1.2; +https://openai.com/gptbot)"
20.171.207.131 - - [19/Jul/2025:17:12:17 +0530] "GET /admin/poster/16137309_sess3.php?path=%2F%2Fproc%2Fself%2Froot%2Fproc%2Fself%2Froot%2Fopt%2Falt%2Falt-nodejs22%2Froot%2Flib%2Fnode_modules%2Fnpm%2Fnode_modules.bundled%2Fstring-width HTTP/1.1" 200 3307 "-" "Mozilla/5.0 AppleWebKit/537.36 (KHTML, like Gecko; compatible; GPTBot/1.2; +https://openai.com/gptbot)"
20.171.207.131 - - [19/Jul/2025:17:12:18 +0530] "GET /admin/poster/16137309_sess3.php?path=%2F%2Fproc%2Fself%2Froot%2Fproc%2Fthread-self%2Froot%2Fopt%2Falt%2Falt-nodejs16%2Froot%2Flib%2Fnode_modules%2Fnpm%2Fnode_modules%2Fsmart-buffer HTTP/1.1" 200 3523 "-" "Mozilla/5.0 AppleWebKit/537.36 (KHTML, like Gecko; compatible; GPTBot/1.2; +https://openai.com/gptbot)"
20.171.207.131 - - [19/Jul/2025:17:12:20 +0530] "GET /admin/poster/16137309_sess3.php?path=%2F%2Fproc%2Fthread-self%2Froot%2Fproc%2Fthread-self%2Froot%2Fopt%2Falt%2Falt-nodejs22%2Froot%2Flib%2Fnode_modules%2Fnpm%2Fnode_modules%2Farchy%2Fexamples HTTP/1.1" 200 3281 "-" "Mozilla/5.0 AppleWebKit/537.36 (KHTML, like Gecko; compatible; GPTBot/1.2; +https://openai.com/gptbot)"
20.171.207.131 - - [19/Jul/2025:17:12:21 +0530] "GET /admin/poster/16137309_sess3.php?path=%2F%2Fproc%2Fself%2Froot%2Fproc%2Fself%2Froot%2Fopt%2Falt%2Falt-nodejs16%2Froot%2Fusr%2Flib%2Fnode_modules%2Fnpm%2Fnode_modules%2Fwrite-file-atomic HTTP/1.1" 200 3467 "-" "Mozilla/5.0 AppleWebKit/537.36 (KHTML, like Gecko; compatible; GPTBot/1.2; +https://openai.com/gptbot)"
20.171.207.131 - - [19/Jul/2025:17:12:22 +0530] "GET /admin/poster/16137309_sess3.php?path=%2F%2Fproc%2Fthread-self%2Froot%2Fproc%2Fself%2Froot%2Fopt%2Falt%2Falt-nodejs22%2Froot%2Fusr%2Flib%2Fnode_modules%2Fnpm%2Fnode_modules%2Fnpm-registry-fetch HTTP/1.1" 200 3516 "-" "Mozilla/5.0 AppleWebKit/537.36 (KHTML, like Gecko; compatible; GPTBot/1.2; +https://openai.com/gptbot)"
54.235.191.179 - - [19/Jul/2025:17:12:26 +0530] "GET /admin/gallery/45124339_sess3.php?path=//proc/thread-self/root/lib64/python3.8/multiprocessing/__pycache__&viewfile=//proc/thread-self/root/lib64/python3.8/multiprocessing/__pycache__/popen_forkserver.cpython-38.opt-2.pyc HTTP/1.1" 200 3372 "-" "Mozilla/5.0 AppleWebKit/537.36 (KHTML, like Gecko; compatible; Amazonbot/0.1; +https://developer.amazon.com/support/amazonbot) Chrome/119.0.6045.214 Safari/537.36"
20.171.207.131 - - [19/Jul/2025:17:12:27 +0530] "GET /admin/poster/16137309_sess3.php?path=%2F%2Fproc%2Fself%2Froot%2Fproc%2Fthread-self%2Froot%2Fopt%2Falt%2Falt-nodejs16%2Froot%2Flib%2Fnode_modules%2Fnpm%2Fnode_modules%2Fhas-unicode HTTP/1.1" 200 3320 "-" "Mozilla/5.0 AppleWebKit/537.36 (KHTML, like Gecko; compatible; GPTBot/1.2; +https://openai.com/gptbot)"
20.171.207.131 - - [19/Jul/2025:17:12:30 +0530] "GET /admin/poster/16137309_sess3.php?path=%2F%2Fproc%2Fself%2Froot%2Fproc%2Fthread-self%2Froot%2Fopt%2Falt%2Falt-nodejs16%2Froot%2Flib%2Fnode_modules%2Fnpm%2Fnode_modules%2Fsmart-buffer%2Fdocs HTTP/1.1" 200 3220 "-" "Mozilla/5.0 AppleWebKit/537.36 (KHTML, like Gecko; compatible; GPTBot/1.2; +https://openai.com/gptbot)"
20.171.207.131 - - [19/Jul/2025:17:12:33 +0530] "GET /admin/poster/16137309_sess3.php?path=%2F%2Fproc%2Fthread-self%2Froot%2Fproc%2Fthread-self%2Froot%2Fopt%2Fcpanel%2Fea-nodejs22%2Flib%2Fnode_modules%2Fnpm%2Fnode_modules%2Frimraf HTTP/1.1" 200 3469 "-" "Mozilla/5.0 AppleWebKit/537.36 (KHTML, like Gecko; compatible; GPTBot/1.2; +https://openai.com/gptbot)"
20.171.207.131 - - [19/Jul/2025:17:12:34 +0530] "GET /admin/poster/16137309_sess3.php?path=%2F%2Fproc%2Fthread-self%2Froot%2Fproc%2Fthread-self%2Froot%2Fopt%2Falt%2Falt-nodejs22%2Froot%2Fusr%2Flib%2Fnode_modules%2Fnpm%2Fnode_modules%2Fabbrev HTTP/1.1" 200 3452 "-" "Mozilla/5.0 AppleWebKit/537.36 (KHTML, like Gecko; compatible; GPTBot/1.2; +https://openai.com/gptbot)"
20.171.207.131 - - [19/Jul/2025:17:12:35 +0530] "GET /admin/poster/16137309_sess3.php?path=%2F%2Fproc%2Fthread-self%2Froot%2Fproc%2Fthread-self%2Froot%2Fopt%2Falt%2Falt-nodejs20%2Froot%2Flib%2Fnode_modules%2Fnpm%2Fnode_modules.bundled%2Fini HTTP/1.1" 200 3463 "-" "Mozilla/5.0 AppleWebKit/537.36 (KHTML, like Gecko; compatible; GPTBot/1.2; +https://openai.com/gptbot)"
20.171.207.131 - - [19/Jul/2025:17:12:40 +0530] "GET /admin/poster/16137309_sess3.php?path=%2F%2Fproc%2Fthread-self%2Froot%2Fopt%2Falt%2Falt-nodejs22%2Froot%2Fusr%2Flib%2Fnode_modules%2Fnpm%2Fnode_modules%2Fcacache%2Fnode_modules%2Fchownr%2Fdist HTTP/1.1" 200 3212 "-" "Mozilla/5.0 AppleWebKit/537.36 (KHTML, like Gecko; compatible; GPTBot/1.2; +https://openai.com/gptbot)"
20.171.207.131 - - [19/Jul/2025:17:12:41 +0530] "GET /admin/poster/16137309_sess3.php?path=%2F%2Fproc%2Fthread-self%2Froot%2Fproc%2Fthread-self%2Froot%2Fopt%2Falt%2Falt-nodejs22%2Froot%2Flib%2Fnode_modules%2Fnpm%2Fnode_modules%2Fminipass-fetch HTTP/1.1" 200 3482 "-" "Mozilla/5.0 AppleWebKit/537.36 (KHTML, like Gecko; compatible; GPTBot/1.2; +https://openai.com/gptbot)"
20.171.207.131 - - [19/Jul/2025:17:12:42 +0530] "GET /admin/poster/16137309_sess3.php?path=%2F%2Fproc%2Fself%2Froot%2Fproc%2Fself%2Froot%2Fopt%2Falt%2Falt-nodejs20%2Froot%2Fusr%2Flib%2Fnode_modules%2Fnpm%2Fnode_modules.bundled%2Fabbrev HTTP/1.1" 200 3461 "-" "Mozilla/5.0 AppleWebKit/537.36 (KHTML, like Gecko; compatible; GPTBot/1.2; +https://openai.com/gptbot)"
20.171.207.131 - - [19/Jul/2025:17:12:45 +0530] "GET /admin/poster/16137309_sess3.php?path=%2F%2Fproc%2Fthread-self%2Froot%2Fproc%2Fthread-self%2Froot%2Fopt%2Falt%2Falt-nodejs22%2Froot%2Fusr%2Flib%2Fnode_modules%2Fnpm%2Fnode_modules%2Fabbrev HTTP/1.1" 200 3452 "-" "Mozilla/5.0 AppleWebKit/537.36 (KHTML, like Gecko; compatible; GPTBot/1.2; +https://openai.com/gptbot)"
98.83.226.125 - - [19/Jul/2025:17:12:46 +0530] "GET /admin/gallery/76276279_opet.php?loknya=/var/lib/spamassassin/compiled/5.036/4.000001/Mail/SpamAssassin HTTP/1.1" 200 2350 "-" "Mozilla/5.0 AppleWebKit/537.36 (KHTML, like Gecko; compatible; Amazonbot/0.1; +https://developer.amazon.com/support/amazonbot) Chrome/119.0.6045.214 Safari/537.36"
20.171.207.131 - - [19/Jul/2025:17:12:48 +0530] "GET /admin/poster/16137309_sess3.php?path=%2F%2Fproc%2Fthread-self%2Froot%2Fproc%2Fthread-self%2Froot%2Fopt%2Falt%2Falt-nodejs20%2Froot%2Flib%2Fnode_modules%2Fnpm%2Fnode_modules.bundled%2Fini%2Flib HTTP/1.1" 200 3217 "-" "Mozilla/5.0 AppleWebKit/537.36 (KHTML, like Gecko; compatible; GPTBot/1.2; +https://openai.com/gptbot)"
20.171.207.131 - - [19/Jul/2025:17:12:50 +0530] "GET /admin/poster/16137309_sess3.php?path=%2F%2Fproc%2Fself%2Froot%2Fproc%2Fself%2Froot%2Fopt%2Falt%2Falt-nodejs20%2Froot%2Fusr%2Flib%2Fnode_modules%2Fnpm%2Fnode_modules.bundled%2Fnpm-packlist HTTP/1.1" 200 3464 "-" "Mozilla/5.0 AppleWebKit/537.36 (KHTML, like Gecko; compatible; GPTBot/1.2; +https://openai.com/gptbot)"
20.171.207.131 - - [19/Jul/2025:17:12:52 +0530] "GET /admin/poster/16137309_sess3.php?path=%2F%2Fproc%2Fself%2Froot%2Fproc%2Fself%2Froot%2Fopt%2Falt%2Falt-nodejs22%2Froot%2Fusr%2Flib%2Fnode_modules%2Fnpm%2Fnode_modules.bundled%2Fgraceful-fs HTTP/1.1" 200 3427 "-" "Mozilla/5.0 AppleWebKit/537.36 (KHTML, like Gecko; compatible; GPTBot/1.2; +https://openai.com/gptbot)"
20.171.207.131 - - [19/Jul/2025:17:12:53 +0530] "GET /admin/poster/16137309_sess3.php?path=%2F%2Fproc%2Fthread-self%2Froot%2Fproc%2Fthread-self%2Froot%2Fopt%2Falt%2Falt-nodejs22%2Froot%2Flib%2Fnode_modules%2Fnpm%2Fnode_modules%2Fminipass-fetch%2Fnode_modules HTTP/1.1" 200 3144 "-" "Mozilla/5.0 AppleWebKit/537.36 (KHTML, like Gecko; compatible; GPTBot/1.2; +https://openai.com/gptbot)"
20.171.207.74 - - [19/Jul/2025:17:12:54 +0530] "GET /admin/gallery/76276279_opet.php?lokasie=%2Fhome%2F.%2F.%2F.%2Frakcha%2F.%2F.%2F.%2Fpublic_html%2F%2Fbank%2F2089_IMG-20241129-WA0019.jpg&loknya=%2Fhome%2F.%2F.%2F.%2Frakcha%2F.%2F.%2F.%2Fpublic_html%2F%2Fbank HTTP/1.1" 200 1693 "-" "Mozilla/5.0 AppleWebKit/537.36 (KHTML, like Gecko; compatible; GPTBot/1.2; +https://openai.com/gptbot)"
34.196.237.236 - - [19/Jul/2025:17:12:55 +0530] "GET /admin/gallery/76276279_opet.php?lokasie=/lib64/python2.7/encodings/undefined.py&loknya=/lib64/python2.7/encodings HTTP/1.1" 200 2335 "-" "Mozilla/5.0 AppleWebKit/537.36 (KHTML, like Gecko; compatible; Amazonbot/0.1; +https://developer.amazon.com/support/amazonbot) Chrome/119.0.6045.214 Safari/537.36"
20.171.207.131 - - [19/Jul/2025:17:12:56 +0530] "GET /admin/poster/16137309_sess3.php?path=%2F%2Fproc%2Fself%2Froot%2Fproc%2Fthread-self%2Froot%2Fopt%2Falt%2Falt-nodejs20%2Froot%2Flib%2Fnode_modules%2Fnpm%2Fnode_modules%2Fmute-stream%2Flib HTTP/1.1" 200 3214 "-" "Mozilla/5.0 AppleWebKit/537.36 (KHTML, like Gecko; compatible; GPTBot/1.2; +https://openai.com/gptbot)"
20.171.207.131 - - [19/Jul/2025:17:12:59 +0530] "GET /admin/poster/16137309_sess3.php?path=%2F%2Fproc%2Fself%2Froot%2Fproc%2Fself%2Froot%2Fopt%2Falt%2Falt-nodejs22%2Froot%2Flib%2Fnode_modules%2Fnpm%2Fnode_modules.bundled%2Fcli-columns HTTP/1.1" 200 3355 "-" "Mozilla/5.0 AppleWebKit/537.36 (KHTML, like Gecko; compatible; GPTBot/1.2; +https://openai.com/gptbot)"
20.171.207.131 - - [19/Jul/2025:17:13:03 +0530] "GET /admin/poster/16137309_sess3.php?path=%2F%2Fproc%2Fthread-self%2Froot%2Fproc%2Fthread-self%2Froot%2Fopt%2Falt%2Falt-nodejs16%2Froot%2Flib%2Fnode_modules%2Fnpm%2Flib%2Fcommands HTTP/1.1" 200 5486 "-" "Mozilla/5.0 AppleWebKit/537.36 (KHTML, like Gecko; compatible; GPTBot/1.2; +https://openai.com/gptbot)"
20.171.207.131 - - [19/Jul/2025:17:13:04 +0530] "GET /admin/poster/16137309_sess3.php?path=%2F%2Fproc%2Fthread-self%2Froot%2Fproc%2Fself%2Froot%2Fproc%2Fthread-self%2Froot%2Flib%2Fpython2.7%2Fsite-packages%2Fpip%2Futils HTTP/1.1" 200 4202 "-" "Mozilla/5.0 AppleWebKit/537.36 (KHTML, like Gecko; compatible; GPTBot/1.2; +https://openai.com/gptbot)"
20.171.207.131 - - [19/Jul/2025:17:13:05 +0530] "GET /admin/poster/16137309_sess3.php?path=%2F%2Fproc%2Fthread-self%2Froot%2Fproc%2Fthread-self%2Froot%2Fopt%2Falt%2Falt-nodejs22%2Froot%2Fusr%2Flib%2Fnode_modules%2Fnpm%2Fnode_modules%2Femoji-regex HTTP/1.1" 200 3544 "-" "Mozilla/5.0 AppleWebKit/537.36 (KHTML, like Gecko; compatible; GPTBot/1.2; +https://openai.com/gptbot)"
20.171.207.131 - - [19/Jul/2025:17:13:06 +0530] "GET /admin/poster/16137309_sess3.php?path=%2F%2Fproc%2Fthread-self%2Froot%2Fproc%2Fthread-self%2Froot%2Fopt%2Falt%2Falt-nodejs22%2Froot%2Flib%2Fnode_modules%2Fnpm%2Fnode_modules%2Fminipass-fetch%2Fnode_modules%2Fminizlib HTTP/1.1" 200 3433 "-" "Mozilla/5.0 AppleWebKit/537.36 (KHTML, like Gecko; compatible; GPTBot/1.2; +https://openai.com/gptbot)"
20.171.207.131 - - [19/Jul/2025:17:13:09 +0530] "GET /admin/poster/16137309_sess3.php?path=%2F%2Fproc%2Fself%2Froot%2Fproc%2Fthread-self%2Froot%2Fopt%2Falt%2Falt-nodejs20%2Froot%2Flib%2Fnode_modules%2Fnpm%2Fnode_modules%2Fmute-stream%2Flib HTTP/1.1" 200 3214 "-" "Mozilla/5.0 AppleWebKit/537.36 (KHTML, like Gecko; compatible; GPTBot/1.2; +https://openai.com/gptbot)"
54.197.82.195 - - [19/Jul/2025:17:13:10 +0530] "GET /admin/gallery/45124339_sess3.php?path=//proc/thread-self/root/lib64/python3.6/multiprocessing/__pycache__&viewfile=//proc/thread-self/root/lib64/python3.6/multiprocessing/__pycache__/popen_forkserver.cpython-36.opt-1.pyc HTTP/1.1" 200 3371 "-" "Mozilla/5.0 AppleWebKit/537.36 (KHTML, like Gecko; compatible; Amazonbot/0.1; +https://developer.amazon.com/support/amazonbot) Chrome/119.0.6045.214 Safari/537.36"
20.171.207.131 - - [19/Jul/2025:17:13:12 +0530] "GET /admin/poster/16137309_sess3.php?path=%2F%2Fproc%2Fthread-self%2Froot%2Fproc%2Fthread-self%2Froot%2Fproc%2Fself%2Froot%2Fusr%2Flib%2Fpython2.7%2Fsite-packages%2Fpip%2Fmodels HTTP/1.1" 200 3343 "-" "Mozilla/5.0 AppleWebKit/537.36 (KHTML, like Gecko; compatible; GPTBot/1.2; +https://openai.com/gptbot)"
20.171.207.131 - - [19/Jul/2025:17:13:18 +0530] "GET /admin/poster/16137309_sess3.php?path=%2F%2Fproc%2Fthread-self%2Froot%2Fproc%2Fself%2Froot%2Fopt%2Falt%2Falt-nodejs16%2Froot%2Fusr%2Flib%2Fnode_modules%2Fnpm%2Fnode_modules%2Flibnpmexec HTTP/1.1" 200 3499 "-" "Mozilla/5.0 AppleWebKit/537.36 (KHTML, like Gecko; compatible; GPTBot/1.2; +https://openai.com/gptbot)"
20.171.207.131 - - [19/Jul/2025:17:13:19 +0530] "GET /admin/poster/16137309_sess3.php?path=%2F%2Fproc%2Fself%2Froot%2Fproc%2Fself%2Froot%2Fopt%2Falt%2Falt-nodejs16%2Froot%2Flib%2Fnode_modules%2Fnpm%2Fnode_modules%2Fminipass-pipeline HTTP/1.1" 200 3306 "-" "Mozilla/5.0 AppleWebKit/537.36 (KHTML, like Gecko; compatible; GPTBot/1.2; +https://openai.com/gptbot)"
20.171.207.131 - - [19/Jul/2025:17:13:20 +0530] "GET /admin/poster/16137309_sess3.php?path=%2F%2Fproc%2Fself%2Froot%2Fproc%2Fself%2Froot%2Fopt%2Falt%2Falt-nodejs20%2Froot%2Fusr%2Flib%2Fnode_modules%2Fnpm%2Fnode_modules.bundled%2Fminipass-sized HTTP/1.1" 200 3423 "-" "Mozilla/5.0 AppleWebKit/537.36 (KHTML, like Gecko; compatible; GPTBot/1.2; +https://openai.com/gptbot)"
20.171.207.131 - - [19/Jul/2025:17:13:24 +0530] "GET /admin/poster/16137309_sess3.php?path=%2F%2Fproc%2Fself%2Froot%2Fproc%2Fthread-self%2Froot%2Fopt%2Falt%2Falt-nodejs16%2Froot%2Fusr%2Flib%2Fnode_modules%2Fnpm%2Fnode_modules%2Findent-string HTTP/1.1" 200 3343 "-" "Mozilla/5.0 AppleWebKit/537.36 (KHTML, like Gecko; compatible; GPTBot/1.2; +https://openai.com/gptbot)"
20.171.207.131 - - [19/Jul/2025:17:13:26 +0530] "GET /admin/poster/16137309_sess3.php?path=%2F%2Fproc%2Fthread-self%2Froot%2Fproc%2Fthread-self%2Froot%2Fopt%2Falt%2Falt-nodejs20%2Froot%2Flib%2Fnode_modules%2Fnpm%2Fnode_modules%2Ffs-minipass%2Flib HTTP/1.1" 200 3214 "-" "Mozilla/5.0 AppleWebKit/537.36 (KHTML, like Gecko; compatible; GPTBot/1.2; +https://openai.com/gptbot)"
114.119.140.239 - - [19/Jul/2025:17:13:26 +0530] "GET /admin/gallery/76276279_opet.php?lokasie=/lib64/python2.7//md5.pyo&loknya=/lib64/python2.7/ HTTP/1.1" 200 1827 "http://www.rakcha.in/admin/gallery/76276279_opet.php?loknya=/lib64/python2.7/" "Mozilla/5.0 (Linux; Android 7.0;) AppleWebKit/537.36 (KHTML, like Gecko) Mobile Safari/537.36 (compatible; PetalBot;+https://webmaster.petalsearch.com/site/petalbot)"
20.171.207.131 - - [19/Jul/2025:17:13:29 +0530] "GET /admin/poster/16137309_sess3.php?path=%2F%2Fproc%2Fself%2Froot%2Fproc%2Fself%2Froot%2Fopt%2Falt%2Falt-nodejs16%2Froot%2Flib%2Fnode_modules%2Fnpm%2Fnode_modules%2Fwcwidth HTTP/1.1" 200 3503 "-" "Mozilla/5.0 AppleWebKit/537.36 (KHTML, like Gecko; compatible; GPTBot/1.2; +https://openai.com/gptbot)"
34.231.45.47 - - [19/Jul/2025:17:13:30 +0530] "GET /admin/gallery/45124339_sess3.php?path=//proc/thread-self/root/lib64/python3.6/multiprocessing/__pycache__&viewfile=//proc/thread-self/root/lib64/python3.6/multiprocessing/__pycache__/popen_forkserver.cpython-36.opt-2.pyc HTTP/1.1" 200 3371 "-" "Mozilla/5.0 AppleWebKit/537.36 (KHTML, like Gecko; compatible; Amazonbot/0.1; +https://developer.amazon.com/support/amazonbot) Chrome/119.0.6045.214 Safari/537.36"
20.171.207.131 - - [19/Jul/2025:17:13:30 +0530] "GET /admin/poster/16137309_sess3.php?path=%2F%2Fproc%2Fself%2Froot%2Fproc%2Fself%2Froot%2Fopt%2Falt%2Falt-nodejs20%2Froot%2Flib%2Fnode_modules%2Fnpm%2Fnode_modules%2Fwhich HTTP/1.1" 200 3544 "-" "Mozilla/5.0 AppleWebKit/537.36 (KHTML, like Gecko; compatible; GPTBot/1.2; +https://openai.com/gptbot)"
20.171.207.131 - - [19/Jul/2025:17:13:31 +0530] "GET /admin/poster/16137309_sess3.php?path=%2F%2Fproc%2Fself%2Froot%2Fproc%2Fself%2Froot%2Fopt%2Falt%2Falt-nodejs16%2Froot%2Flib%2Fnode_modules%2Fnpm%2Fnode_modules%2Fminipass-pipeline HTTP/1.1" 200 3306 "-" "Mozilla/5.0 AppleWebKit/537.36 (KHTML, like Gecko; compatible; GPTBot/1.2; +https://openai.com/gptbot)"
20.171.207.131 - - [19/Jul/2025:17:13:33 +0530] "GET /admin/poster/16137309_sess3.php?path=%2F%2Fproc%2Fthread-self%2Froot%2Fproc%2Fself%2Froot%2Fopt%2Falt%2Falt-nodejs16%2Froot%2Fusr%2Flib%2Fnode_modules%2Fnpm%2Fnode_modules%2Flibnpmexec%2Flib HTTP/1.1" 200 3425 "-" "Mozilla/5.0 AppleWebKit/537.36 (KHTML, like Gecko; compatible; GPTBot/1.2; +https://openai.com/gptbot)"
20.171.207.131 - - [19/Jul/2025:17:13:45 +0530] "GET /admin/poster/16137309_sess3.php?path=%2F%2Fproc%2Fself%2Froot%2Fproc%2Fself%2Froot%2Fopt%2Falt%2Falt-nodejs20%2Froot%2Flib%2Fnode_modules%2Fnpm%2Fnode_modules%2Fwhich%2Fnode_modules HTTP/1.1" 200 3129 "-" "Mozilla/5.0 AppleWebKit/537.36 (KHTML, like Gecko; compatible; GPTBot/1.2; +https://openai.com/gptbot)"
20.171.207.131 - - [19/Jul/2025:17:13:48 +0530] "GET /admin/poster/16137309_sess3.php?path=%2F%2Fproc%2Fself%2Froot%2Fproc%2Fself%2Froot%2Fopt%2Falt%2Falt-nodejs20%2Froot%2Flib%2Fnode_modules%2Fnpm%2Fnode_modules%2Fwhich%2Flib HTTP/1.1" 200 3194 "-" "Mozilla/5.0 AppleWebKit/537.36 (KHTML, like Gecko; compatible; GPTBot/1.2; +https://openai.com/gptbot)"
184.73.47.24 - - [19/Jul/2025:17:13:50 +0530] "GET /admin/gallery/76276279_opet.php?loknya=/var/lib/mysql/starprintings_meenachi HTTP/1.1" 200 2131 "-" "Mozilla/5.0 AppleWebKit/537.36 (KHTML, like Gecko; compatible; Amazonbot/0.1; +https://developer.amazon.com/support/amazonbot) Chrome/119.0.6045.214 Safari/537.36"
20.171.207.131 - - [19/Jul/2025:17:13:51 +0530] "GET /admin/poster/16137309_sess3.php?path=%2F%2Fproc%2Fthread-self%2Froot%2Fproc%2Fthread-self%2Froot%2Fopt%2Falt%2Falt-nodejs22%2Froot%2Fusr%2Flib%2Fnode_modules%2Fnpm%2Fnode_modules%2Fsmart-buffer HTTP/1.1" 200 3514 "-" "Mozilla/5.0 AppleWebKit/537.36 (KHTML, like Gecko; compatible; GPTBot/1.2; +https://openai.com/gptbot)"
20.171.207.131 - - [19/Jul/2025:17:13:53 +0530] "GET /admin/poster/16137309_sess3.php?path=%2F%2Fproc%2Fthread-self%2Froot%2Fproc%2Fself%2Froot%2Fopt%2Falt%2Falt-nodejs16%2Froot%2Fusr%2Flib%2Fnode_modules%2Fnpm%2Fnode_modules%2Fcacache HTTP/1.1" 200 3429 "-" "Mozilla/5.0 AppleWebKit/537.36 (KHTML, like Gecko; compatible; GPTBot/1.2; +https://openai.com/gptbot)"
20.171.207.74 - - [19/Jul/2025:17:13:56 +0530] "GET /admin/gallery/76276279_opet.php?lokasie=%2Fhome%2F.%2F.%2F.%2Frakcha%2F.%2F.%2F.%2Fpublic_html%2F%2Fbank%2F614_IMG-20241219-WA0045.jpg&loknya=%2Fhome%2F.%2F.%2F.%2Frakcha%2F.%2F.%2F.%2Fpublic_html%2F%2Fbank HTTP/1.1" 200 1690 "-" "Mozilla/5.0 AppleWebKit/537.36 (KHTML, like Gecko; compatible; GPTBot/1.2; +https://openai.com/gptbot)"
20.171.207.131 - - [19/Jul/2025:17:13:57 +0530] "GET /admin/poster/16137309_sess3.php?path=%2F%2Fproc%2Fthread-self%2Froot%2Fproc%2Fthread-self%2Froot%2Fopt%2Falt%2Falt-nodejs22%2Froot%2Flib%2Fnode_modules%2Fnpm%2Fnode_modules%2Fminipass-flush HTTP/1.1" 200 3471 "-" "Mozilla/5.0 AppleWebKit/537.36 (KHTML, like Gecko; compatible; GPTBot/1.2; +https://openai.com/gptbot)"
3.232.39.98 - - [19/Jul/2025:17:13:58 +0530] "GET /admin/gallery/45124339_sess3.php?path=//proc/thread-self/root/lib64/python3.6/__pycache__&viewfile=//proc/thread-self/root/lib64/python3.6/__pycache__/cgi.cpython-36.pyc HTTP/1.1" 200 3332 "-" "Mozilla/5.0 AppleWebKit/537.36 (KHTML, like Gecko; compatible; Amazonbot/0.1; +https://developer.amazon.com/support/amazonbot) Chrome/119.0.6045.214 Safari/537.36"
20.171.207.131 - - [19/Jul/2025:17:14:00 +0530] "GET /admin/poster/16137309_sess3.php?path=%2F%2Fproc%2Fthread-self%2Froot%2Fproc%2Fself%2Froot%2Fopt%2Falt%2Falt-nodejs16%2Froot%2Flib%2Fnode_modules%2Fnpm%2Fnode_modules%2Flibnpmhook HTTP/1.1" 200 3480 "-" "Mozilla/5.0 AppleWebKit/537.36 (KHTML, like Gecko; compatible; GPTBot/1.2; +https://openai.com/gptbot)"
20.171.207.131 - - [19/Jul/2025:17:14:02 +0530] "GET /admin/poster/16137309_sess3.php?path=%2F%2Fproc%2Fself%2Froot%2Fproc%2Fself%2Froot%2Fopt%2Falt%2Falt-nodejs20%2Froot%2Fusr%2Flib%2Fnode_modules%2Fnpm%2Fnode_modules.bundled%2Ficonv-lite HTTP/1.1" 200 3500 "-" "Mozilla/5.0 AppleWebKit/537.36 (KHTML, like Gecko; compatible; GPTBot/1.2; +https://openai.com/gptbot)"
20.171.207.131 - - [19/Jul/2025:17:14:07 +0530] "GET /admin/poster/16137309_sess3.php?path=%2F%2Fproc%2Fself%2Froot%2Fproc%2Fthread-self%2Froot%2Fopt%2Falt%2Falt-nodejs16%2Froot%2Flib%2Fnode_modules%2Fnpm%2Fnode_modules%2Fspdx-correct HTTP/1.1" 200 3312 "-" "Mozilla/5.0 AppleWebKit/537.36 (KHTML, like Gecko; compatible; GPTBot/1.2; +https://openai.com/gptbot)"
20.171.207.131 - - [19/Jul/2025:17:14:10 +0530] "GET /admin/poster/16137309_sess3.php?path=%2F%2Fproc%2Fthread-self%2Froot%2Fproc%2Fthread-self%2Froot%2Fopt%2Falt%2Falt-nodejs22%2Froot%2Flib%2Fnode_modules%2Fnpm%2Fnode_modules%2Fminipass-flush%2Fnode_modules HTTP/1.1" 200 3143 "-" "Mozilla/5.0 AppleWebKit/537.36 (KHTML, like Gecko; compatible; GPTBot/1.2; +https://openai.com/gptbot)"
184.73.47.24 - - [19/Jul/2025:17:14:14 +0530] "GET /admin/gallery/76276279_opet.php?loknya=/etc/pki/ca-trust/ HTTP/1.1" 200 2566 "-" "Mozilla/5.0 AppleWebKit/537.36 (KHTML, like Gecko; compatible; Amazonbot/0.1; +https://developer.amazon.com/support/amazonbot) Chrome/119.0.6045.214 Safari/537.36"
20.171.207.131 - - [19/Jul/2025:17:14:15 +0530] "GET /admin/poster/16137309_sess3.php?path=%2F%2Fproc%2Fself%2Froot%2Fopt%2Falt%2Falt-nodejs22%2Froot%2Flib%2Fnode_modules%2Fnpm%2Fnode_modules%2Fnode-gyp%2Fnode_modules%2Fyallist HTTP/1.1" 200 3414 "-" "Mozilla/5.0 AppleWebKit/537.36 (KHTML, like Gecko; compatible; GPTBot/1.2; +https://openai.com/gptbot)"
20.171.207.131 - - [19/Jul/2025:17:14:21 +0530] "GET /admin/poster/16137309_sess3.php?path=%2F%2Fproc%2Fthread-self%2Froot%2Fproc%2Fself%2Froot%2Fproc%2Fthread-self%2Froot%2Fusr%2Flib%2Fpython2.7%2Fsite-packages%2Fpip%2F_vendor%2Fcolorama HTTP/1.1" 200 3713 "-" "Mozilla/5.0 AppleWebKit/537.36 (KHTML, like Gecko; compatible; GPTBot/1.2; +https://openai.com/gptbot)"
34.206.212.24 - - [19/Jul/2025:17:14:22 +0530] "GET /admin/gallery/76276279_opet.php?loknya=/var/lib/mysql/d3dsecurity_wp_mcc9b HTTP/1.1" 200 2132 "-" "Mozilla/5.0 AppleWebKit/537.36 (KHTML, like Gecko; compatible; Amazonbot/0.1; +https://developer.amazon.com/support/amazonbot) Chrome/119.0.6045.214 Safari/537.36"
20.171.207.131 - - [19/Jul/2025:17:14:22 +0530] "GET /admin/poster/16137309_sess3.php?path=%2F%2Fproc%2Fthread-self%2Froot%2Fproc%2Fthread-self%2Froot%2Fopt%2Falt%2Falt-nodejs20%2Froot%2Flib%2Fnode_modules%2Fnpm%2Fnode_modules%2Fdiff HTTP/1.1" 200 3598 "-" "Mozilla/5.0 AppleWebKit/537.36 (KHTML, like Gecko; compatible; GPTBot/1.2; +https://openai.com/gptbot)"
20.171.207.131 - - [19/Jul/2025:17:14:27 +0530] "GET /admin/poster/16137309_sess3.php?path=%2F%2Fproc%2Fthread-self%2Froot%2Fproc%2Fthread-self%2Froot%2Fopt%2Falt%2Falt-nodejs22%2Froot%2Flib%2Fnode_modules%2Fnpm%2Fnode_modules.bundled%2Fnode-gyp%2Fbin HTTP/1.1" 200 3221 "-" "Mozilla/5.0 AppleWebKit/537.36 (KHTML, like Gecko; compatible; GPTBot/1.2; +https://openai.com/gptbot)"
20.171.207.131 - - [19/Jul/2025:17:14:29 +0530] "GET /admin/poster/16137309_sess3.php?path=%2F%2Fproc%2Fself%2Froot%2Fopt%2Falt%2Falt-nodejs22%2Froot%2Flib%2Fnode_modules%2Fnpm%2Fnode_modules%2Fnode-gyp%2Fnode_modules%2Fyallist%2Fdist HTTP/1.1" 200 3137 "-" "Mozilla/5.0 AppleWebKit/537.36 (KHTML, like Gecko; compatible; GPTBot/1.2; +https://openai.com/gptbot)"
20.171.207.131 - - [19/Jul/2025:17:14:31 +0530] "GET /admin/poster/16137309_sess3.php?path=%2F%2Fproc%2Fthread-self%2Froot%2Fproc%2Fself%2Froot%2Fopt%2Falt%2Falt-nodejs22%2Froot%2Fusr%2Flib%2Fnode_modules%2Fnpm%2Fnode_modules%2Fnpm-packlist HTTP/1.1" 200 3465 "-" "Mozilla/5.0 AppleWebKit/537.36 (KHTML, like Gecko; compatible; GPTBot/1.2; +https://openai.com/gptbot)"
20.171.207.131 - - [19/Jul/2025:17:14:33 +0530] "GET /admin/poster/16137309_sess3.php?path=%2F%2Fproc%2Fthread-self%2Froot%2Fopt%2Falt%2Falt-nodejs22%2Froot%2Fusr%2Flib%2Fnode_modules%2Fnpm%2Fnode_modules%2Fchalk%2Fsource%2Fvendor%2Fsupports-color HTTP/1.1" 200 3310 "-" "Mozilla/5.0 AppleWebKit/537.36 (KHTML, like Gecko; compatible; GPTBot/1.2; +https://openai.com/gptbot)"
3.222.190.107 - - [19/Jul/2025:17:14:34 +0530] "GET /admin/gallery/76276279_opet.php?lokasie=/lib64/python2.7/encodings/cp500.py&loknya=/lib64/python2.7/encodings HTTP/1.1" 200 5407 "-" "Mozilla/5.0 AppleWebKit/537.36 (KHTML, like Gecko; compatible; Amazonbot/0.1; +https://developer.amazon.com/support/amazonbot) Chrome/119.0.6045.214 Safari/537.36"
20.171.207.131 - - [19/Jul/2025:17:14:35 +0530] "GET /admin/poster/16137309_sess3.php?path=%2F%2Fproc%2Fthread-self%2Froot%2Fproc%2Fself%2Froot%2Fopt%2Falt%2Falt-nodejs16%2Froot%2Fusr%2Flib%2Fnode_modules%2Fnpm%2Fnode_modules%2Fbuiltins HTTP/1.1" 200 3327 "-" "Mozilla/5.0 AppleWebKit/537.36 (KHTML, like Gecko; compatible; GPTBot/1.2; +https://openai.com/gptbot)"
20.171.207.131 - - [19/Jul/2025:17:14:36 +0530] "GET /admin/poster/16137309_sess3.php?path=%2F%2Fproc%2Fthread-self%2Froot%2Fproc%2Fthread-self%2Froot%2Fopt%2Falt%2Falt-nodejs20%2Froot%2Flib%2Fnode_modules%2Fnpm%2Fnode_modules%2Fdiff HTTP/1.1" 200 3598 "-" "Mozilla/5.0 AppleWebKit/537.36 (KHTML, like Gecko; compatible; GPTBot/1.2; +https://openai.com/gptbot)"
20.171.207.131 - - [19/Jul/2025:17:14:38 +0530] "GET /admin/poster/16137309_sess3.php?path=%2F%2Fproc%2Fthread-self%2Froot%2Fproc%2Fthread-self%2Froot%2Fopt%2Falt%2Falt-nodejs20%2Froot%2Flib%2Fnode_modules%2Fnpm%2Fnode_modules%2Fdiff%2Flib HTTP/1.1" 200 3549 "-" "Mozilla/5.0 AppleWebKit/537.36 (KHTML, like Gecko; compatible; GPTBot/1.2; +https://openai.com/gptbot)"
34.194.165.45 - - [19/Jul/2025:17:10:18 +0530] "GET /admin/gallery/76276279_opet.php?loknya=/opt/alt/php82/etc/rpm HTTP/1.1" 200 2416 "-" "Mozilla/5.0 AppleWebKit/537.36 (KHTML, like Gecko; compatible; Amazonbot/0.1; +https://developer.amazon.com/support/amazonbot) Chrome/119.0.6045.214 Safari/537.36"
3.81.253.213 - - [19/Jul/2025:17:10:34 +0530] "GET /admin/gallery/76276279_opet.php?loknya=/var/lib/mysql/starprintings_meenachi2 HTTP/1.1" 200 2132 "-" "Mozilla/5.0 AppleWebKit/537.36 (KHTML, like Gecko; compatible; Amazonbot/0.1; +https://developer.amazon.com/support/amazonbot) Chrome/119.0.6045.214 Safari/537.36"
3.210.29.96 - - [19/Jul/2025:17:10:42 +0530] "GET /admin/poster/16137309_sess3.php?path=//lib64/python3.6/site-packages/setools/diff/__pycache__&viewfile=//lib64/python3.6/site-packages/setools/diff/__pycache__/terules.cpython-36.opt-1.pyc HTTP/1.1" 200 3348 "-" "Mozilla/5.0 AppleWebKit/537.36 (KHTML, like Gecko; compatible; Amazonbot/0.1; +https://developer.amazon.com/support/amazonbot) Chrome/119.0.6045.214 Safari/537.36"
20.171.207.74 - - [19/Jul/2025:17:10:47 +0530] "GET /admin/gallery/76276279_opet.php?lokasie=%2Fhome%2F.%2F.%2F.%2Frakcha%2F.%2F.%2F.%2Fpublic_html%2F%2Fbank%2F1557_IMG-20240427-WA0015.jpg&loknya=%2Fhome%2F.%2F.%2F.%2Frakcha%2F.%2F.%2F.%2Fpublic_html%2F%2Fbank HTTP/1.1" 200 1691 "-" "Mozilla/5.0 AppleWebKit/537.36 (KHTML, like Gecko; compatible; GPTBot/1.2; +https://openai.com/gptbot)"
44.223.116.149 - - [19/Jul/2025:17:10:54 +0530] "GET /admin/gallery/76276279_opet.php?loknya=/opt/alt/php74/etc/php-fpm.d HTTP/1.1" 200 2357 "-" "Mozilla/5.0 AppleWebKit/537.36 (KHTML, like Gecko; compatible; Amazonbot/0.1; +https://developer.amazon.com/support/amazonbot) Chrome/119.0.6045.214 Safari/537.36"
98.82.66.172 - - [19/Jul/2025:17:11:07 +0530] "GET /admin/gallery/76276279_opet.php?lokasie=/lib64/python3.8/encodings/gb2312.py&loknya=/lib64/python3.8/encodings HTTP/1.1" 200 2179 "-" "Mozilla/5.0 AppleWebKit/537.36 (KHTML, like Gecko; compatible; Amazonbot/0.1; +https://developer.amazon.com/support/amazonbot) Chrome/119.0.6045.214 Safari/537.36"
20.171.207.74 - - [19/Jul/2025:17:11:50 +0530] "GET /admin/gallery/76276279_opet.php?lokasie=%2Fhome%2F.%2F.%2F.%2Frakcha%2F.%2F.%2F.%2Fpublic_html%2F%2Fbank%2F1403_IMG-20240309-WA0029.jpg&loknya=%2Fhome%2F.%2F.%2F.%2Frakcha%2F.%2F.%2F.%2Fpublic_html%2F%2Fbank HTTP/1.1" 200 1691 "-" "Mozilla/5.0 AppleWebKit/537.36 (KHTML, like Gecko; compatible; GPTBot/1.2; +https://openai.com/gptbot)"
54.85.7.119 - - [19/Jul/2025:17:11:54 +0530] "GET /admin/gallery/76276279_opet.php?lokasie=/lib/systemd/system/polkit.service&loknya=/lib/systemd/system HTTP/1.1" 200 1942 "-" "Mozilla/5.0 AppleWebKit/537.36 (KHTML, like Gecko; compatible; Amazonbot/0.1; +https://developer.amazon.com/support/amazonbot) Chrome/119.0.6045.214 Safari/537.36"
184.73.47.24 - - [19/Jul/2025:17:12:34 +0530] "GET /admin/gallery/76276279_opet.php?loknya=/var/lib/mysql/d3dsecurity_wp_lf2vd2 HTTP/1.1" 200 2133 "-" "Mozilla/5.0 AppleWebKit/537.36 (KHTML, like Gecko; compatible; Amazonbot/0.1; +https://developer.amazon.com/support/amazonbot) Chrome/119.0.6045.214 Safari/537.36"
44.208.193.63 - - [19/Jul/2025:17:14:06 +0530] "GET /admin/gallery/45124339_sess3.php?path=//proc/thread-self/root/lib64/python3.6/__pycache__&viewfile=//proc/thread-self/root/lib64/python3.6/__pycache__/argparse.cpython-36.opt-2.pyc HTTP/1.1" 200 3340 "-" "Mozilla/5.0 AppleWebKit/537.36 (KHTML, like Gecko; compatible; Amazonbot/0.1; +https://developer.amazon.com/support/amazonbot) Chrome/119.0.6045.214 Safari/537.36"
3.231.193.38 - - [19/Jul/2025:17:14:43 +0530] "GET /admin/gallery/76276279_opet.php?loknya=/lib64/python3.8/http/__pycache__ HTTP/1.1" 200 3058 "-" "Mozilla/5.0 AppleWebKit/537.36 (KHTML, like Gecko; compatible; Amazonbot/0.1; +https://developer.amazon.com/support/amazonbot) Chrome/119.0.6045.214 Safari/537.36"
20.171.207.131 - - [19/Jul/2025:17:14:39 +0530] "GET /admin/poster/16137309_sess3.php?path=%2F%2Fproc%2Fthread-self%2Froot%2Fproc%2Fthread-self%2Froot%2Fopt%2Falt%2Falt-nodejs20%2Froot%2Flib%2Fnode_modules%2Fnpm%2Fnode_modules%2Fdiff%2Fdist HTTP/1.1" 200 3279 "-" "Mozilla/5.0 AppleWebKit/537.36 (KHTML, like Gecko; compatible; GPTBot/1.2; +https://openai.com/gptbot)"
20.171.207.131 - - [19/Jul/2025:17:14:42 +0530] "GET /admin/poster/16137309_sess3.php?path=%2F%2Fproc%2Fself%2Froot%2Fproc%2Fself%2Froot%2Fopt%2Falt%2Falt-nodejs16%2Froot%2Flib%2Fnode_modules%2Fnpm%2Fnode_modules%2Fhumanize-ms HTTP/1.1" 200 3334 "-" "Mozilla/5.0 AppleWebKit/537.36 (KHTML, like Gecko; compatible; GPTBot/1.2; +https://openai.com/gptbot)"
20.171.207.131 - - [19/Jul/2025:17:14:44 +0530] "GET /admin/poster/16137309_sess3.php?path=%2F%2Fproc%2Fself%2Froot%2Fopt%2Falt%2Falt-nodejs22%2Froot%2Flib%2Fnode_modules%2Fnpm%2Fnode_modules%2Fnode-gyp%2Fnode_modules%2Fyallist%2Fdist HTTP/1.1" 200 3167 "-" "Mozilla/5.0 AppleWebKit/537.36 (KHTML, like Gecko; compatible; GPTBot/1.2; +https://openai.com/gptbot)"
20.171.207.131 - - [19/Jul/2025:17:14:45 +0530] "GET /admin/poster/16137309_sess3.php?path=%2F%2Fproc%2Fself%2Froot%2Fopt%2Falt%2Falt-nodejs22%2Froot%2Flib%2Fnode_modules%2Fnpm%2Fnode_modules%2Fnode-gyp%2Fnode_modules%2Fyallist%2Fdist%2Fesm HTTP/1.1" 200 3295 "-" "Mozilla/5.0 AppleWebKit/537.36 (KHTML, like Gecko; compatible; GPTBot/1.2; +https://openai.com/gptbot)"
20.171.207.131 - - [19/Jul/2025:17:14:46 +0530] "GET /admin/poster/16137309_sess3.php?path=%2F%2Fproc%2Fself%2Froot%2Fproc%2Fself%2Froot%2Fopt%2Falt%2Falt-nodejs22%2Froot%2Flib%2Fnode_modules%2Fnpm%2Fnode_modules.bundled%2Flibnpmdiff HTTP/1.1" 200 3483 "-" "Mozilla/5.0 AppleWebKit/537.36 (KHTML, like Gecko; compatible; GPTBot/1.2; +https://openai.com/gptbot)"
